{"id":16,"date":"2017-05-11T12:57:04","date_gmt":"2017-05-11T12:57:04","guid":{"rendered":"http:\/\/www.ull.es\/departamentos\/ingenieria-informatica-sistemas\/?page_id=16"},"modified":"2019-11-26T12:22:20","modified_gmt":"2019-11-26T12:22:20","slug":"personal","status":"publish","type":"page","link":"https:\/\/www.ull.es\/departamentos\/analisis-matematico\/personal\/","title":{"rendered":"Personal"},"content":{"rendered":"<p>[vc_row css=\u00bb.vc_custom_1497445297003{margin-bottom: 20px !important;}\u00bb][vc_column][vc_column_text]<\/p>\n<h1>Personal<\/h1>\n<p>[\/vc_column_text][\/vc_column][\/vc_row][vc_row][vc_column][vc_column_text]\n<link rel=\"stylesheet\" href=\"https:\/\/cdn.datatables.net\/1.10.15\/css\/dataTables.bootstrap.min.css\">\n<script src=\"https:\/\/cdn.datatables.net\/1.10.15\/js\/jquery.dataTables.min.js\"><\/script>\n<script src=\"https:\/\/cdn.datatables.net\/1.10.15\/js\/dataTables.bootstrap.min.js\"><\/script>\n<script src=\"https:\/\/cdn.datatables.net\/plug-ins\/1.10.21\/sorting\/chinese-string.js\"><\/script>\n\n<style>\n\n    #personal {\n        font-size: 13px;\n    }\n\n    .row.tabla{\n        margin-bottom: 20px !important;\n        margin-top: 20px !important;\n        font-size: 14px;\n    }\n\n    div.toolbar{\n        \/*text-align: center;*\/\n    }\n\n    .input-sm {\n        font-size: 16px;\n        \/* max-width: 200px;*\/\n    }\n\n    div.toolbar select{\n        margin: 0 10px;\n    }\n\n    table.dataTable thead .sorting:after {\n        opacity: 0.2;\n        content: \"\\f0ec\";\n        -webkit-transform: rotate(90deg);\n        -moz-transform: rotate(90deg);\n        -o-transform: rotate(90deg);\n        -ms-transform: rotate(90deg);\n        transform: rotate(90deg);\n    }\n\n    table.dataTable thead .sorting_asc:after {\n        content: \"\\f160\";\n    }\n    table.dataTable thead .sorting_desc:after {\n        content: \"\\f161 \";\n    }\n    table.dataTable thead .sorting:after, table.dataTable thead .sorting_asc:after, table.dataTable thead .sorting_desc:after, table.dataTable thead .sorting_asc_disabled:after, table.dataTable thead .sorting_desc_disabled:after {\n        font-family: 'FontAwesome';\n    }\n\n    .btn-directorio {\n        font-size: 13px;\n        text-align: center;\n        display: block;\n    }\n\n<\/style>\n\n<div class=\"table-responsive\">\n    <table id=\"personal\" class=\"table table-bordered table-condensed table-hover\" cellspacing=\"0\" width=\"100%\"  data-page-length=\"25\">\n        <thead>\n        <tr>\n            <th>Apellidos<\/th>\n            <th>Nombre<\/th>\n            <th>Email<\/th>\n            <th>\u00c1rea<\/th>\n            <th>Categor\u00eda<\/th>\n            <th>Rol<\/th>\n            <th>Info.<\/th>\n        <\/tr>\n        <\/thead>\n\n        <tbody>\n        <tr><td>Barrios Garc\u00eda<\/td><td>Jos\u00e9 Raymundo<\/td><td><a href=mailto:jbarrios@ull.es>jbarrios@ull.es<\/a><\/td><td>An\u00e1lisis Matem\u00e1tico<\/td><td>Profesor Titular Universidad<\/td><td>PDI<\/td><td><a class='btn-directorio' href='https:\/\/www.ull.es\/directorio\/search\/?busqueda=Jos\u00e9 Raymundo Barrios Garc\u00eda' target='_blank'><i class='fa fa-search-plus'><\/i><\/a><\/td><\/tr><tr><td>Berm\u00fadez de Le\u00f3n<\/td><td>Teresa de Jes\u00fas<\/td><td><a href=mailto:tbermude@ull.es>tbermude@ull.es<\/a><\/td><td>An\u00e1lisis Matem\u00e1tico<\/td><td>Profesor Titular Universidad<\/td><td>PDI<\/td><td><a class='btn-directorio' href='https:\/\/www.ull.es\/directorio\/search\/?busqueda=Teresa de Jes\u00fas Berm\u00fadez de Le\u00f3n' target='_blank'><i class='fa fa-search-plus'><\/i><\/a><\/td><\/tr><tr><td>Betancor Ortiz<\/td><td>Juan Diego<\/td><td><a href=mailto:jdiego@ull.es>jdiego@ull.es<\/a><\/td><td>An\u00e1lisis Matem\u00e1tico<\/td><td>Profesor Contratado Doctor (1)<\/td><td>PDI<\/td><td><a class='btn-directorio' href='https:\/\/www.ull.es\/directorio\/search\/?busqueda=Juan Diego Betancor Ortiz' target='_blank'><i class='fa fa-search-plus'><\/i><\/a><\/td><\/tr><tr><td>Betancor P\u00e9rez<\/td><td>Jorge Juan<\/td><td><a href=mailto:jbetanco@ull.es>jbetanco@ull.es<\/a><\/td><td>An\u00e1lisis Matem\u00e1tico<\/td><td>Catedratico de Universidad<\/td><td>PDI<\/td><td><a class='btn-directorio' href='https:\/\/www.ull.es\/directorio\/search\/?busqueda=Jorge Juan Betancor P\u00e9rez' target='_blank'><i class='fa fa-search-plus'><\/i><\/a><\/td><\/tr><tr><td>Bonilla Ram\u00edrez<\/td><td>Antonio Lorenzo<\/td><td><a href=mailto:abonilla@ull.es>abonilla@ull.es<\/a><\/td><td>An\u00e1lisis Matem\u00e1tico<\/td><td>Profesor Titular Universidad<\/td><td>PDI<\/td><td><a class='btn-directorio' href='https:\/\/www.ull.es\/directorio\/search\/?busqueda=Antonio Lorenzo Bonilla Ram\u00edrez' target='_blank'><i class='fa fa-search-plus'><\/i><\/a><\/td><\/tr><tr><td>Cruz Zamorano<\/td><td>Francisco Jos\u00e9<\/td><td><a href=mailto:fcruzzam@ull.es>fcruzzam@ull.es<\/a><\/td><td>An\u00e1lisis Matem\u00e1tico<\/td><td>Profesor Ayudante Doctor<\/td><td>PDI<\/td><td><a class='btn-directorio' href='https:\/\/www.ull.es\/directorio\/search\/?busqueda=Francisco Jos\u00e9 Cruz Zamorano' target='_blank'><i class='fa fa-search-plus'><\/i><\/a><\/td><\/tr><tr><td>de Le\u00f3n Contreras<\/td><td>Marta<\/td><td><a href=mailto:mleoncon@ull.es>mleoncon@ull.es<\/a><\/td><td>An\u00e1lisis Matem\u00e1tico<\/td><td>Profesor Permanente Laboral<\/td><td>PDI<\/td><td><a class='btn-directorio' href='https:\/\/www.ull.es\/directorio\/search\/?busqueda=Marta de Le\u00f3n Contreras' target='_blank'><i class='fa fa-search-plus'><\/i><\/a><\/td><\/tr><tr><td>Fari\u00f1a Gil<\/td><td>Juan Carlos<\/td><td><a href=mailto:jcfarina@ull.es>jcfarina@ull.es<\/a><\/td><td>An\u00e1lisis Matem\u00e1tico<\/td><td>Profesor Titular Universidad<\/td><td>PDI<\/td><td><a class='btn-directorio' href='https:\/\/www.ull.es\/directorio\/search\/?busqueda=Juan Carlos Fari\u00f1a Gil' target='_blank'><i class='fa fa-search-plus'><\/i><\/a><\/td><\/tr><tr><td>Flores Mederos<\/td><td>Manuel Tom\u00e1s<\/td><td><a href=mailto:mflores@ull.es>mflores@ull.es<\/a><\/td><td>An\u00e1lisis Matem\u00e1tico<\/td><td>Profesor Contratado Doctor (1)<\/td><td>PDI<\/td><td><a class='btn-directorio' href='https:\/\/www.ull.es\/directorio\/search\/?busqueda=Manuel Tom\u00e1s Flores Mederos' target='_blank'><i class='fa fa-search-plus'><\/i><\/a><\/td><\/tr><tr><td>Marrero Rodr\u00edguez<\/td><td>Mar\u00eda Isabel<\/td><td><a href=mailto:imarrero@ull.es>imarrero@ull.es<\/a><\/td><td>An\u00e1lisis Matem\u00e1tico<\/td><td>Catedratico de Universidad<\/td><td>PDI<\/td><td><a class='btn-directorio' href='https:\/\/www.ull.es\/directorio\/search\/?busqueda=Mar\u00eda Isabel Marrero Rodr\u00edguez' target='_blank'><i class='fa fa-search-plus'><\/i><\/a><\/td><\/tr><tr><td>Mart\u00edn Ferraz<\/td><td>Aitana<\/td><td><a href=mailto:amartife@ull.es>amartife@ull.es<\/a><\/td><td>An\u00e1lisis Matem\u00e1tico<\/td><td>Profesor Sustituto<\/td><td>PDI<\/td><td><a class='btn-directorio' href='https:\/\/www.ull.es\/directorio\/search\/?busqueda=Aitana Mart\u00edn Ferraz' target='_blank'><i class='fa fa-search-plus'><\/i><\/a><\/td><\/tr><tr><td>Mart\u00edn G\u00f3mez<\/td><td>Mar\u00eda Jos\u00e9<\/td><td><a href=mailto:mmartigo@ull.es>mmartigo@ull.es<\/a><\/td><td>An\u00e1lisis Matem\u00e1tico<\/td><td>Profesor Titular Universidad<\/td><td>PDI<\/td><td><a class='btn-directorio' href='https:\/\/www.ull.es\/directorio\/search\/?busqueda=Mar\u00eda Jos\u00e9 Mart\u00edn G\u00f3mez' target='_blank'><i class='fa fa-search-plus'><\/i><\/a><\/td><\/tr><tr><td>Negr\u00edn Rodr\u00edguez<\/td><td>Emilio Ram\u00f3n<\/td><td><a href=mailto:enegrin@ull.es>enegrin@ull.es<\/a><\/td><td>An\u00e1lisis Matem\u00e1tico<\/td><td>Profesor Titular Universidad<\/td><td>PDI<\/td><td><a class='btn-directorio' href='https:\/\/www.ull.es\/directorio\/search\/?busqueda=Emilio Ram\u00f3n Negr\u00edn Rodr\u00edguez' target='_blank'><i class='fa fa-search-plus'><\/i><\/a><\/td><\/tr><tr><td>Oval Trujillo<\/td><td>Zulema<\/td><td><a href=mailto:zovaltru@ull.es>zovaltru@ull.es<\/a><\/td><td>An\u00e1lisis Matem\u00e1tico<\/td><td>Profesor Sustituto<\/td><td>PDI<\/td><td><a class='btn-directorio' href='https:\/\/www.ull.es\/directorio\/search\/?busqueda=Zulema Oval Trujillo' target='_blank'><i class='fa fa-search-plus'><\/i><\/a><\/td><\/tr><tr><td>P\u00e9rez Acosta<\/td><td>Francisco<\/td><td><a href=mailto:fcoperez@ull.es>fcoperez@ull.es<\/a><\/td><td>An\u00e1lisis Matem\u00e1tico<\/td><td>Profesor Titular Universidad<\/td><td>PDI<\/td><td><a class='btn-directorio' href='https:\/\/www.ull.es\/directorio\/search\/?busqueda=Francisco P\u00e9rez Acosta' target='_blank'><i class='fa fa-search-plus'><\/i><\/a><\/td><\/tr><tr><td>Rodr\u00edguez Mesa<\/td><td>Lourdes<\/td><td><a href=mailto:lrguez@ull.es>lrguez@ull.es<\/a><\/td><td>An\u00e1lisis Matem\u00e1tico<\/td><td>Profesor Titular Universidad<\/td><td>PDI<\/td><td><a class='btn-directorio' href='https:\/\/www.ull.es\/directorio\/search\/?busqueda=Lourdes Rodr\u00edguez Mesa' target='_blank'><i class='fa fa-search-plus'><\/i><\/a><\/td><\/tr><tr><td>Sanabria Garc\u00eda<\/td><td>Manuel Alejandro<\/td><td><a href=mailto:asgarcia@ull.es>asgarcia@ull.es<\/a><\/td><td>An\u00e1lisis Matem\u00e1tico<\/td><td>Profesor Contratado Doctor (1)<\/td><td>PDI<\/td><td><a class='btn-directorio' href='https:\/\/www.ull.es\/directorio\/search\/?busqueda=Manuel Alejandro Sanabria Garc\u00eda' target='_blank'><i class='fa fa-search-plus'><\/i><\/a><\/td><\/tr><tr><td>Seco Forsnacke<\/td><td>Daniel<\/td><td><a href=mailto:dsecofor@ull.es>dsecofor@ull.es<\/a><\/td><td>An\u00e1lisis Matem\u00e1tico<\/td><td>Investigador<\/td><td>INV<\/td><td><a class='btn-directorio' href='https:\/\/www.ull.es\/directorio\/search\/?busqueda=Daniel Seco Forsnacke' target='_blank'><i class='fa fa-search-plus'><\/i><\/a><\/td><\/tr><tr><td>Trujillo Gonz\u00e1lez<\/td><td>Rodrigo Francisco<\/td><td><a href=mailto:rotrujil@ull.es>rotrujil@ull.es<\/a><\/td><td>An\u00e1lisis Matem\u00e1tico<\/td><td>Profesor Titular Universidad<\/td><td>PDI<\/td><td><a class='btn-directorio' href='https:\/\/www.ull.es\/directorio\/search\/?busqueda=Rodrigo Francisco Trujillo Gonz\u00e1lez' target='_blank'><i class='fa fa-search-plus'><\/i><\/a><\/td><\/tr><tr><td>Almeida Cabrera<\/td><td>Rut<\/td><td><a href=mailto:ralmeida@ull.es>ralmeida@ull.es<\/a><\/td><td>Did\u00e1ctica de la Matem\u00e1tica<\/td><td>Profesor Asociado<\/td><td>PDI<\/td><td><a class='btn-directorio' href='https:\/\/www.ull.es\/directorio\/search\/?busqueda=Rut Almeida Cabrera' target='_blank'><i class='fa fa-search-plus'><\/i><\/a><\/td><\/tr><tr><td>Bruno Casta\u00f1eda<\/td><td>Alicia<\/td><td><a href=mailto:abruno@ull.es>abruno@ull.es<\/a><\/td><td>Did\u00e1ctica de la Matem\u00e1tica<\/td><td>Profesor Titular Universidad<\/td><td>PDI<\/td><td><a class='btn-directorio' href='https:\/\/www.ull.es\/directorio\/search\/?busqueda=Alicia Bruno Casta\u00f1eda' target='_blank'><i class='fa fa-search-plus'><\/i><\/a><\/td><\/tr><tr><td>Camacho Mach\u00edn<\/td><td>Mat\u00edas<\/td><td><a href=mailto:mcamacho@ull.es>mcamacho@ull.es<\/a><\/td><td>Did\u00e1ctica de la Matem\u00e1tica<\/td><td>Catedratico de Universidad<\/td><td>PDI<\/td><td><a class='btn-directorio' href='https:\/\/www.ull.es\/directorio\/search\/?busqueda=Mat\u00edas Camacho Mach\u00edn' target='_blank'><i class='fa fa-search-plus'><\/i><\/a><\/td><\/tr><tr><td>De Armas Gonzalez<\/td><td>Patricia<\/td><td><a href=mailto:parmasgo@ull.es>parmasgo@ull.es<\/a><\/td><td>Did\u00e1ctica de la Matem\u00e1tica<\/td><td>Profesor Ayudante Doctor<\/td><td>PDI<\/td><td><a class='btn-directorio' href='https:\/\/www.ull.es\/directorio\/search\/?busqueda=Patricia De Armas Gonzalez' target='_blank'><i class='fa fa-search-plus'><\/i><\/a><\/td><\/tr><tr><td>Embid Solano<\/td><td>Sara<\/td><td><a href=mailto:sembidso@ull.es>sembidso@ull.es<\/a><\/td><td>Did\u00e1ctica de la Matem\u00e1tica<\/td><td>Pers. Inv. en form. FPI\/FPU PREDOCTORAL<\/td><td>INV<\/td><td><a class='btn-directorio' href='https:\/\/www.ull.es\/directorio\/search\/?busqueda=Sara Embid Solano' target='_blank'><i class='fa fa-search-plus'><\/i><\/a><\/td><\/tr><tr><td>Garc\u00eda Alonso<\/td><td>Israel<\/td><td><a href=mailto:igarcial@ull.es>igarcial@ull.es<\/a><\/td><td>Did\u00e1ctica de la Matem\u00e1tica<\/td><td>Profesor Contratado Doctor (1)<\/td><td>PDI<\/td><td><a class='btn-directorio' href='https:\/\/www.ull.es\/directorio\/search\/?busqueda=Israel Garc\u00eda Alonso' target='_blank'><i class='fa fa-search-plus'><\/i><\/a><\/td><\/tr><tr><td>Guerra Ones<\/td><td>Valia<\/td><td><a href=mailto:vguerrao@ull.es>vguerrao@ull.es<\/a><\/td><td>Did\u00e1ctica de la Matem\u00e1tica<\/td><td>Profesor Ayudante Doctor<\/td><td>PDI<\/td><td><a class='btn-directorio' href='https:\/\/www.ull.es\/directorio\/search\/?busqueda=Valia Guerra Ones' target='_blank'><i class='fa fa-search-plus'><\/i><\/a><\/td><\/tr><tr><td>Hern\u00e1ndez Hern\u00e1ndez<\/td><td>Sergio Alexander<\/td><td><a href=mailto:shernanh@ull.es>shernanh@ull.es<\/a><\/td><td>Did\u00e1ctica de la Matem\u00e1tica<\/td><td>Profesor Ayudante Doctor<\/td><td>PDI<\/td><td><a class='btn-directorio' href='https:\/\/www.ull.es\/directorio\/search\/?busqueda=Sergio Alexander Hern\u00e1ndez Hern\u00e1ndez' target='_blank'><i class='fa fa-search-plus'><\/i><\/a><\/td><\/tr><tr><td>Noda G\u00f3mez<\/td><td>Juan Agust\u00edn<\/td><td><a href=mailto:jnodagom@ull.es>jnodagom@ull.es<\/a><\/td><td>Did\u00e1ctica de la Matem\u00e1tica<\/td><td>Profesor Sustituto<\/td><td>PDI<\/td><td><a class='btn-directorio' href='https:\/\/www.ull.es\/directorio\/search\/?busqueda=Juan Agust\u00edn Noda G\u00f3mez' target='_blank'><i class='fa fa-search-plus'><\/i><\/a><\/td><\/tr><tr><td>Perdomo D\u00edaz<\/td><td>Josefa<\/td><td><a href=mailto:jperdomd@ull.es>jperdomd@ull.es<\/a><\/td><td>Did\u00e1ctica de la Matem\u00e1tica<\/td><td>Profesor Titular Universidad<\/td><td>PDI<\/td><td><a class='btn-directorio' href='https:\/\/www.ull.es\/directorio\/search\/?busqueda=Josefa Perdomo D\u00edaz' target='_blank'><i class='fa fa-search-plus'><\/i><\/a><\/td><\/tr><tr><td>Sosa Mart\u00edn<\/td><td>Diana de las Nieves<\/td><td><a href=mailto:dnsosa@ull.es>dnsosa@ull.es<\/a><\/td><td>Did\u00e1ctica de la Matem\u00e1tica<\/td><td>Profesor Contratado Doctor (1)<\/td><td>PDI<\/td><td><a class='btn-directorio' href='https:\/\/www.ull.es\/directorio\/search\/?busqueda=Diana de las Nieves Sosa Mart\u00edn' target='_blank'><i class='fa fa-search-plus'><\/i><\/a><\/td><\/tr><tr><td>Alonso Or\u00e1n<\/td><td>Diego<\/td><td><a href=mailto:dalonsoo@ull.es>dalonsoo@ull.es<\/a><\/td><td>Matem\u00e1tica Aplicada<\/td><td>Investigador<\/td><td>INV<\/td><td><a class='btn-directorio' href='https:\/\/www.ull.es\/directorio\/search\/?busqueda=Diego Alonso Or\u00e1n' target='_blank'><i class='fa fa-search-plus'><\/i><\/a><\/td><\/tr><tr><td>Arteaga Clemente<\/td><td>Cristian<\/td><td><a href=mailto:cclement@ull.es>cclement@ull.es<\/a><\/td><td>Matem\u00e1tica Aplicada<\/td><td>Profesor Ayudante Doctor<\/td><td>PDI<\/td><td><a class='btn-directorio' href='https:\/\/www.ull.es\/directorio\/search\/?busqueda=Cristian Arteaga Clemente' target='_blank'><i class='fa fa-search-plus'><\/i><\/a><\/td><\/tr><tr><td>Barrios Barrera<\/td><td>Bego\u00f1a<\/td><td><a href=mailto:bbarrios@ull.es>bbarrios@ull.es<\/a><\/td><td>Matem\u00e1tica Aplicada<\/td><td>Profesor Titular Universidad<\/td><td>PDI<\/td><td><a class='btn-directorio' href='https:\/\/www.ull.es\/directorio\/search\/?busqueda=Bego\u00f1a Barrios Barrera' target='_blank'><i class='fa fa-search-plus'><\/i><\/a><\/td><\/tr><tr><td>Bethencourt de Le\u00f3n<\/td><td>Aythami<\/td><td><a href=mailto:abethenl@ull.es>abethenl@ull.es<\/a><\/td><td>Matem\u00e1tica Aplicada<\/td><td>Profesor Ayudante Doctor<\/td><td>PDI<\/td><td><a class='btn-directorio' href='https:\/\/www.ull.es\/directorio\/search\/?busqueda=Aythami Bethencourt de Le\u00f3n' target='_blank'><i class='fa fa-search-plus'><\/i><\/a><\/td><\/tr><tr><td>Cruz Barroso<\/td><td>Ruym\u00e1n<\/td><td><a href=mailto:rcruzb@ull.es>rcruzb@ull.es<\/a><\/td><td>Matem\u00e1tica Aplicada<\/td><td>Profesor Titular Universidad<\/td><td>PDI<\/td><td><a class='btn-directorio' href='https:\/\/www.ull.es\/directorio\/search\/?busqueda=Ruym\u00e1n Cruz Barroso' target='_blank'><i class='fa fa-search-plus'><\/i><\/a><\/td><\/tr><tr><td>Daruis Luis<\/td><td>Mar\u00eda Leyla<\/td><td><a href=mailto:ldaruis@ull.es>ldaruis@ull.es<\/a><\/td><td>Matem\u00e1tica Aplicada<\/td><td>Profesor Ayudante Doctor<\/td><td>PDI<\/td><td><a class='btn-directorio' href='https:\/\/www.ull.es\/directorio\/search\/?busqueda=Mar\u00eda Leyla Daruis Luis' target='_blank'><i class='fa fa-search-plus'><\/i><\/a><\/td><\/tr><tr><td>D\u00edaz Mendoza<\/td><td>Carlos Javier<\/td><td><a href=mailto:cjdiaz@ull.es>cjdiaz@ull.es<\/a><\/td><td>Matem\u00e1tica Aplicada<\/td><td>Profesor Titular Universidad<\/td><td>PDI<\/td><td><a class='btn-directorio' href='https:\/\/www.ull.es\/directorio\/search\/?busqueda=Carlos Javier D\u00edaz Mendoza' target='_blank'><i class='fa fa-search-plus'><\/i><\/a><\/td><\/tr><tr><td>Gonz\u00e1lez Pinto<\/td><td>Severiano<\/td><td><a href=mailto:spinto@ull.es>spinto@ull.es<\/a><\/td><td>Matem\u00e1tica Aplicada<\/td><td>Catedratico de Universidad<\/td><td>PDI<\/td><td><a class='btn-directorio' href='https:\/\/www.ull.es\/directorio\/search\/?busqueda=Severiano Gonz\u00e1lez Pinto' target='_blank'><i class='fa fa-search-plus'><\/i><\/a><\/td><\/tr><tr><td>Hern\u00e1ndez Abreu<\/td><td>Domingo<\/td><td><a href=mailto:dhabreu@ull.es>dhabreu@ull.es<\/a><\/td><td>Matem\u00e1tica Aplicada<\/td><td>Profesor Titular Universidad<\/td><td>PDI<\/td><td><a class='btn-directorio' href='https:\/\/www.ull.es\/directorio\/search\/?busqueda=Domingo Hern\u00e1ndez Abreu' target='_blank'><i class='fa fa-search-plus'><\/i><\/a><\/td><\/tr><tr><td>Jim\u00e9nez Paiz<\/td><td>Mateo Miguel<\/td><td><a href=mailto:mjimenez@ull.es>mjimenez@ull.es<\/a><\/td><td>Matem\u00e1tica Aplicada<\/td><td>Profesor Titular Universidad<\/td><td>PDI<\/td><td><a class='btn-directorio' href='https:\/\/www.ull.es\/directorio\/search\/?busqueda=Mateo Miguel Jim\u00e9nez Paiz' target='_blank'><i class='fa fa-search-plus'><\/i><\/a><\/td><\/tr><tr><td>Macia Medina<\/td><td>Victor Joel<\/td><td><a href=mailto:vmaciame@ull.es>vmaciame@ull.es<\/a><\/td><td>Matem\u00e1tica Aplicada<\/td><td>Profesor Ayudante Doctor<\/td><td>PDI<\/td><td><a class='btn-directorio' href='https:\/\/www.ull.es\/directorio\/search\/?busqueda=Victor Joel Macia Medina' target='_blank'><i class='fa fa-search-plus'><\/i><\/a><\/td><\/tr><tr><td>Orive Rodr\u00edguez<\/td><td>Ram\u00f3n \u00c1ngel<\/td><td><a href=mailto:rorive@ull.es>rorive@ull.es<\/a><\/td><td>Matem\u00e1tica Aplicada<\/td><td>Catedratico de Universidad<\/td><td>PDI<\/td><td><a class='btn-directorio' href='https:\/\/www.ull.es\/directorio\/search\/?busqueda=Ram\u00f3n \u00c1ngel Orive Rodr\u00edguez' target='_blank'><i class='fa fa-search-plus'><\/i><\/a><\/td><\/tr><tr><td>P\u00e9rez Rodr\u00edguez<\/td><td>Mar\u00eda Soledad<\/td><td><a href=mailto:sperezr@ull.es>sperezr@ull.es<\/a><\/td><td>Matem\u00e1tica Aplicada<\/td><td>Profesor Titular Universidad<\/td><td>PDI<\/td><td><a class='btn-directorio' href='https:\/\/www.ull.es\/directorio\/search\/?busqueda=Mar\u00eda Soledad P\u00e9rez Rodr\u00edguez' target='_blank'><i class='fa fa-search-plus'><\/i><\/a><\/td><\/tr><tr><td>Sabina de Lis<\/td><td>Jos\u00e9 Claudio<\/td><td><a href=mailto:josabina@ull.es>josabina@ull.es<\/a><\/td><td>Matem\u00e1tica Aplicada<\/td><td>Catedratico de Universidad<\/td><td>PDI<\/td><td><a class='btn-directorio' href='https:\/\/www.ull.es\/directorio\/search\/?busqueda=Jos\u00e9 Claudio Sabina de Lis' target='_blank'><i class='fa fa-search-plus'><\/i><\/a><\/td><\/tr><tr><td>Santos Le\u00f3n<\/td><td>Juan Carlos<\/td><td><a href=mailto:jcsantos@ull.es>jcsantos@ull.es<\/a><\/td><td>Matem\u00e1tica Aplicada<\/td><td>Profesor Titular Universidad<\/td><td>PDI<\/td><td><a class='btn-directorio' href='https:\/\/www.ull.es\/directorio\/search\/?busqueda=Juan Carlos Santos Le\u00f3n' target='_blank'><i class='fa fa-search-plus'><\/i><\/a><\/td><\/tr><tr><td>Lorenzo C\u00e1ceres<\/td><td>Pablo Felipe<\/td><td><a href=mailto:pflorenz@ull.es>pflorenz@ull.es<\/a><\/td><td>Personal De Administraci\u00f3n Y Servicios<\/td><td>Administrativo<\/td><td>PAS<\/td><td><a class='btn-directorio' href='https:\/\/www.ull.es\/directorio\/search\/?busqueda=Pablo Felipe Lorenzo C\u00e1ceres' target='_blank'><i class='fa fa-search-plus'><\/i><\/a><\/td><\/tr>        <\/tbody>\n    <\/table>\n<\/div>\n\n<script>\n\t\njQuery.extend( jQuery.fn.dataTableExt.oSort, {\n    \"chinese-string-asc\" : function (s1, s2) {\n        return s1.localeCompare(s2);\n    },\n \n    \"chinese-string-desc\" : function (s1, s2) {\n        return s2.localeCompare(s1);\n    }\n} );\n\t\n$(document).ready(function() {\n\n        $('#personal').DataTable( {\n            \"dom\": \"\" +\n            \"<'row'<'col-sm-9 toolbar'><'col-sm-3'f>>\" +\n            \"<'row tabla'<'col-sm-12'tr>>\" +\n            \"<'row'<'col-sm-5'i><'col-sm-7'p>>\"\n            ,\n            \"language\": {\n                \"url\": \"\/\/cdn.datatables.net\/plug-ins\/1.10.15\/i18n\/Spanish.json\"\n            },\n\n         columnDefs: [{ type: 'chinese-string', targets: 0 }],\n\n\n\t initComplete: function () {\n\n                this.api().columns([3]).every( function () {\n                    var column = this;\n                    var select = $('<select class=\"form-control input-sm\"><option value=\"\">Mostrar todas las \u00e1reas de conocimiento<\/option><\/select>')\n                        .appendTo( $('div.toolbar') )\n                        .on( 'change', function () {\n                            var val = $.fn.dataTable.util.escapeRegex(\n                                $(this).val()\n                            );\n\n                            column\n                                .search( val ? '^'+val+'$' : '', true, false )\n                                .draw();\n                        } );\n\n                    column.data().unique().sort().each( function ( d, j ) {\n                        select.append( '<option value=\"'+d+'\">'+d+'<\/option>' )\n                    } );\n\n                } );\n                this.api().columns([5]).every( function () {\n                    var column = this;\n                    var select = $('<select class=\"form-control input-sm\"><option value=\"\">Mostrar todos los roles<\/option><\/select>')\n                        .appendTo( $('div.toolbar') )\n                        .on( 'change', function () {\n                            var val = $.fn.dataTable.util.escapeRegex(\n                                $(this).val()\n                            );\n\n                            column\n                                .search( val ? '^'+val+'$' : '', true, false )\n                                .draw();\n                        } );\n\n                    column.data().unique().sort().each( function ( d, j ) {\n                        select.append( '<option value=\"'+d+'\">'+d+'<\/option>' )\n                    } );\n                } );\n            }\n        } );\n\n    } );\n<\/script>\n[\/vc_column_text][\/vc_column][\/vc_row]<\/p>\n","protected":false},"excerpt":{"rendered":"<p>[vc_row css=\u00bb.vc_custom_1497445297003{margin-bottom: 20px !important;}\u00bb][vc_column][vc_column_text] Personal [\/vc_column_text][\/vc_column][\/vc_row][vc_row][vc_column][vc_column_text][\/vc_column_text][\/vc_column][\/vc_row]<\/p>\n","protected":false},"author":1,"featured_media":0,"parent":0,"menu_order":0,"comment_status":"closed","ping_status":"closed","template":"","meta":[],"_links":{"self":[{"href":"https:\/\/www.ull.es\/departamentos\/analisis-matematico\/wp-json\/wp\/v2\/pages\/16"}],"collection":[{"href":"https:\/\/www.ull.es\/departamentos\/analisis-matematico\/wp-json\/wp\/v2\/pages"}],"about":[{"href":"https:\/\/www.ull.es\/departamentos\/analisis-matematico\/wp-json\/wp\/v2\/types\/page"}],"author":[{"embeddable":true,"href":"https:\/\/www.ull.es\/departamentos\/analisis-matematico\/wp-json\/wp\/v2\/users\/1"}],"replies":[{"embeddable":true,"href":"https:\/\/www.ull.es\/departamentos\/analisis-matematico\/wp-json\/wp\/v2\/comments?post=16"}],"version-history":[{"count":12,"href":"https:\/\/www.ull.es\/departamentos\/analisis-matematico\/wp-json\/wp\/v2\/pages\/16\/revisions"}],"predecessor-version":[{"id":287,"href":"https:\/\/www.ull.es\/departamentos\/analisis-matematico\/wp-json\/wp\/v2\/pages\/16\/revisions\/287"}],"wp:attachment":[{"href":"https:\/\/www.ull.es\/departamentos\/analisis-matematico\/wp-json\/wp\/v2\/media?parent=16"}],"curies":[{"name":"wp","href":"https:\/\/api.w.org\/{rel}","templated":true}]}}