{"id":133,"date":"2017-05-10T13:41:12","date_gmt":"2017-05-10T13:41:12","guid":{"rendered":"http:\/\/www.ull.es\/departamentos\/ingenieria-informatica-sistemas\/?page_id=2"},"modified":"2019-11-26T11:41:23","modified_gmt":"2019-11-26T11:41:23","slug":"inicio","status":"publish","type":"page","link":"https:\/\/www.ull.es\/departamentos\/ciencias-de-la-comunicacion-y-trabajo-social\/","title":{"rendered":"Inicio"},"content":{"rendered":"<p>[vc_row full_width=\u00bbstretch_row\u00bb content_placement=\u00bbmiddle\u00bb css=\u00bb.vc_custom_1507637290429{background-image: url(http:\/\/www.ull.es\/departamentos\/ciencias-de-la-comunicacion-y-trabajo-social\/wp-content\/uploads\/sites\/11\/2017\/10\/imagen-departamento-7.jpg?id=180) !important;background-position: center !important;background-repeat: no-repeat !important;background-size: cover !important;}\u00bb][vc_column css=\u00bb.vc_custom_1494852981099{padding-top: 80px !important;padding-bottom: 120px !important;}\u00bb][vc_column_text el_class=\u00bbtitle-departamento\u00bb]\n<h1>Ciencias de la Comunicaci\u00f3n y Trabajo Social<\/h1>\n\n[\/vc_column_text][\/vc_column][\/vc_row][vc_row content_placement=\u00bbmiddle\u00bb css=\u00bb.vc_custom_1493298843177{padding-bottom: 35px !important;}\u00bb][vc_column css=\u00bb.vc_custom_1493296994985{margin-top: -50px !important;background-color: #ffffff !important;}\u00bb][vc_column_text css=\u00bb.vc_custom_1499952304286{padding-right: 35px !important;padding-left: 35px !important;}\u00bb]\n<div class=\"shortcode-descripcion\">\n    <p>El departamento de Ciencias de la Comunicaci\u00f3n y Trabajo Social se encarga de la coordinaci\u00f3n e impartici\u00f3n de asignaturas en las titulaciones de grado y posgrado que acogen sus centros acad\u00e9micos, as\u00ed como de participar en eventos cient\u00edficos de car\u00e1cter nacional e internacional. Adem\u00e1s, este Departamento presta su respaldo a iniciativas de difusi\u00f3n de la investigaci\u00f3n, mediante conferencias, cursos y seminarios organizados bajo su auspicio.<\/p><\/div>\n\n[\/vc_column_text][\/vc_column][\/vc_row][vc_row full_width=\u00bbstretch_row\u00bb css=\u00bb.vc_custom_1500894075041{padding-top: 50px !important;padding-bottom: 50px !important;background-color: #eeeeee !important;}\u00bb el_class=\u00bbvc-bloque-destacado bloque-destacado\u00bb][vc_column][vc_row_inner][vc_column_inner width=\u00bb1\/4&#8243;][vc_column_text]<a class=\"destacado\" style=\"background-color: #663366;\" href=\"https:\/\/www.ull.es\/departamentos\/ciencias-de-la-comunicacion-y-trabajo-social\/informacion-ubicacion-y-contacto\/\" target=\"_blank\" rel=\"noopener\">Informaci\u00f3n, ubicaci\u00f3n y contacto<i class=\"fa fa-arrow-right\"><\/i><\/a>[\/vc_column_text][\/vc_column_inner][vc_column_inner width=\u00bb1\/4&#8243;][vc_column_text]<a class=\"destacado\" style=\"background-color: #006699;\" href=\"https:\/\/riull.ull.es\/xmlui\/handle\/915\/6004\" target=\"_blank\" rel=\"noopener noreferrer\" target=\"_blank\" rel=\"noopener\">Normativa del departamento <i class=\"fa fa-book\"><\/i><\/a>[\/vc_column_text][\/vc_column_inner][vc_column_inner width=\u00bb1\/4&#8243;][vc_column_text]<a class=\"destacado\" style=\"background-color: #999999;\" href=\"https:\/\/www.ull.es\/departamentos\/ciencias-de-la-comunicacion-y-trabajo-social\/personal\/\" target=\"_blank\" rel=\"noopener\">Personal asociado al departamento <i class=\"fa fa-users\"><\/i><\/a>[\/vc_column_text][\/vc_column_inner][vc_column_inner width=\u00bb1\/4&#8243;][vc_column_text]<a class=\"destacado\" style=\"background-color: #44919d;\" href=\"https:\/\/docs.google.com\/spreadsheets\/d\/e\/2PACX-1vRhtjLzLVJJRPhol6IzZ1UDa4sLzAli2gjH8Z3ft6-lqmFdM_bk2GsQW6TPHbj-WeRjlHbkwB1VCtRx\/pubhtml\" target=\"_blank\" rel=\"noopener noreferrer\" target=\"_blank\" rel=\"noopener\">Consultar tutor\u00edas<i class=\"fa fa-calendar\"><\/i><\/a>[\/vc_column_text][\/vc_column_inner][\/vc_row_inner][\/vc_column][\/vc_row][vc_row full_width=\u00bbstretch_row\u00bb css=\u00bb.vc_custom_1493903710709{margin-bottom: 50px !important;background-color: #ffffff !important;}\u00bb][vc_column width=\u00bb1\/3&#8243;][vc_column_text]<style>\n    .news-group .bg-size {\n        background-position: center;\n        background-size: cover;\n        width: 100%;\n        height: 48px;\n    }\n    .news-group .list-group-item-text {\n        font-size: 13px;\n    }\n    .news-group .col-md-3 {\n        padding-right: 0;\n    }\n    .news-group .list-group-item-date {\n        font-size: 11px;\n        color: #A4A4A4;\n        margin-bottom: 2px;\n        text-transform: uppercase;\n    }\n\n    .mensaje.alert-warning{\n        font-size: 12px;\n        margin: 14px !important;\n        padding: 4px 8px;\n        color: #cca60b;\n    }\n<\/style>\n\n<div class=\"panel panel-default\">\n    <div class=\"panel-heading\">\n        <h3 class=\"panel-title\">Noticias<\/h3>\n    <\/div>\n\n    <div class=\"list-group news-group\">\n                    <a href=\"https:\/\/www.ull.es\/portal\/noticias\/2026\/las-areas-de-trabajo-social-y-servicios-sociales-de-las-universidades-publicas-canarias-celebran-su-primer-encuentro-interuniversitario\/\" class=\"list-group-item\">\n                <div class=\"row\">\n                    <div class=\"col-md-3\">\n                        <div class=\"bg-size\" style=\"background-image: url('https:\/\/www.ull.es\/portal\/noticias\/wp-content\/uploads\/sites\/13\/2026\/03\/IMG-20260226-WA0019-300x200.jpg');\"><\/div>\n                    <\/div>\n                    <div class=\"col-md-9\">\n                        <p class=\"list-group-item-date\">\n                            09 Mar 2026 - 10:35 UTC                        <\/p>\n                        <p class=\"list-group-item-text\">Las \u00e1reas de Trabajo Social y Servicios Sociales de las universidades p\u00fablicas canarias celebran su primer encuentro interuniversitario<\/p>\n                    <\/div>\n                <\/div>\n            <\/a>\n                    <a href=\"https:\/\/www.ull.es\/portal\/noticias\/2026\/analizan-desconexion-informativa-ante-cambio-climatico\/\" class=\"list-group-item\">\n                <div class=\"row\">\n                    <div class=\"col-md-3\">\n                        <div class=\"bg-size\" style=\"background-image: url('https:\/\/www.ull.es\/portal\/noticias\/wp-content\/uploads\/sites\/13\/2026\/02\/Investig-Periodismo-21-300x200.jpg');\"><\/div>\n                    <\/div>\n                    <div class=\"col-md-9\">\n                        <p class=\"list-group-item-date\">\n                            19 Feb 2026 - 11:05 UTC                        <\/p>\n                        <p class=\"list-group-item-text\">Un estudio de la ULL analiza la desconexi\u00f3n informativa ante el cambio clim\u00e1tico<\/p>\n                    <\/div>\n                <\/div>\n            <\/a>\n                    <a href=\"https:\/\/www.ull.es\/portal\/noticias\/2026\/trabajo-social-para-igualdad\/\" class=\"list-group-item\">\n                <div class=\"row\">\n                    <div class=\"col-md-3\">\n                        <div class=\"bg-size\" style=\"background-image: url('https:\/\/www.ull.es\/portal\/noticias\/wp-content\/uploads\/sites\/13\/2026\/01\/Entrev-Laura-Aguilera-03-300x200.jpg');\"><\/div>\n                    <\/div>\n                    <div class=\"col-md-9\">\n                        <p class=\"list-group-item-date\">\n                            12 Jan 2026 - 13:44 UTC                        <\/p>\n                        <p class=\"list-group-item-text\">Trabajo Social para la igualdad<\/p>\n                    <\/div>\n                <\/div>\n            <\/a>\n                    <a href=\"https:\/\/www.ull.es\/portal\/noticias\/2025\/charla-tajogaite-congreso-relaciones-publicas\/\" class=\"list-group-item\">\n                <div class=\"row\">\n                    <div class=\"col-md-3\">\n                        <div class=\"bg-size\" style=\"background-image: url('https:\/\/www.ull.es\/portal\/noticias\/wp-content\/uploads\/sites\/13\/2025\/06\/Relaciones-Publicas-caos-07-300x200.jpg');\"><\/div>\n                    <\/div>\n                    <div class=\"col-md-9\">\n                        <p class=\"list-group-item-date\">\n                            25 Jun 2025 - 14:13 UTC                        <\/p>\n                        <p class=\"list-group-item-text\">Una charla sobre la emergencia del Tajogaite abre el congreso de relaciones p\u00fablicas celebrado en la ULL<\/p>\n                    <\/div>\n                <\/div>\n            <\/a>\n                    <a href=\"https:\/\/www.ull.es\/portal\/noticias\/2025\/investigadores-de-la-ull-analizan-estrategias-de-aprendizaje-colaborativo-para-mejorar-el-rendimiento-del-alumnado\/\" class=\"list-group-item\">\n                <div class=\"row\">\n                    <div class=\"col-md-3\">\n                        <div class=\"bg-size\" style=\"background-image: url('https:\/\/www.ull.es\/portal\/noticias\/wp-content\/uploads\/sites\/13\/2025\/02\/cristian-rosales-helena-bonache-maryurena-lorezo-300x200.jpg');\"><\/div>\n                    <\/div>\n                    <div class=\"col-md-9\">\n                        <p class=\"list-group-item-date\">\n                            13 Feb 2025 - 13:47 UTC                        <\/p>\n                        <p class=\"list-group-item-text\">Investigadores de la ULL analizan estrategias de aprendizaje colaborativo para mejorar el rendimiento del alumnado<\/p>\n                    <\/div>\n                <\/div>\n            <\/a>\n            <\/div>\n    <div class=\"panel-footer\">\n        <a href=\"https:\/\/www.ull.es\/portal\/noticias\/?cat=3245\">M\u00c1S NOTICIAS <i class=\"fa fa-chevron-right\"><\/i><\/a>\n    <\/div>\n\n\n<\/div>[\/vc_column_text][\/vc_column][vc_column width=\u00bb1\/3&#8243;][vc_column_text]\n<style>\n    .events-group .bg-size {\n        background-position: center;\n        background-size: cover;\n        width: 100%;\n        height: 48px;\n    }\n    .events-group .list-group-item-text {\n        font-size: 13px;\n    }\n    .events-group .col-md-3 {\n        padding-right: 0;\n    }\n    .events-group .list-group-item-date {\n        font-size: 11px;\n        color: #A4A4A4;\n        margin-bottom: 2px;\n        text-transform: uppercase;\n    }\n\n    .mensaje.alert-warning{\n        font-size: 12px;\n        margin: 14px !important;\n        padding: 4px 8px;\n        color: #cca60b;\n    }\n\n<\/style>\n\n<div class=\"panel panel-default\">\n    <div class=\"panel-heading\">\n        <h3 class=\"panel-title\">Eventos<\/h3>\n    <\/div>\n\n    <div class=\"list-group events-group\">\n\n        <div class=\"mensaje alert alert-warning\">No hay eventos disponibles.<\/div>\n    <\/div>\n\n\n<\/div>\n[\/vc_column_text][\/vc_column][vc_column width=\u00bb1\/3&#8243;][vc_column_text]<style>\n    .news-group .bg-size {\n        background-position: center;\n        background-size: cover;\n        width: 100%;\n        height: 48px;\n    }\n    .news-group .list-group-item-text {\n        font-size: 13px;\n    }\n    .news-group .col-md-3 {\n        padding-right: 0;\n    }\n    .news-group .list-group-item-date {\n        font-size: 11px;\n        color: #A4A4A4;\n        margin-bottom: 2px;\n        text-transform: uppercase;\n    }\n\n    .mensaje.alert-warning{\n        font-size: 12px;\n        margin: 14px !important;\n        padding: 4px 8px;\n        color: #cca60b;\n    }\n\n<\/style>\n\n<div class=\"panel panel-default\">\n    <div class=\"panel-heading\">\n        <h3 class=\"panel-title\">Notificaciones<\/h3>\n    <\/div>\n\n    <div class=\"list-group news-group\">\n                            <a href=\"https:\/\/www.ull.es\/portal\/noticias\/2025\/comunicacion-de-subsanacion-de-documentacion-durante-la-baremacion-de-bolsas-de-sustitucion-del-departamento-de-ciencias-de-la-comunicacion-y-trabajo-social\/\" class=\"list-group-item\">\n                    <div class=\"row\">\n                        <div class=\"col-md-12\">\n                            <p class=\"list-group-item-date\">\n                                16 Sep 2025 - 12:18 UTC                            <\/p>\n                            <p class=\"list-group-item-text\">Comunicaci\u00f3n de subsanaci\u00f3n de documentaci\u00f3n durante la baremaci\u00f3n de bolsas de sustituci\u00f3n del Departamento de Ciencias de la Comunicaci\u00f3n y Trabajo Social<\/p>\n                        <\/div>\n                    <\/div>\n                <\/a>\n                            <a href=\"https:\/\/www.ull.es\/portal\/noticias\/2025\/convocatoria-publica-del-consejo-del-departamento-de-ciencias-de-la-comunicacion-y-trabajo-social-en-el-que-se-sorteara-la-comision-de-seleccion-de-cuatro-plazas-de-pdi-ayudante-doctor-adscritas-al-a\/\" class=\"list-group-item\">\n                    <div class=\"row\">\n                        <div class=\"col-md-12\">\n                            <p class=\"list-group-item-date\">\n                                10 Feb 2025 - 13:25 UTC                            <\/p>\n                            <p class=\"list-group-item-text\">Convocatoria p\u00fablica del Consejo del Departamento de Ciencias de la Comunicaci\u00f3n y Trabajo Social en el que se sortear\u00e1 la comisi\u00f3n de selecci\u00f3n de cuatro plazas de PDI ayudante doctor, adscritas al \u00c1rea de Trabajo Social y Servicios Sociales<\/p>\n                        <\/div>\n                    <\/div>\n                <\/a>\n                            <a href=\"https:\/\/www.ull.es\/portal\/noticias\/2024\/convocatoria-publica-del-consejo-de-departamento-de-ciencias-de-la-comunicacion-y-trabajo-social-en-que-se-realizara-el-sorteo-para-la-conformacion-de-la-comision-de-seleccion-de-las-plazas-de-profeso\/\" class=\"list-group-item\">\n                    <div class=\"row\">\n                        <div class=\"col-md-12\">\n                            <p class=\"list-group-item-date\">\n                                04 Nov 2024 - 08:27 UTC                            <\/p>\n                            <p class=\"list-group-item-text\">Convocatoria p\u00fablica del Consejo de Departamento de Ciencias de la Comunicaci\u00f3n y Trabajo Social en que se realizar\u00e1 el sorteo para la conformaci\u00f3n de la Comisi\u00f3n de Selecci\u00f3n de las plazas de Profesor\/a Titular de Universidad<\/p>\n                        <\/div>\n                    <\/div>\n                <\/a>\n                            <a href=\"https:\/\/www.ull.es\/portal\/noticias\/2024\/convocatoria-publica-del-consejo-de-departamento-de-ciencias-de-la-comunicacion-y-trabajo-social-en-que-se-realizara-el-sorteo-de-la-comision-de-seleccion-especifica-para-la-contratacion-de-personal-p\/\" class=\"list-group-item\">\n                    <div class=\"row\">\n                        <div class=\"col-md-12\">\n                            <p class=\"list-group-item-date\">\n                                15 Oct 2024 - 11:24 UTC                            <\/p>\n                            <p class=\"list-group-item-text\">Convocatoria p\u00fablica del Consejo de Departamento de Ciencias de la Comunicaci\u00f3n y Trabajo Social en que se realizar\u00e1 el sorteo de la Comisi\u00f3n de Selecci\u00f3n Espec\u00edfica para la contrataci\u00f3n de personal predoctoral en formaci\u00f3n 2024<\/p>\n                        <\/div>\n                    <\/div>\n                <\/a>\n                            <a href=\"https:\/\/www.ull.es\/portal\/noticias\/2024\/elecciones-a-director-a-del-departamento-de-ciencias-de-la-comunicacion-y-trabajo-social\/\" class=\"list-group-item\">\n                    <div class=\"row\">\n                        <div class=\"col-md-12\">\n                            <p class=\"list-group-item-date\">\n                                24 Sep 2024 - 12:43 UTC                            <\/p>\n                            <p class=\"list-group-item-text\">Elecciones a Director\/a del Departamento de Ciencias de la Comunicaci\u00f3n y Trabajo Social<\/p>\n                        <\/div>\n                    <\/div>\n                <\/a>\n                <\/div>\n    <div class=\"panel-footer\">\n        <a href=\"https:\/\/www.ull.es\/portal\/noticias\/?cat=3246\">M\u00c1S NOTIFICACIONES <i class=\"fa fa-chevron-right\"><\/i><\/a>\n    <\/div>\n\n\n<\/div>[\/vc_column_text][\/vc_column][\/vc_row]<\/p>\n","protected":false},"excerpt":{"rendered":"<p>[vc_row full_width=\u00bbstretch_row\u00bb content_placement=\u00bbmiddle\u00bb css=\u00bb.vc_custom_1507637290429{background-image: url(http:\/\/www.ull.es\/departamentos\/ciencias-de-la-comunicacion-y-trabajo-social\/wp-content\/uploads\/sites\/11\/2017\/10\/imagen-departamento-7.jpg?id=180) !important;background-position: center !important;background-repeat: no-repeat !important;background-size: cover !important;}\u00bb][vc_column css=\u00bb.vc_custom_1494852981099{padding-top: 80px !important;padding-bottom: 120px !important;}\u00bb][vc_column_text el_class=\u00bbtitle-departamento\u00bb][\/vc_column_text][\/vc_column][\/vc_row][vc_row content_placement=\u00bbmiddle\u00bb css=\u00bb.vc_custom_1493298843177{padding-bottom: 35px !important;}\u00bb][vc_column css=\u00bb.vc_custom_1493296994985{margin-top: -50px !important;background-color: #ffffff !important;}\u00bb][vc_column_text css=\u00bb.vc_custom_1499952304286{padding-right: 35px !important;padding-left: 35px !important;}\u00bb][\/vc_column_text][\/vc_column][\/vc_row][vc_row full_width=\u00bbstretch_row\u00bb css=\u00bb.vc_custom_1500894075041{padding-top: 50px !important;padding-bottom: 50px !important;background-color: #eeeeee !important;}\u00bb el_class=\u00bbvc-bloque-destacado bloque-destacado\u00bb][vc_column][vc_row_inner][vc_column_inner width=\u00bb1\/4&#8243;][vc_column_text]Informaci\u00f3n, ubicaci\u00f3n y contacto[\/vc_column_text][\/vc_column_inner][vc_column_inner width=\u00bb1\/4&#8243;][vc_column_text]Normativa del departamento [\/vc_column_text][\/vc_column_inner][vc_column_inner width=\u00bb1\/4&#8243;][vc_column_text]Personal asociado al departamento [\/vc_column_text][\/vc_column_inner][vc_column_inner&#8230;<\/p>\n","protected":false},"author":1,"featured_media":0,"parent":0,"menu_order":0,"comment_status":"closed","ping_status":"open","template":"templates\/template-frontpage.php","meta":[],"_links":{"self":[{"href":"https:\/\/www.ull.es\/departamentos\/ciencias-de-la-comunicacion-y-trabajo-social\/wp-json\/wp\/v2\/pages\/133"}],"collection":[{"href":"https:\/\/www.ull.es\/departamentos\/ciencias-de-la-comunicacion-y-trabajo-social\/wp-json\/wp\/v2\/pages"}],"about":[{"href":"https:\/\/www.ull.es\/departamentos\/ciencias-de-la-comunicacion-y-trabajo-social\/wp-json\/wp\/v2\/types\/page"}],"author":[{"embeddable":true,"href":"https:\/\/www.ull.es\/departamentos\/ciencias-de-la-comunicacion-y-trabajo-social\/wp-json\/wp\/v2\/users\/1"}],"replies":[{"embeddable":true,"href":"https:\/\/www.ull.es\/departamentos\/ciencias-de-la-comunicacion-y-trabajo-social\/wp-json\/wp\/v2\/comments?post=133"}],"version-history":[{"count":13,"href":"https:\/\/www.ull.es\/departamentos\/ciencias-de-la-comunicacion-y-trabajo-social\/wp-json\/wp\/v2\/pages\/133\/revisions"}],"predecessor-version":[{"id":197,"href":"https:\/\/www.ull.es\/departamentos\/ciencias-de-la-comunicacion-y-trabajo-social\/wp-json\/wp\/v2\/pages\/133\/revisions\/197"}],"wp:attachment":[{"href":"https:\/\/www.ull.es\/departamentos\/ciencias-de-la-comunicacion-y-trabajo-social\/wp-json\/wp\/v2\/media?parent=133"}],"curies":[{"name":"wp","href":"https:\/\/api.w.org\/{rel}","templated":true}]}}