{"id":233,"date":"2023-06-21T12:57:36","date_gmt":"2023-06-21T12:57:36","guid":{"rendered":"https:\/\/www.ull.es\/departamentos\/didacticas-especificas\/?page_id=233"},"modified":"2024-10-04T11:38:16","modified_gmt":"2024-10-04T11:38:16","slug":"area-de-la-didactica-de-las-ciencias-experimentales","status":"publish","type":"page","link":"https:\/\/www.ull.es\/departamentos\/didacticas-especificas\/recursos-educativos\/area-de-la-didactica-de-las-ciencias-experimentales\/","title":{"rendered":"\u00c1REA de la DID\u00c1CTICA DE LAS CIENCIAS EXPERIMENTALES"},"content":{"rendered":"<p>[vc_row full_width=\u00bbstretch_row_content_no_spaces\u00bb css=\u00bb.vc_custom_1688546659272{padding-bottom: 25px !important;background-image: url(http:\/\/www.ull.es\/departamentos\/didacticas-especificas\/wp-content\/uploads\/sites\/18\/2023\/07\/fondo.png?id=287) !important;background-position: center !important;background-repeat: no-repeat !important;background-size: cover !important;}\u00bb][vc_column][vc_column_text css=\u00bb.vc_custom_1687352598724{padding-top: 50px !important;padding-bottom: 50px !important;}\u00bb]<\/p>\n<h1 style=\"text-align: center;\"><span style=\"color: #ffffff;\"><strong>\u00c1REA de la DID\u00c1CTICA DE LAS CIENCIAS EXPERIMENTALES<\/strong><\/span><\/h1>\n<p>[\/vc_column_text][\/vc_column][\/vc_row][vc_row][vc_column][\/vc_column][\/vc_row][vc_row][vc_column][vc_empty_space height=\u00bb40px\u00bb][\/vc_column][vc_column width=\u00bb1\/2&#8243;][vc_column_text]<\/p>\n<h2><span style=\"font-weight: 400;\">\u00c1REA de la <b>DID\u00c1CTICA DE LAS CIENCIAS EXPERIMENTALES<\/b><\/span><\/h2>\n<p><span style=\"font-weight: 400;\">La did\u00e1ctica de las ciencias experimentales es una disciplina que se enfoca en la ense\u00f1anza y el aprendizaje de las ciencias naturales, como la f\u00edsica, la qu\u00edmica, la biolog\u00eda y otras \u00e1reas relacionadas, a trav\u00e9s de la transposici\u00f3n did\u00e1ctica de los contenidos cient\u00edficos de las ciencias experimentales al campo de la educaci\u00f3n y de la divulgaci\u00f3n de la ciencia.\u00a0<\/span><\/p>\n<p><span style=\"font-weight: 400;\">En este espacio podr\u00e1s encontrar informaci\u00f3n sobre la actividad investigadora y de comunicaci\u00f3n de las ciencias que realiza el equipo docente e investigador (PDI) de Did\u00e1ctica de las Ciencias Experimentales de La Universidad de La Laguna (ULL), as\u00ed como recursos y herramientas did\u00e1cticas elaboradas por los grupos de investigaci\u00f3n del \u00e1rea y miembros de la comunidad educativa para todas las etapas educativas<\/span>[\/vc_column_text][\/vc_column][vc_column width=\u00bb1\/2&#8243;][vc_single_image image=\u00bb236&#8243; img_size=\u00bb500&#215;500&#8243; alignment=\u00bbcenter\u00bb][\/vc_column][vc_column][vc_empty_space height=\u00bb40px\u00bb][\/vc_column][\/vc_row][vc_row][vc_column width=\u00bb1\/3&#8243;][vc_single_image image=\u00bb330&#8243; alignment=\u00bbcenter\u00bb onclick=\u00bbcustom_link\u00bb link=\u00bbhttps:\/\/www.ull.es\/departamentos\/didacticas-especificas\/recursos-educativos\/area-de-la-didactica-de-las-ciencias-experimentales\/el-cuerpo-humano\/\u00bb][vc_custom_heading text=\u00bbEl cuerpo humano\u00bb font_container=\u00bbtag:h3|text_align:center|color:%235c068c\u00bb google_fonts=\u00bbfont_family:Montserrat%3Aregular%2C700|font_style:400%20regular%3A400%3Anormal\u00bb link=\u00bburl:https%3A%2F%2Fwww.ull.es%2Fdepartamentos%2Fdidacticas-especificas%2Frecursos-educativos%2Fel-cuerpo-humano%2F\u00bb][\/vc_column][vc_column width=\u00bb1\/3&#8243;][vc_single_image image=\u00bb325&#8243; alignment=\u00bbcenter\u00bb onclick=\u00bbcustom_link\u00bb link=\u00bbhttps:\/\/www.ull.es\/departamentos\/didacticas-especificas\/recursos-educativos\/area-de-la-didactica-de-las-ciencias-experimentales\/el-metodo-cientifico\/\u00bb][vc_custom_heading text=\u00bbEl m\u00e9todo cient\u00edfico\u00bb font_container=\u00bbtag:h3|text_align:center|color:%235c068c\u00bb google_fonts=\u00bbfont_family:Montserrat%3Aregular%2C700|font_style:400%20regular%3A400%3Anormal\u00bb link=\u00bburl:https%3A%2F%2Fwww.ull.es%2Fdepartamentos%2Fdidacticas-especificas%2Frecursos-educativos%2Fel-metodo-cientifico%2F\u00bb][\/vc_column][vc_column width=\u00bb1\/3&#8243;][vc_single_image image=\u00bb235&#8243; alignment=\u00bbcenter\u00bb onclick=\u00bbcustom_link\u00bb link=\u00bbhttps:\/\/www.ull.es\/departamentos\/didacticas-especificas\/recursos-educativos\/area-de-la-didactica-de-las-ciencias-experimentales\/biodiversidad-y-ecosistemas\/\u00bb][vc_custom_heading text=\u00bbBiodiversidad y Ecosistemas\u00bb font_container=\u00bbtag:h3|text_align:center|color:%235c068c\u00bb google_fonts=\u00bbfont_family:Montserrat%3Aregular%2C700|font_style:400%20regular%3A400%3Anormal\u00bb link=\u00bburl:https%3A%2F%2Fwww.ull.es%2Fdepartamentos%2Fdidacticas-especificas%2Frecursos-educativos%2Fbiodiversidad-y-ecosistemas%2F\u00bb][\/vc_column][\/vc_row][vc_row][vc_column][vc_empty_space height=\u00bb150px\u00bb][\/vc_column][\/vc_row]<\/p>\n","protected":false},"excerpt":{"rendered":"<p>[vc_row full_width=\u00bbstretch_row_content_no_spaces\u00bb css=\u00bb.vc_custom_1688546659272{padding-bottom: 25px !important;background-image: url(http:\/\/www.ull.es\/departamentos\/didacticas-especificas\/wp-content\/uploads\/sites\/18\/2023\/07\/fondo.png?id=287) !important;background-position: center !important;background-repeat: no-repeat !important;background-size: cover !important;}\u00bb][vc_column][vc_column_text css=\u00bb.vc_custom_1687352598724{padding-top: 50px !important;padding-bottom: 50px !important;}\u00bb] \u00c1REA de la DID\u00c1CTICA DE LAS CIENCIAS EXPERIMENTALES [\/vc_column_text][\/vc_column][\/vc_row][vc_row][vc_column][\/vc_column][\/vc_row][vc_row][vc_column][vc_empty_space height=\u00bb40px\u00bb][\/vc_column][vc_column width=\u00bb1\/2&#8243;][vc_column_text] \u00c1REA de la DID\u00c1CTICA DE LAS CIENCIAS EXPERIMENTALES La did\u00e1ctica de las ciencias experimentales es una disciplina que se enfoca en la ense\u00f1anza y el aprendizaje&#8230;<\/p>\n","protected":false},"author":16,"featured_media":0,"parent":205,"menu_order":0,"comment_status":"closed","ping_status":"closed","template":"templates\/template-frontpage.php","meta":[],"acf":[],"_links":{"self":[{"href":"https:\/\/www.ull.es\/departamentos\/didacticas-especificas\/wp-json\/wp\/v2\/pages\/233"}],"collection":[{"href":"https:\/\/www.ull.es\/departamentos\/didacticas-especificas\/wp-json\/wp\/v2\/pages"}],"about":[{"href":"https:\/\/www.ull.es\/departamentos\/didacticas-especificas\/wp-json\/wp\/v2\/types\/page"}],"author":[{"embeddable":true,"href":"https:\/\/www.ull.es\/departamentos\/didacticas-especificas\/wp-json\/wp\/v2\/users\/16"}],"replies":[{"embeddable":true,"href":"https:\/\/www.ull.es\/departamentos\/didacticas-especificas\/wp-json\/wp\/v2\/comments?post=233"}],"version-history":[{"count":46,"href":"https:\/\/www.ull.es\/departamentos\/didacticas-especificas\/wp-json\/wp\/v2\/pages\/233\/revisions"}],"predecessor-version":[{"id":373,"href":"https:\/\/www.ull.es\/departamentos\/didacticas-especificas\/wp-json\/wp\/v2\/pages\/233\/revisions\/373"}],"up":[{"embeddable":true,"href":"https:\/\/www.ull.es\/departamentos\/didacticas-especificas\/wp-json\/wp\/v2\/pages\/205"}],"wp:attachment":[{"href":"https:\/\/www.ull.es\/departamentos\/didacticas-especificas\/wp-json\/wp\/v2\/media?parent=233"}],"curies":[{"name":"wp","href":"https:\/\/api.w.org\/{rel}","templated":true}]}}