{"id":16,"date":"2017-05-11T12:57:04","date_gmt":"2017-05-11T12:57:04","guid":{"rendered":"http:\/\/www.ull.es\/departamentos\/ingenieria-informatica-sistemas\/?page_id=16"},"modified":"2017-09-21T07:41:09","modified_gmt":"2017-09-21T07:41:09","slug":"personal","status":"publish","type":"page","link":"https:\/\/www.ull.es\/departamentos\/economia-contabilidad-y-finanzas\/personal\/","title":{"rendered":"Personal"},"content":{"rendered":"<p>[vc_row css=\u00bb.vc_custom_1497445297003{margin-bottom: 20px !important;}\u00bb][vc_column][vc_column_text]<\/p>\n<h1>Personal<\/h1>\n<p>[\/vc_column_text][\/vc_column][\/vc_row][vc_row][vc_column][vc_column_text]\n<link rel=\"stylesheet\" href=\"https:\/\/cdn.datatables.net\/1.10.15\/css\/dataTables.bootstrap.min.css\">\n<script src=\"https:\/\/cdn.datatables.net\/1.10.15\/js\/jquery.dataTables.min.js\"><\/script>\n<script src=\"https:\/\/cdn.datatables.net\/1.10.15\/js\/dataTables.bootstrap.min.js\"><\/script>\n<script src=\"https:\/\/cdn.datatables.net\/plug-ins\/1.10.21\/sorting\/chinese-string.js\"><\/script>\n\n<style>\n\n    #personal {\n        font-size: 13px;\n    }\n\n    .row.tabla{\n        margin-bottom: 20px !important;\n        margin-top: 20px !important;\n        font-size: 14px;\n    }\n\n    div.toolbar{\n        \/*text-align: center;*\/\n    }\n\n    .input-sm {\n        font-size: 16px;\n        \/* max-width: 200px;*\/\n    }\n\n    div.toolbar select{\n        margin: 0 10px;\n    }\n\n    table.dataTable thead .sorting:after {\n        opacity: 0.2;\n        content: \"\\f0ec\";\n        -webkit-transform: rotate(90deg);\n        -moz-transform: rotate(90deg);\n        -o-transform: rotate(90deg);\n        -ms-transform: rotate(90deg);\n        transform: rotate(90deg);\n    }\n\n    table.dataTable thead .sorting_asc:after {\n        content: \"\\f160\";\n    }\n    table.dataTable thead .sorting_desc:after {\n        content: \"\\f161 \";\n    }\n    table.dataTable thead .sorting:after, table.dataTable thead .sorting_asc:after, table.dataTable thead .sorting_desc:after, table.dataTable thead .sorting_asc_disabled:after, table.dataTable thead .sorting_desc_disabled:after {\n        font-family: 'FontAwesome';\n    }\n\n    .btn-directorio {\n        font-size: 13px;\n        text-align: center;\n        display: block;\n    }\n\n<\/style>\n\n<div class=\"table-responsive\">\n    <table id=\"personal\" class=\"table table-bordered table-condensed table-hover\" cellspacing=\"0\" width=\"100%\"  data-page-length=\"25\">\n        <thead>\n        <tr>\n            <th>Apellidos<\/th>\n            <th>Nombre<\/th>\n            <th>Email<\/th>\n            <th>\u00c1rea<\/th>\n            <th>Categor\u00eda<\/th>\n            <th>Rol<\/th>\n            <th>Info.<\/th>\n        <\/tr>\n        <\/thead>\n\n        <tbody>\n        <tr><td>Acosta Molina<\/td><td>Miguel de los Santos<\/td><td><a href=mailto:mmolin@ull.es>mmolin@ull.es<\/a><\/td><td>Econom\u00eda Financiera y Contabilidad<\/td><td>Profesor Titular Universidad<\/td><td>PDI<\/td><td><a class='btn-directorio' href='https:\/\/www.ull.es\/directorio\/search\/?busqueda=Miguel de los Santos Acosta Molina' target='_blank'><i class='fa fa-search-plus'><\/i><\/a><\/td><\/tr><tr><td>\u00c1lvarez Su\u00e1rez<\/td><td>Sof\u00eda Mar\u00eda<\/td><td><a href=mailto:salvarez@ull.es>salvarez@ull.es<\/a><\/td><td>Econom\u00eda Financiera y Contabilidad<\/td><td>Profesor Sustituto<\/td><td>PDI<\/td><td><a class='btn-directorio' href='https:\/\/www.ull.es\/directorio\/search\/?busqueda=Sof\u00eda Mar\u00eda \u00c1lvarez Su\u00e1rez' target='_blank'><i class='fa fa-search-plus'><\/i><\/a><\/td><\/tr><tr><td>Antonova <\/td><td>Natalia<\/td><td><a href=mailto:nantonov@ull.es>nantonov@ull.es<\/a><\/td><td>Econom\u00eda Financiera y Contabilidad<\/td><td>Profesor Sustituto<\/td><td>PDI<\/td><td><a class='btn-directorio' href='https:\/\/www.ull.es\/directorio\/search\/?busqueda=Natalia Antonova ' target='_blank'><i class='fa fa-search-plus'><\/i><\/a><\/td><\/tr><tr><td>Arbelo P\u00e9rez<\/td><td>Sara<\/td><td><a href=mailto:sarbelop@ull.es>sarbelop@ull.es<\/a><\/td><td>Econom\u00eda Financiera y Contabilidad<\/td><td>Pers. Inv. en form. FPI\/FPU PREDOCTORAL<\/td><td>INV<\/td><td><a class='btn-directorio' href='https:\/\/www.ull.es\/directorio\/search\/?busqueda=Sara Arbelo P\u00e9rez' target='_blank'><i class='fa fa-search-plus'><\/i><\/a><\/td><\/tr><tr><td>Bruno P\u00e9rez<\/td><td>N\u00e9stor Amadeo<\/td><td><a href=mailto:nbruno@ull.es>nbruno@ull.es<\/a><\/td><td>Econom\u00eda Financiera y Contabilidad<\/td><td>Profesor Contratado Doctor (1)<\/td><td>PDI<\/td><td><a class='btn-directorio' href='https:\/\/www.ull.es\/directorio\/search\/?busqueda=N\u00e9stor Amadeo Bruno P\u00e9rez' target='_blank'><i class='fa fa-search-plus'><\/i><\/a><\/td><\/tr><tr><td>Calero Garc\u00eda<\/td><td>Francisco Javier<\/td><td><a href=mailto:fcalero@ull.es>fcalero@ull.es<\/a><\/td><td>Econom\u00eda Financiera y Contabilidad<\/td><td>Profesor Titular Universidad<\/td><td>PDI<\/td><td><a class='btn-directorio' href='https:\/\/www.ull.es\/directorio\/search\/?busqueda=Francisco Javier Calero Garc\u00eda' target='_blank'><i class='fa fa-search-plus'><\/i><\/a><\/td><\/tr><tr><td>Campos Rodr\u00edguez<\/td><td>Clara Margarita<\/td><td><a href=mailto:ccampos@ull.es>ccampos@ull.es<\/a><\/td><td>Econom\u00eda Financiera y Contabilidad<\/td><td>Profesor Contratado Doctor (1)<\/td><td>PDI<\/td><td><a class='btn-directorio' href='https:\/\/www.ull.es\/directorio\/search\/?busqueda=Clara Margarita Campos Rodr\u00edguez' target='_blank'><i class='fa fa-search-plus'><\/i><\/a><\/td><\/tr><tr><td>Cejas Rodr\u00edguez<\/td><td>Mariano Guillermo<\/td><td><a href=mailto:mcejasro@ull.es>mcejasro@ull.es<\/a><\/td><td>Econom\u00eda Financiera y Contabilidad<\/td><td>Profesor Sustituto<\/td><td>PDI<\/td><td><a class='btn-directorio' href='https:\/\/www.ull.es\/directorio\/search\/?busqueda=Mariano Guillermo Cejas Rodr\u00edguez' target='_blank'><i class='fa fa-search-plus'><\/i><\/a><\/td><\/tr><tr><td>Correa Rodr\u00edguez<\/td><td>Alicia<\/td><td><a href=mailto:alcorrea@ull.es>alcorrea@ull.es<\/a><\/td><td>Econom\u00eda Financiera y Contabilidad<\/td><td>Profesor Titular Universidad<\/td><td>PDI<\/td><td><a class='btn-directorio' href='https:\/\/www.ull.es\/directorio\/search\/?busqueda=Alicia Correa Rodr\u00edguez' target='_blank'><i class='fa fa-search-plus'><\/i><\/a><\/td><\/tr><tr><td>de Mart\u00edn Pinillos Castellanos<\/td><td>Ignacio<\/td><td><a href=mailto:ipinillo@ull.es>ipinillo@ull.es<\/a><\/td><td>Econom\u00eda Financiera y Contabilidad<\/td><td>Profesor Contratado Doctor (1)<\/td><td>PDI<\/td><td><a class='btn-directorio' href='https:\/\/www.ull.es\/directorio\/search\/?busqueda=Ignacio de Mart\u00edn Pinillos Castellanos' target='_blank'><i class='fa fa-search-plus'><\/i><\/a><\/td><\/tr><tr><td>Fuentes Medina<\/td><td>Mar\u00eda Lilibeth<\/td><td><a href=mailto:lfuentes@ull.es>lfuentes@ull.es<\/a><\/td><td>Econom\u00eda Financiera y Contabilidad<\/td><td>Profesor Contratado Doctor (1)<\/td><td>PDI<\/td><td><a class='btn-directorio' href='https:\/\/www.ull.es\/directorio\/search\/?busqueda=Mar\u00eda Lilibeth Fuentes Medina' target='_blank'><i class='fa fa-search-plus'><\/i><\/a><\/td><\/tr><tr><td>Garc\u00eda Su\u00e1rez<\/td><td>Carlos Sergio<\/td><td><a href=mailto:casergar@ull.es>casergar@ull.es<\/a><\/td><td>Econom\u00eda Financiera y Contabilidad<\/td><td>Profesor Titular Universidad<\/td><td>PDI<\/td><td><a class='btn-directorio' href='https:\/\/www.ull.es\/directorio\/search\/?busqueda=Carlos Sergio Garc\u00eda Su\u00e1rez' target='_blank'><i class='fa fa-search-plus'><\/i><\/a><\/td><\/tr><tr><td>Giner Rubio<\/td><td>Javier<\/td><td><a href=mailto:jginer@ull.es>jginer@ull.es<\/a><\/td><td>Econom\u00eda Financiera y Contabilidad<\/td><td>Profesor Titular Universidad<\/td><td>PDI<\/td><td><a class='btn-directorio' href='https:\/\/www.ull.es\/directorio\/search\/?busqueda=Javier Giner Rubio' target='_blank'><i class='fa fa-search-plus'><\/i><\/a><\/td><\/tr><tr><td>Gonz\u00e1lez G\u00f3mez<\/td><td>Jos\u00e9 Ignacio<\/td><td><a href=mailto:jggomez@ull.es>jggomez@ull.es<\/a><\/td><td>Econom\u00eda Financiera y Contabilidad<\/td><td>Profesor Titular Universidad<\/td><td>PDI<\/td><td><a class='btn-directorio' href='https:\/\/www.ull.es\/directorio\/search\/?busqueda=Jos\u00e9 Ignacio Gonz\u00e1lez G\u00f3mez' target='_blank'><i class='fa fa-search-plus'><\/i><\/a><\/td><\/tr><tr><td>Gonz\u00e1lez Rodr\u00edguez<\/td><td>Alfonso Jes\u00fas<\/td><td><a href=mailto:agonrodr@ull.es>agonrodr@ull.es<\/a><\/td><td>Econom\u00eda Financiera y Contabilidad<\/td><td>Contratado Laboral de Interinidad<\/td><td>PDI<\/td><td><a class='btn-directorio' href='https:\/\/www.ull.es\/directorio\/search\/?busqueda=Alfonso Jes\u00fas Gonz\u00e1lez Rodr\u00edguez' target='_blank'><i class='fa fa-search-plus'><\/i><\/a><\/td><\/tr><tr><td>Guzm\u00e1n P\u00e9rez<\/td><td>Beatriz Vanessa<\/td><td><a href=mailto:bguzmanp@ull.es>bguzmanp@ull.es<\/a><\/td><td>Econom\u00eda Financiera y Contabilidad<\/td><td>Profesor Ayudante Doctor<\/td><td>PDI<\/td><td><a class='btn-directorio' href='https:\/\/www.ull.es\/directorio\/search\/?busqueda=Beatriz Vanessa Guzm\u00e1n P\u00e9rez' target='_blank'><i class='fa fa-search-plus'><\/i><\/a><\/td><\/tr><tr><td>Hern\u00e1ndez Concepci\u00f3n<\/td><td>Carlos Alfredo<\/td><td><a href=mailto:carher@ull.es>carher@ull.es<\/a><\/td><td>Econom\u00eda Financiera y Contabilidad<\/td><td>Profesor Colaborador<\/td><td>PDI<\/td><td><a class='btn-directorio' href='https:\/\/www.ull.es\/directorio\/search\/?busqueda=Carlos Alfredo Hern\u00e1ndez Concepci\u00f3n' target='_blank'><i class='fa fa-search-plus'><\/i><\/a><\/td><\/tr><tr><td>Hern\u00e1ndez Garc\u00eda<\/td><td>Mar\u00eda del Carmen<\/td><td><a href=mailto:mahega@ull.es>mahega@ull.es<\/a><\/td><td>Econom\u00eda Financiera y Contabilidad<\/td><td>Profesor Titular Universidad<\/td><td>PDI<\/td><td><a class='btn-directorio' href='https:\/\/www.ull.es\/directorio\/search\/?busqueda=Mar\u00eda del Carmen Hern\u00e1ndez Garc\u00eda' target='_blank'><i class='fa fa-search-plus'><\/i><\/a><\/td><\/tr><tr><td>Hern\u00e1ndez Hern\u00e1ndez<\/td><td>Francisco Gabriel<\/td><td><a href=mailto:fghernan@ull.es>fghernan@ull.es<\/a><\/td><td>Econom\u00eda Financiera y Contabilidad<\/td><td>Profesor Titular Universidad<\/td><td>PDI<\/td><td><a class='btn-directorio' href='https:\/\/www.ull.es\/directorio\/search\/?busqueda=Francisco Gabriel Hern\u00e1ndez Hern\u00e1ndez' target='_blank'><i class='fa fa-search-plus'><\/i><\/a><\/td><\/tr><tr><td>Leal Marrero<\/td><td>Wilfredo Oreste<\/td><td><a href=mailto:wlealmar@ull.es>wlealmar@ull.es<\/a><\/td><td>Econom\u00eda Financiera y Contabilidad<\/td><td>Profesor Sustituto<\/td><td>PDI<\/td><td><a class='btn-directorio' href='https:\/\/www.ull.es\/directorio\/search\/?busqueda=Wilfredo Oreste Leal Marrero' target='_blank'><i class='fa fa-search-plus'><\/i><\/a><\/td><\/tr><tr><td>Le\u00f3n Vielma<\/td><td>Jos\u00e9 Enrique<\/td><td><a href=mailto:jleoviel@ull.es>jleoviel@ull.es<\/a><\/td><td>Econom\u00eda Financiera y Contabilidad<\/td><td>Profesor Sustituto<\/td><td>PDI<\/td><td><a class='btn-directorio' href='https:\/\/www.ull.es\/directorio\/search\/?busqueda=Jos\u00e9 Enrique Le\u00f3n Vielma' target='_blank'><i class='fa fa-search-plus'><\/i><\/a><\/td><\/tr><tr><td>Mart\u00edn Padilla<\/td><td>Andrea Julia<\/td><td><a href=mailto:ajmartin@ull.es>ajmartin@ull.es<\/a><\/td><td>Econom\u00eda Financiera y Contabilidad<\/td><td>Profesor Colaborador<\/td><td>PDI<\/td><td><a class='btn-directorio' href='https:\/\/www.ull.es\/directorio\/search\/?busqueda=Andrea Julia Mart\u00edn Padilla' target='_blank'><i class='fa fa-search-plus'><\/i><\/a><\/td><\/tr><tr><td>Medina Hern\u00e1ndez<\/td><td>Urbano<\/td><td><a href=mailto:umedina@ull.es>umedina@ull.es<\/a><\/td><td>Econom\u00eda Financiera y Contabilidad<\/td><td>Catedratico de Universidad<\/td><td>PDI<\/td><td><a class='btn-directorio' href='https:\/\/www.ull.es\/directorio\/search\/?busqueda=Urbano Medina Hern\u00e1ndez' target='_blank'><i class='fa fa-search-plus'><\/i><\/a><\/td><\/tr><tr><td>M\u00e9ndez Su\u00e1rez<\/td><td>Guillermo Luis<\/td><td><a href=mailto:gmendez@ull.es>gmendez@ull.es<\/a><\/td><td>Econom\u00eda Financiera y Contabilidad<\/td><td>Profesor Titular Escuela Univ.<\/td><td>PDI<\/td><td><a class='btn-directorio' href='https:\/\/www.ull.es\/directorio\/search\/?busqueda=Guillermo Luis M\u00e9ndez Su\u00e1rez' target='_blank'><i class='fa fa-search-plus'><\/i><\/a><\/td><\/tr><tr><td>Mendoza Aguilar<\/td><td>Judit<\/td><td><a href=mailto:jmendoza@ull.es>jmendoza@ull.es<\/a><\/td><td>Econom\u00eda Financiera y Contabilidad<\/td><td>Profesor Contratado Doctor (1)<\/td><td>PDI<\/td><td><a class='btn-directorio' href='https:\/\/www.ull.es\/directorio\/search\/?busqueda=Judit Mendoza Aguilar' target='_blank'><i class='fa fa-search-plus'><\/i><\/a><\/td><\/tr><tr><td>Morini Marrero<\/td><td>Sandra<\/td><td><a href=mailto:smorini@ull.es>smorini@ull.es<\/a><\/td><td>Econom\u00eda Financiera y Contabilidad<\/td><td>Profesor Titular Universidad<\/td><td>PDI<\/td><td><a class='btn-directorio' href='https:\/\/www.ull.es\/directorio\/search\/?busqueda=Sandra Morini Marrero' target='_blank'><i class='fa fa-search-plus'><\/i><\/a><\/td><\/tr><tr><td>Pe\u00f1a D\u00edaz<\/td><td>Manuel Ram\u00f3n<\/td><td><a href=mailto:mrpena@ull.es>mrpena@ull.es<\/a><\/td><td>Econom\u00eda Financiera y Contabilidad<\/td><td>Profesor Asociado<\/td><td>PDI<\/td><td><a class='btn-directorio' href='https:\/\/www.ull.es\/directorio\/search\/?busqueda=Manuel Ram\u00f3n Pe\u00f1a D\u00edaz' target='_blank'><i class='fa fa-search-plus'><\/i><\/a><\/td><\/tr><tr><td>P\u00e9rez G\u00f3mez<\/td><td>Mar\u00eda del Pilar<\/td><td><a href=mailto:mpperez@ull.es>mpperez@ull.es<\/a><\/td><td>Econom\u00eda Financiera y Contabilidad<\/td><td>Profesor Titular Universidad<\/td><td>PDI<\/td><td><a class='btn-directorio' href='https:\/\/www.ull.es\/directorio\/search\/?busqueda=Mar\u00eda del Pilar P\u00e9rez G\u00f3mez' target='_blank'><i class='fa fa-search-plus'><\/i><\/a><\/td><\/tr><tr><td>P\u00e9rez Monteverde<\/td><td>Mar\u00eda Victoria<\/td><td><a href=mailto:mvperez@ull.es>mvperez@ull.es<\/a><\/td><td>Econom\u00eda Financiera y Contabilidad<\/td><td>Profesor Contratado Doctor (1)<\/td><td>PDI<\/td><td><a class='btn-directorio' href='https:\/\/www.ull.es\/directorio\/search\/?busqueda=Mar\u00eda Victoria P\u00e9rez Monteverde' target='_blank'><i class='fa fa-search-plus'><\/i><\/a><\/td><\/tr><tr><td>Quintero Hern\u00e1ndez<\/td><td>Myriam<\/td><td><a href=mailto:mquinter@ull.es>mquinter@ull.es<\/a><\/td><td>Econom\u00eda Financiera y Contabilidad<\/td><td>Profesor Asociado<\/td><td>PDI<\/td><td><a class='btn-directorio' href='https:\/\/www.ull.es\/directorio\/search\/?busqueda=Myriam Quintero Hern\u00e1ndez' target='_blank'><i class='fa fa-search-plus'><\/i><\/a><\/td><\/tr><tr><td>Ruiz de la Rosa<\/td><td>Carmen In\u00e9s<\/td><td><a href=mailto:ciruiz@ull.es>ciruiz@ull.es<\/a><\/td><td>Econom\u00eda Financiera y Contabilidad<\/td><td>Catedratico de Universidad<\/td><td>PDI<\/td><td><a class='btn-directorio' href='https:\/\/www.ull.es\/directorio\/search\/?busqueda=Carmen In\u00e9s Ruiz de la Rosa' target='_blank'><i class='fa fa-search-plus'><\/i><\/a><\/td><\/tr><tr><td>Acosta Ballesteros<\/td><td>Juan<\/td><td><a href=mailto:jacosta@ull.es>jacosta@ull.es<\/a><\/td><td>Fundamentos del An\u00e1lisis Econ\u00f3mico<\/td><td>Profesor Titular Universidad<\/td><td>PDI<\/td><td><a class='btn-directorio' href='https:\/\/www.ull.es\/directorio\/search\/?busqueda=Juan Acosta Ballesteros' target='_blank'><i class='fa fa-search-plus'><\/i><\/a><\/td><\/tr><tr><td>\u00c1lvarez Albelo<\/td><td>Carmen Dolores<\/td><td><a href=mailto:calbelo@ull.es>calbelo@ull.es<\/a><\/td><td>Fundamentos del An\u00e1lisis Econ\u00f3mico<\/td><td>Profesor Titular Universidad<\/td><td>PDI<\/td><td><a class='btn-directorio' href='https:\/\/www.ull.es\/directorio\/search\/?busqueda=Carmen Dolores \u00c1lvarez Albelo' target='_blank'><i class='fa fa-search-plus'><\/i><\/a><\/td><\/tr><tr><td>Amador Morera<\/td><td>Francisco Javier<\/td><td><a href=mailto:famador@ull.es>famador@ull.es<\/a><\/td><td>Fundamentos del An\u00e1lisis Econ\u00f3mico<\/td><td>Profesor Contratado Doctor (1)<\/td><td>PDI<\/td><td><a class='btn-directorio' href='https:\/\/www.ull.es\/directorio\/search\/?busqueda=Francisco Javier Amador Morera' target='_blank'><i class='fa fa-search-plus'><\/i><\/a><\/td><\/tr><tr><td>Bethencourt Marrero<\/td><td>Carlos Gabriel<\/td><td><a href=mailto:cbethenc@ull.es>cbethenc@ull.es<\/a><\/td><td>Fundamentos del An\u00e1lisis Econ\u00f3mico<\/td><td>Catedratico de Universidad<\/td><td>PDI<\/td><td><a class='btn-directorio' href='https:\/\/www.ull.es\/directorio\/search\/?busqueda=Carlos Gabriel Bethencourt Marrero' target='_blank'><i class='fa fa-search-plus'><\/i><\/a><\/td><\/tr><tr><td>D\u00edaz Hern\u00e1ndez<\/td><td>Juan Jos\u00e9<\/td><td><a href=mailto:jjodiaz@ull.es>jjodiaz@ull.es<\/a><\/td><td>Fundamentos del An\u00e1lisis Econ\u00f3mico<\/td><td>Profesor Titular Universidad<\/td><td>PDI<\/td><td><a class='btn-directorio' href='https:\/\/www.ull.es\/directorio\/search\/?busqueda=Juan Jos\u00e9 D\u00edaz Hern\u00e1ndez' target='_blank'><i class='fa fa-search-plus'><\/i><\/a><\/td><\/tr><tr><td>Gonz\u00e1lez Marrero<\/td><td>Rosa Marina<\/td><td><a href=mailto:rmglzmar@ull.es>rmglzmar@ull.es<\/a><\/td><td>Fundamentos del An\u00e1lisis Econ\u00f3mico<\/td><td>Catedratico de Universidad<\/td><td>PDI<\/td><td><a class='btn-directorio' href='https:\/\/www.ull.es\/directorio\/search\/?busqueda=Rosa Marina Gonz\u00e1lez Marrero' target='_blank'><i class='fa fa-search-plus'><\/i><\/a><\/td><\/tr><tr><td>Gonz\u00e1lez P\u00e9rez<\/td><td>Jos\u00e9 Manuel<\/td><td><a href=mailto:jmgonpe@ull.es>jmgonpe@ull.es<\/a><\/td><td>Fundamentos del An\u00e1lisis Econ\u00f3mico<\/td><td>Profesor Titular Universidad<\/td><td>PDI<\/td><td><a class='btn-directorio' href='https:\/\/www.ull.es\/directorio\/search\/?busqueda=Jos\u00e9 Manuel Gonz\u00e1lez P\u00e9rez' target='_blank'><i class='fa fa-search-plus'><\/i><\/a><\/td><\/tr><tr><td>Ledesma Rodr\u00edguez<\/td><td>Francisco Jos\u00e9<\/td><td><a href=mailto:fledesma@ull.es>fledesma@ull.es<\/a><\/td><td>Fundamentos del An\u00e1lisis Econ\u00f3mico<\/td><td>Profesor Titular Universidad<\/td><td>PDI<\/td><td><a class='btn-directorio' href='https:\/\/www.ull.es\/directorio\/search\/?busqueda=Francisco Jos\u00e9 Ledesma Rodr\u00edguez' target='_blank'><i class='fa fa-search-plus'><\/i><\/a><\/td><\/tr><tr><td>Lorente de las Casas<\/td><td>Andr\u00e9s<\/td><td><a href=mailto:alorente@ull.es>alorente@ull.es<\/a><\/td><td>Fundamentos del An\u00e1lisis Econ\u00f3mico<\/td><td>Profesor Titular Universidad<\/td><td>PDI<\/td><td><a class='btn-directorio' href='https:\/\/www.ull.es\/directorio\/search\/?busqueda=Andr\u00e9s Lorente de las Casas' target='_blank'><i class='fa fa-search-plus'><\/i><\/a><\/td><\/tr><tr><td>Lorenzo Alegr\u00eda<\/td><td>Rosa Mar\u00eda<\/td><td><a href=mailto:rlorenzo@ull.es>rlorenzo@ull.es<\/a><\/td><td>Fundamentos del An\u00e1lisis Econ\u00f3mico<\/td><td>Profesor Titular Universidad<\/td><td>PDI<\/td><td><a class='btn-directorio' href='https:\/\/www.ull.es\/directorio\/search\/?busqueda=Rosa Mar\u00eda Lorenzo Alegr\u00eda' target='_blank'><i class='fa fa-search-plus'><\/i><\/a><\/td><\/tr><tr><td>Marrero D\u00edaz<\/td><td>Gustavo Alberto<\/td><td><a href=mailto:gmarrero@ull.es>gmarrero@ull.es<\/a><\/td><td>Fundamentos del An\u00e1lisis Econ\u00f3mico<\/td><td>Catedratico de Universidad<\/td><td>PDI<\/td><td><a class='btn-directorio' href='https:\/\/www.ull.es\/directorio\/search\/?busqueda=Gustavo Alberto Marrero D\u00edaz' target='_blank'><i class='fa fa-search-plus'><\/i><\/a><\/td><\/tr><tr><td>Marrero Llinares<\/td><td>\u00c1ngel Sim\u00f3n<\/td><td><a href=mailto:amarrerl@ull.es>amarrerl@ull.es<\/a><\/td><td>Fundamentos del An\u00e1lisis Econ\u00f3mico<\/td><td>Profesor Ayudante Doctor<\/td><td>PDI<\/td><td><a class='btn-directorio' href='https:\/\/www.ull.es\/directorio\/search\/?busqueda=\u00c1ngel Sim\u00f3n Marrero Llinares' target='_blank'><i class='fa fa-search-plus'><\/i><\/a><\/td><\/tr><tr><td>Osorno del Rosal<\/td><td>Mar\u00eda del Pilar<\/td><td><a href=mailto:mosorno@ull.es>mosorno@ull.es<\/a><\/td><td>Fundamentos del An\u00e1lisis Econ\u00f3mico<\/td><td>Profesor Titular Universidad<\/td><td>PDI<\/td><td><a class='btn-directorio' href='https:\/\/www.ull.es\/directorio\/search\/?busqueda=Mar\u00eda del Pilar Osorno del Rosal' target='_blank'><i class='fa fa-search-plus'><\/i><\/a><\/td><\/tr><tr><td>Perera Tallo<\/td><td>Fernando<\/td><td><a href=mailto:fperera@ull.es>fperera@ull.es<\/a><\/td><td>Fundamentos del An\u00e1lisis Econ\u00f3mico<\/td><td>Profesor Titular Universidad<\/td><td>PDI<\/td><td><a class='btn-directorio' href='https:\/\/www.ull.es\/directorio\/search\/?busqueda=Fernando Perera Tallo' target='_blank'><i class='fa fa-search-plus'><\/i><\/a><\/td><\/tr><tr><td>P\u00e9rez Mesa<\/td><td>David<\/td><td><a href=mailto:dperezme@ull.es>dperezme@ull.es<\/a><\/td><td>Fundamentos del An\u00e1lisis Econ\u00f3mico<\/td><td>Investigador<\/td><td>INV<\/td><td><a class='btn-directorio' href='https:\/\/www.ull.es\/directorio\/search\/?busqueda=David P\u00e9rez Mesa' target='_blank'><i class='fa fa-search-plus'><\/i><\/a><\/td><\/tr><tr><td>Ramos Real<\/td><td>Francisco Javier<\/td><td><a href=mailto:frramos@ull.es>frramos@ull.es<\/a><\/td><td>Fundamentos del An\u00e1lisis Econ\u00f3mico<\/td><td>Catedratico de Universidad<\/td><td>PDI<\/td><td><a class='btn-directorio' href='https:\/\/www.ull.es\/directorio\/search\/?busqueda=Francisco Javier Ramos Real' target='_blank'><i class='fa fa-search-plus'><\/i><\/a><\/td><\/tr><tr><td>Rodr\u00edguez Brito<\/td><td>Mar\u00eda Gracia<\/td><td><a href=mailto:mgbrito@ull.es>mgbrito@ull.es<\/a><\/td><td>Fundamentos del An\u00e1lisis Econ\u00f3mico<\/td><td>Profesor Titular Universidad<\/td><td>PDI<\/td><td><a class='btn-directorio' href='https:\/\/www.ull.es\/directorio\/search\/?busqueda=Mar\u00eda Gracia Rodr\u00edguez Brito' target='_blank'><i class='fa fa-search-plus'><\/i><\/a><\/td><\/tr><tr><td>Rodr\u00edguez Rodr\u00edguez<\/td><td>Olga Mar\u00eda<\/td><td><a href=mailto:orguez@ull.es>orguez@ull.es<\/a><\/td><td>Fundamentos del An\u00e1lisis Econ\u00f3mico<\/td><td>Profesor Contratado Doctor (1)<\/td><td>PDI<\/td><td><a class='btn-directorio' href='https:\/\/www.ull.es\/directorio\/search\/?busqueda=Olga Mar\u00eda Rodr\u00edguez Rodr\u00edguez' target='_blank'><i class='fa fa-search-plus'><\/i><\/a><\/td><\/tr><tr><td>Santos Torres<\/td><td>Daniel<\/td><td><a href=mailto:dsantost@ull.es>dsantost@ull.es<\/a><\/td><td>Fundamentos del An\u00e1lisis Econ\u00f3mico<\/td><td>Pers. Inv. en form. FPI\/FPU PREDOCTORAL<\/td><td>INV<\/td><td><a class='btn-directorio' href='https:\/\/www.ull.es\/directorio\/search\/?busqueda=Daniel Santos Torres' target='_blank'><i class='fa fa-search-plus'><\/i><\/a><\/td><\/tr><tr><td>Chico Baute<\/td><td>M\u00aa Inmaculada<\/td><td><a href=mailto:ichico@ull.es>ichico@ull.es<\/a><\/td><td>Personal De Administraci\u00f3n Y Servicios<\/td><td>Administrativo<\/td><td>PAS<\/td><td><a class='btn-directorio' href='https:\/\/www.ull.es\/directorio\/search\/?busqueda=M\u00aa Inmaculada Chico Baute' target='_blank'><i class='fa fa-search-plus'><\/i><\/a><\/td><\/tr>        <\/tbody>\n    <\/table>\n<\/div>\n\n<script>\n\t\njQuery.extend( jQuery.fn.dataTableExt.oSort, {\n    \"chinese-string-asc\" : function (s1, s2) {\n        return s1.localeCompare(s2);\n    },\n \n    \"chinese-string-desc\" : function (s1, s2) {\n        return s2.localeCompare(s1);\n    }\n} );\n\t\n$(document).ready(function() {\n\n        $('#personal').DataTable( {\n            \"dom\": \"\" +\n            \"<'row'<'col-sm-9 toolbar'><'col-sm-3'f>>\" +\n            \"<'row tabla'<'col-sm-12'tr>>\" +\n            \"<'row'<'col-sm-5'i><'col-sm-7'p>>\"\n            ,\n            \"language\": {\n                \"url\": \"\/\/cdn.datatables.net\/plug-ins\/1.10.15\/i18n\/Spanish.json\"\n            },\n\n         columnDefs: [{ type: 'chinese-string', targets: 0 }],\n\n\n\t initComplete: function () {\n\n                this.api().columns([3]).every( function () {\n                    var column = this;\n                    var select = $('<select class=\"form-control input-sm\"><option value=\"\">Mostrar todas las \u00e1reas de conocimiento<\/option><\/select>')\n                        .appendTo( $('div.toolbar') )\n                        .on( 'change', function () {\n                            var val = $.fn.dataTable.util.escapeRegex(\n                                $(this).val()\n                            );\n\n                            column\n                                .search( val ? '^'+val+'$' : '', true, false )\n                                .draw();\n                        } );\n\n                    column.data().unique().sort().each( function ( d, j ) {\n                        select.append( '<option value=\"'+d+'\">'+d+'<\/option>' )\n                    } );\n\n                } );\n                this.api().columns([5]).every( function () {\n                    var column = this;\n                    var select = $('<select class=\"form-control input-sm\"><option value=\"\">Mostrar todos los roles<\/option><\/select>')\n                        .appendTo( $('div.toolbar') )\n                        .on( 'change', function () {\n                            var val = $.fn.dataTable.util.escapeRegex(\n                                $(this).val()\n                            );\n\n                            column\n                                .search( val ? '^'+val+'$' : '', true, false )\n                                .draw();\n                        } );\n\n                    column.data().unique().sort().each( function ( d, j ) {\n                        select.append( '<option value=\"'+d+'\">'+d+'<\/option>' )\n                    } );\n                } );\n            }\n        } );\n\n    } );\n<\/script>\n[\/vc_column_text][\/vc_column][\/vc_row]<\/p>\n","protected":false},"excerpt":{"rendered":"<p>[vc_row css=\u00bb.vc_custom_1497445297003{margin-bottom: 20px !important;}\u00bb][vc_column][vc_column_text] Personal [\/vc_column_text][\/vc_column][\/vc_row][vc_row][vc_column][vc_column_text][\/vc_column_text][\/vc_column][\/vc_row]<\/p>\n","protected":false},"author":1,"featured_media":0,"parent":0,"menu_order":0,"comment_status":"closed","ping_status":"closed","template":"","meta":[],"_links":{"self":[{"href":"https:\/\/www.ull.es\/departamentos\/economia-contabilidad-y-finanzas\/wp-json\/wp\/v2\/pages\/16"}],"collection":[{"href":"https:\/\/www.ull.es\/departamentos\/economia-contabilidad-y-finanzas\/wp-json\/wp\/v2\/pages"}],"about":[{"href":"https:\/\/www.ull.es\/departamentos\/economia-contabilidad-y-finanzas\/wp-json\/wp\/v2\/types\/page"}],"author":[{"embeddable":true,"href":"https:\/\/www.ull.es\/departamentos\/economia-contabilidad-y-finanzas\/wp-json\/wp\/v2\/users\/1"}],"replies":[{"embeddable":true,"href":"https:\/\/www.ull.es\/departamentos\/economia-contabilidad-y-finanzas\/wp-json\/wp\/v2\/comments?post=16"}],"version-history":[{"count":6,"href":"https:\/\/www.ull.es\/departamentos\/economia-contabilidad-y-finanzas\/wp-json\/wp\/v2\/pages\/16\/revisions"}],"predecessor-version":[{"id":205,"href":"https:\/\/www.ull.es\/departamentos\/economia-contabilidad-y-finanzas\/wp-json\/wp\/v2\/pages\/16\/revisions\/205"}],"wp:attachment":[{"href":"https:\/\/www.ull.es\/departamentos\/economia-contabilidad-y-finanzas\/wp-json\/wp\/v2\/media?parent=16"}],"curies":[{"name":"wp","href":"https:\/\/api.w.org\/{rel}","templated":true}]}}