{"id":16,"date":"2017-05-11T12:57:04","date_gmt":"2017-05-11T12:57:04","guid":{"rendered":"http:\/\/www.ull.es\/departamentos\/ingenieria-informatica-sistemas\/?page_id=16"},"modified":"2017-10-02T13:24:18","modified_gmt":"2017-10-02T13:24:18","slug":"personal","status":"publish","type":"page","link":"https:\/\/www.ull.es\/departamentos\/historia-y-filosofia-de-la-ciencia-la-educacion-y-el-lenguaje\/personal\/","title":{"rendered":"Personal"},"content":{"rendered":"<p>[vc_row css=\u00bb.vc_custom_1497445297003{margin-bottom: 20px !important;}\u00bb][vc_column][vc_column_text]<\/p>\n<h1>Personal<\/h1>\n<p>[\/vc_column_text][\/vc_column][\/vc_row][vc_row][vc_column][vc_column_text]\n<link rel=\"stylesheet\" href=\"https:\/\/cdn.datatables.net\/1.10.15\/css\/dataTables.bootstrap.min.css\">\n<script src=\"https:\/\/cdn.datatables.net\/1.10.15\/js\/jquery.dataTables.min.js\"><\/script>\n<script src=\"https:\/\/cdn.datatables.net\/1.10.15\/js\/dataTables.bootstrap.min.js\"><\/script>\n<script src=\"https:\/\/cdn.datatables.net\/plug-ins\/1.10.21\/sorting\/chinese-string.js\"><\/script>\n\n<style>\n\n    #personal {\n        font-size: 13px;\n    }\n\n    .row.tabla{\n        margin-bottom: 20px !important;\n        margin-top: 20px !important;\n        font-size: 14px;\n    }\n\n    div.toolbar{\n        \/*text-align: center;*\/\n    }\n\n    .input-sm {\n        font-size: 16px;\n        \/* max-width: 200px;*\/\n    }\n\n    div.toolbar select{\n        margin: 0 10px;\n    }\n\n    table.dataTable thead .sorting:after {\n        opacity: 0.2;\n        content: \"\\f0ec\";\n        -webkit-transform: rotate(90deg);\n        -moz-transform: rotate(90deg);\n        -o-transform: rotate(90deg);\n        -ms-transform: rotate(90deg);\n        transform: rotate(90deg);\n    }\n\n    table.dataTable thead .sorting_asc:after {\n        content: \"\\f160\";\n    }\n    table.dataTable thead .sorting_desc:after {\n        content: \"\\f161 \";\n    }\n    table.dataTable thead .sorting:after, table.dataTable thead .sorting_asc:after, table.dataTable thead .sorting_desc:after, table.dataTable thead .sorting_asc_disabled:after, table.dataTable thead .sorting_desc_disabled:after {\n        font-family: 'FontAwesome';\n    }\n\n    .btn-directorio {\n        font-size: 13px;\n        text-align: center;\n        display: block;\n    }\n\n<\/style>\n\n<div class=\"table-responsive\">\n    <table id=\"personal\" class=\"table table-bordered table-condensed table-hover\" cellspacing=\"0\" width=\"100%\"  data-page-length=\"25\">\n        <thead>\n        <tr>\n            <th>Apellidos<\/th>\n            <th>Nombre<\/th>\n            <th>Email<\/th>\n            <th>\u00c1rea<\/th>\n            <th>Categor\u00eda<\/th>\n            <th>Rol<\/th>\n            <th>Info.<\/th>\n        <\/tr>\n        <\/thead>\n\n        <tbody>\n        <tr><td>Cincunegui de la Vega<\/td><td>Juan Manuel<\/td><td><a href=mailto:jcincune@ull.es>jcincune@ull.es<\/a><\/td><td>Filosof\u00eda Moral<\/td><td>Profesor Sustituto<\/td><td>PDI<\/td><td><a class='btn-directorio' href='https:\/\/www.ull.es\/directorio\/search\/?busqueda=Juan Manuel Cincunegui de la Vega' target='_blank'><i class='fa fa-search-plus'><\/i><\/a><\/td><\/tr><tr><td>Escuela Cruz<\/td><td>Chaxiraxi Mar\u00eda<\/td><td><a href=mailto:cescuela@ull.es>cescuela@ull.es<\/a><\/td><td>Filosof\u00eda Moral<\/td><td>Profesor Contratado Doctor (1)<\/td><td>PDI<\/td><td><a class='btn-directorio' href='https:\/\/www.ull.es\/directorio\/search\/?busqueda=Chaxiraxi Mar\u00eda Escuela Cruz' target='_blank'><i class='fa fa-search-plus'><\/i><\/a><\/td><\/tr><tr><td>Garrido Rodr\u00edguez<\/td><td>Natividad<\/td><td><a href=mailto:ngarrido@ull.es>ngarrido@ull.es<\/a><\/td><td>Filosof\u00eda Moral<\/td><td>Profesor Ayudante Doctor<\/td><td>PDI<\/td><td><a class='btn-directorio' href='https:\/\/www.ull.es\/directorio\/search\/?busqueda=Natividad Garrido Rodr\u00edguez' target='_blank'><i class='fa fa-search-plus'><\/i><\/a><\/td><\/tr><tr><td>Gonz\u00e1lez Nieves<\/td><td>Claudia<\/td><td><a href=mailto:cgonzani@ull.es>cgonzani@ull.es<\/a><\/td><td>Filosof\u00eda Moral<\/td><td>Pers. Inv. en form. FPI\/FPU PREDOCTORAL<\/td><td>INV<\/td><td><a class='btn-directorio' href='https:\/\/www.ull.es\/directorio\/search\/?busqueda=Claudia Gonz\u00e1lez Nieves' target='_blank'><i class='fa fa-search-plus'><\/i><\/a><\/td><\/tr><tr><td>Guerra Palmero<\/td><td>Mar\u00eda Jos\u00e9<\/td><td><a href=mailto:mjguerra@ull.es>mjguerra@ull.es<\/a><\/td><td>Filosof\u00eda Moral<\/td><td>Catedratico de Universidad<\/td><td>PDI<\/td><td><a class='btn-directorio' href='https:\/\/www.ull.es\/directorio\/search\/?busqueda=Mar\u00eda Jos\u00e9 Guerra Palmero' target='_blank'><i class='fa fa-search-plus'><\/i><\/a><\/td><\/tr><tr><td>Mandujano Estrada<\/td><td>Miguel<\/td><td><a href=mailto:mmanduja@ull.es>mmanduja@ull.es<\/a><\/td><td>Filosof\u00eda Moral<\/td><td>Profesor Contratado Doctor (1)<\/td><td>PDI<\/td><td><a class='btn-directorio' href='https:\/\/www.ull.es\/directorio\/search\/?busqueda=Miguel Mandujano Estrada' target='_blank'><i class='fa fa-search-plus'><\/i><\/a><\/td><\/tr><tr><td>Marrero Bassi<\/td><td>Laura Mar\u00eda<\/td><td><a href=mailto:lmarrerb@ull.es>lmarrerb@ull.es<\/a><\/td><td>Filosof\u00eda Moral<\/td><td>Pers. Inv. en form. FPI\/FPU PREDOCTORAL<\/td><td>INV<\/td><td><a class='btn-directorio' href='https:\/\/www.ull.es\/directorio\/search\/?busqueda=Laura Mar\u00eda Marrero Bassi' target='_blank'><i class='fa fa-search-plus'><\/i><\/a><\/td><\/tr><tr><td>P\u00e9rez Navarro<\/td><td>Pablo<\/td><td><a href=mailto:pperezna@ull.es>pperezna@ull.es<\/a><\/td><td>Filosof\u00eda Moral<\/td><td>Profesor Ayudante Doctor<\/td><td>PDI<\/td><td><a class='btn-directorio' href='https:\/\/www.ull.es\/directorio\/search\/?busqueda=Pablo P\u00e9rez Navarro' target='_blank'><i class='fa fa-search-plus'><\/i><\/a><\/td><\/tr><tr><td>Rodr\u00edguez Guerra<\/td><td>Roberto<\/td><td><a href=mailto:rrguerra@ull.es>rrguerra@ull.es<\/a><\/td><td>Filosof\u00eda Moral<\/td><td>Profesor Titular Universidad<\/td><td>PDI<\/td><td><a class='btn-directorio' href='https:\/\/www.ull.es\/directorio\/search\/?busqueda=Roberto Rodr\u00edguez Guerra' target='_blank'><i class='fa fa-search-plus'><\/i><\/a><\/td><\/tr><tr><td>Hern\u00e1ndez Gonz\u00e1lez<\/td><td>Justo Pedro<\/td><td><a href=mailto:jhdezj@ull.es>jhdezj@ull.es<\/a><\/td><td>Historia de la Ciencia<\/td><td>Profesor Titular Universidad<\/td><td>PDI<\/td><td><a class='btn-directorio' href='https:\/\/www.ull.es\/directorio\/search\/?busqueda=Justo Pedro Hern\u00e1ndez Gonz\u00e1lez' target='_blank'><i class='fa fa-search-plus'><\/i><\/a><\/td><\/tr><tr><td>Brugnami <\/td><td>Enrico<\/td><td><a href=mailto:ebrugnam@ull.es>ebrugnam@ull.es<\/a><\/td><td>L\u00f3gica y Filosof\u00eda de la Ciencia<\/td><td>Profesor Sustituto<\/td><td>PDI<\/td><td><a class='btn-directorio' href='https:\/\/www.ull.es\/directorio\/search\/?busqueda=Enrico Brugnami ' target='_blank'><i class='fa fa-search-plus'><\/i><\/a><\/td><\/tr><tr><td>Garc\u00eda D\u00edaz<\/td><td>Laura<\/td><td><a href=mailto:lgarciad@ull.es>lgarciad@ull.es<\/a><\/td><td>L\u00f3gica y Filosof\u00eda de la Ciencia<\/td><td>Profesor Sustituto<\/td><td>PDI<\/td><td><a class='btn-directorio' href='https:\/\/www.ull.es\/directorio\/search\/?busqueda=Laura Garc\u00eda D\u00edaz' target='_blank'><i class='fa fa-search-plus'><\/i><\/a><\/td><\/tr><tr><td>Hern\u00e1ndez Borges<\/td><td>Mar\u00eda Rosario<\/td><td><a href=mailto:roherbo@ull.es>roherbo@ull.es<\/a><\/td><td>L\u00f3gica y Filosof\u00eda de la Ciencia<\/td><td>Profesor Contratado Doctor (1)<\/td><td>PDI<\/td><td><a class='btn-directorio' href='https:\/\/www.ull.es\/directorio\/search\/?busqueda=Mar\u00eda Rosario Hern\u00e1ndez Borges' target='_blank'><i class='fa fa-search-plus'><\/i><\/a><\/td><\/tr><tr><td>Hern\u00e1ndez P\u00e9rez<\/td><td>Abraham<\/td><td><a href=mailto:ahernanp@ull.es>ahernanp@ull.es<\/a><\/td><td>L\u00f3gica y Filosof\u00eda de la Ciencia<\/td><td>Contratado Laboral de Interinidad<\/td><td>PDI<\/td><td><a class='btn-directorio' href='https:\/\/www.ull.es\/directorio\/search\/?busqueda=Abraham Hern\u00e1ndez P\u00e9rez' target='_blank'><i class='fa fa-search-plus'><\/i><\/a><\/td><\/tr><tr><td>Liz Guti\u00e9rrez<\/td><td>Antonio Manuel<\/td><td><a href=mailto:manuliz@ull.es>manuliz@ull.es<\/a><\/td><td>L\u00f3gica y Filosof\u00eda de la Ciencia<\/td><td>Catedratico de Universidad<\/td><td>PDI<\/td><td><a class='btn-directorio' href='https:\/\/www.ull.es\/directorio\/search\/?busqueda=Antonio Manuel Liz Guti\u00e9rrez' target='_blank'><i class='fa fa-search-plus'><\/i><\/a><\/td><\/tr><tr><td>Ortega Cruz<\/td><td>Concepci\u00f3n<\/td><td><a href=mailto:cortega@ull.es>cortega@ull.es<\/a><\/td><td>L\u00f3gica y Filosof\u00eda de la Ciencia<\/td><td>Profesor Contratado Doctor (1)<\/td><td>PDI<\/td><td><a class='btn-directorio' href='https:\/\/www.ull.es\/directorio\/search\/?busqueda=Concepci\u00f3n Ortega Cruz' target='_blank'><i class='fa fa-search-plus'><\/i><\/a><\/td><\/tr><tr><td>Perdomo Reyes<\/td><td>Mar\u00eda Inmaculada<\/td><td><a href=mailto:mperdomo@ull.es>mperdomo@ull.es<\/a><\/td><td>L\u00f3gica y Filosof\u00eda de la Ciencia<\/td><td>Profesor Titular Universidad<\/td><td>PDI<\/td><td><a class='btn-directorio' href='https:\/\/www.ull.es\/directorio\/search\/?busqueda=Mar\u00eda Inmaculada Perdomo Reyes' target='_blank'><i class='fa fa-search-plus'><\/i><\/a><\/td><\/tr><tr><td>Santana de la Cruz<\/td><td>Carmen Margarita<\/td><td><a href=mailto:msantana@ull.es>msantana@ull.es<\/a><\/td><td>L\u00f3gica y Filosof\u00eda de la Ciencia<\/td><td>Profesor Contratado Doctor (1)<\/td><td>PDI<\/td><td><a class='btn-directorio' href='https:\/\/www.ull.es\/directorio\/search\/?busqueda=Carmen Margarita Santana de la Cruz' target='_blank'><i class='fa fa-search-plus'><\/i><\/a><\/td><\/tr><tr><td>Urue\u00f1a L\u00f3pez<\/td><td>Sergio<\/td><td><a href=mailto:suruenal@ull.es>suruenal@ull.es<\/a><\/td><td>L\u00f3gica y Filosof\u00eda de la Ciencia<\/td><td>Profesor Ayudante Doctor<\/td><td>PDI<\/td><td><a class='btn-directorio' href='https:\/\/www.ull.es\/directorio\/search\/?busqueda=Sergio Urue\u00f1a L\u00f3pez' target='_blank'><i class='fa fa-search-plus'><\/i><\/a><\/td><\/tr><tr><td>V\u00e1zquez Campos<\/td><td>Margarita<\/td><td><a href=mailto:mvazquez@ull.es>mvazquez@ull.es<\/a><\/td><td>L\u00f3gica y Filosof\u00eda de la Ciencia<\/td><td>Profesor Titular Universidad<\/td><td>PDI<\/td><td><a class='btn-directorio' href='https:\/\/www.ull.es\/directorio\/search\/?busqueda=Margarita V\u00e1zquez Campos' target='_blank'><i class='fa fa-search-plus'><\/i><\/a><\/td><\/tr><tr><td>Vera Vega<\/td><td>Pablo<\/td><td><a href=mailto:pveraveg@ull.es>pveraveg@ull.es<\/a><\/td><td>L\u00f3gica y Filosof\u00eda de la Ciencia<\/td><td>Profesor Sustituto<\/td><td>PDI<\/td><td><a class='btn-directorio' href='https:\/\/www.ull.es\/directorio\/search\/?busqueda=Pablo Vera Vega' target='_blank'><i class='fa fa-search-plus'><\/i><\/a><\/td><\/tr><tr><td>Mart\u00edn Rodr\u00edguez<\/td><td>Gloria Mar\u00eda<\/td><td><a href=mailto:gmmartin@ull.es>gmmartin@ull.es<\/a><\/td><td>Personal De Administraci\u00f3n Y Servicios<\/td><td>Administrativo<\/td><td>PAS<\/td><td><a class='btn-directorio' href='https:\/\/www.ull.es\/directorio\/search\/?busqueda=Gloria Mar\u00eda Mart\u00edn Rodr\u00edguez' target='_blank'><i class='fa fa-search-plus'><\/i><\/a><\/td><\/tr><tr><td>Alonso Arribas<\/td><td>Ana Beatriz<\/td><td><a href=mailto:aalonsoa@ull.es>aalonsoa@ull.es<\/a><\/td><td>Teor\u00eda e Historia de la Educaci\u00f3n<\/td><td>Profesor Sustituto<\/td><td>PDI<\/td><td><a class='btn-directorio' href='https:\/\/www.ull.es\/directorio\/search\/?busqueda=Ana Beatriz Alonso Arribas' target='_blank'><i class='fa fa-search-plus'><\/i><\/a><\/td><\/tr><tr><td>\u00c1lvarez Gonz\u00e1lez<\/td><td>Yasmina<\/td><td><a href=mailto:yalvarez@ull.es>yalvarez@ull.es<\/a><\/td><td>Teor\u00eda e Historia de la Educaci\u00f3n<\/td><td>Profesor Ayudante Doctor<\/td><td>PDI<\/td><td><a class='btn-directorio' href='https:\/\/www.ull.es\/directorio\/search\/?busqueda=Yasmina \u00c1lvarez Gonz\u00e1lez' target='_blank'><i class='fa fa-search-plus'><\/i><\/a><\/td><\/tr><tr><td>Bernal Jim\u00e9nez<\/td><td>Jaime<\/td><td><a href=mailto:jjimeneb@ull.es>jjimeneb@ull.es<\/a><\/td><td>Teor\u00eda e Historia de la Educaci\u00f3n<\/td><td>Profesor Sustituto<\/td><td>PDI<\/td><td><a class='btn-directorio' href='https:\/\/www.ull.es\/directorio\/search\/?busqueda=Jaime Bernal Jim\u00e9nez' target='_blank'><i class='fa fa-search-plus'><\/i><\/a><\/td><\/tr><tr><td>Buraschi <\/td><td>Daniel<\/td><td><a href=mailto:dburaschi@ull.es>dburaschi@ull.es<\/a><\/td><td>Teor\u00eda e Historia de la Educaci\u00f3n<\/td><td>Profesor Ayudante Doctor<\/td><td>PDI<\/td><td><a class='btn-directorio' href='https:\/\/www.ull.es\/directorio\/search\/?busqueda=Daniel Buraschi ' target='_blank'><i class='fa fa-search-plus'><\/i><\/a><\/td><\/tr><tr><td>D\u00edaz Torres<\/td><td>Juan Manuel<\/td><td><a href=mailto:jmdiazt@ull.es>jmdiazt@ull.es<\/a><\/td><td>Teor\u00eda e Historia de la Educaci\u00f3n<\/td><td>Profesor Titular Universidad<\/td><td>PDI<\/td><td><a class='btn-directorio' href='https:\/\/www.ull.es\/directorio\/search\/?busqueda=Juan Manuel D\u00edaz Torres' target='_blank'><i class='fa fa-search-plus'><\/i><\/a><\/td><\/tr><tr><td>Dios Rodr\u00edguez<\/td><td>M\u00f3nica Delmira<\/td><td><a href=mailto:mdiosrod@ull.es>mdiosrod@ull.es<\/a><\/td><td>Teor\u00eda e Historia de la Educaci\u00f3n<\/td><td>Profesor Sustituto<\/td><td>PDI<\/td><td><a class='btn-directorio' href='https:\/\/www.ull.es\/directorio\/search\/?busqueda=M\u00f3nica Delmira Dios Rodr\u00edguez' target='_blank'><i class='fa fa-search-plus'><\/i><\/a><\/td><\/tr><tr><td>Ferraz Lorenzo<\/td><td>Manuel<\/td><td><a href=mailto:mferraz@ull.es>mferraz@ull.es<\/a><\/td><td>Teor\u00eda e Historia de la Educaci\u00f3n<\/td><td>Catedratico de Universidad<\/td><td>PDI<\/td><td><a class='btn-directorio' href='https:\/\/www.ull.es\/directorio\/search\/?busqueda=Manuel Ferraz Lorenzo' target='_blank'><i class='fa fa-search-plus'><\/i><\/a><\/td><\/tr><tr><td>Gallardo Mancebo<\/td><td>Mar\u00eda Montserrat<\/td><td><a href=mailto:mgallard@ull.es>mgallard@ull.es<\/a><\/td><td>Teor\u00eda e Historia de la Educaci\u00f3n<\/td><td>Profesor Colaborador<\/td><td>PDI<\/td><td><a class='btn-directorio' href='https:\/\/www.ull.es\/directorio\/search\/?busqueda=Mar\u00eda Montserrat Gallardo Mancebo' target='_blank'><i class='fa fa-search-plus'><\/i><\/a><\/td><\/tr><tr><td>Gonz\u00e1lez Delgado<\/td><td>Mariano<\/td><td><a href=mailto:mgondel@ull.es>mgondel@ull.es<\/a><\/td><td>Teor\u00eda e Historia de la Educaci\u00f3n<\/td><td>Profesor Titular Universidad<\/td><td>PDI<\/td><td><a class='btn-directorio' href='https:\/\/www.ull.es\/directorio\/search\/?busqueda=Mariano Gonz\u00e1lez Delgado' target='_blank'><i class='fa fa-search-plus'><\/i><\/a><\/td><\/tr><tr><td>Gonz\u00e1lez Luis<\/td><td>Mar\u00eda Lourdes<\/td><td><a href=mailto:mlgonzal@ull.es>mlgonzal@ull.es<\/a><\/td><td>Teor\u00eda e Historia de la Educaci\u00f3n<\/td><td>Catedratico de Universidad<\/td><td>PDI<\/td><td><a class='btn-directorio' href='https:\/\/www.ull.es\/directorio\/search\/?busqueda=Mar\u00eda Lourdes Gonz\u00e1lez Luis' target='_blank'><i class='fa fa-search-plus'><\/i><\/a><\/td><\/tr><tr><td>Gonz\u00e1lez Novoa<\/td><td>Andr\u00e9s<\/td><td><a href=mailto:agonzaln@ull.es>agonzaln@ull.es<\/a><\/td><td>Teor\u00eda e Historia de la Educaci\u00f3n<\/td><td>Profesor Permanente Laboral<\/td><td>PDI<\/td><td><a class='btn-directorio' href='https:\/\/www.ull.es\/directorio\/search\/?busqueda=Andr\u00e9s Gonz\u00e1lez Novoa' target='_blank'><i class='fa fa-search-plus'><\/i><\/a><\/td><\/tr><tr><td>Gonz\u00e1lez P\u00e9rez<\/td><td>Mar\u00eda Inmaculada<\/td><td><a href=mailto:migonpe@ull.es>migonpe@ull.es<\/a><\/td><td>Teor\u00eda e Historia de la Educaci\u00f3n<\/td><td>Profesor Contratado Doctor (1)<\/td><td>PDI<\/td><td><a class='btn-directorio' href='https:\/\/www.ull.es\/directorio\/search\/?busqueda=Mar\u00eda Inmaculada Gonz\u00e1lez P\u00e9rez' target='_blank'><i class='fa fa-search-plus'><\/i><\/a><\/td><\/tr><tr><td>Gonz\u00e1lez P\u00e9rez<\/td><td>Teresa<\/td><td><a href=mailto:teregonz@ull.es>teregonz@ull.es<\/a><\/td><td>Teor\u00eda e Historia de la Educaci\u00f3n<\/td><td>Catedratico de Universidad<\/td><td>PDI<\/td><td><a class='btn-directorio' href='https:\/\/www.ull.es\/directorio\/search\/?busqueda=Teresa Gonz\u00e1lez P\u00e9rez' target='_blank'><i class='fa fa-search-plus'><\/i><\/a><\/td><\/tr><tr><td>Ledesma Reyes<\/td><td>Manuel<\/td><td><a href=mailto:mledesma@ull.es>mledesma@ull.es<\/a><\/td><td>Teor\u00eda e Historia de la Educaci\u00f3n<\/td><td>Profesor Titular Universidad<\/td><td>PDI<\/td><td><a class='btn-directorio' href='https:\/\/www.ull.es\/directorio\/search\/?busqueda=Manuel Ledesma Reyes' target='_blank'><i class='fa fa-search-plus'><\/i><\/a><\/td><\/tr><tr><td>Llorens de la Cruz<\/td><td>Antonio Crisanto<\/td><td><a href=mailto:allorens@ull.es>allorens@ull.es<\/a><\/td><td>Teor\u00eda e Historia de la Educaci\u00f3n<\/td><td>Profesor Ayudante Doctor<\/td><td>PDI<\/td><td><a class='btn-directorio' href='https:\/\/www.ull.es\/directorio\/search\/?busqueda=Antonio Crisanto Llorens de la Cruz' target='_blank'><i class='fa fa-search-plus'><\/i><\/a><\/td><\/tr><tr><td>Machado Trujillo<\/td><td>Cristian<\/td><td><a href=mailto:cmachado@ull.es>cmachado@ull.es<\/a><\/td><td>Teor\u00eda e Historia de la Educaci\u00f3n<\/td><td>Profesor Ayudante Doctor<\/td><td>PDI<\/td><td><a class='btn-directorio' href='https:\/\/www.ull.es\/directorio\/search\/?busqueda=Cristian Machado Trujillo' target='_blank'><i class='fa fa-search-plus'><\/i><\/a><\/td><\/tr><tr><td>Mart\u00edn Hurtado<\/td><td>Mar\u00eda Daniela<\/td><td><a href=mailto:mmartihu@ull.es>mmartihu@ull.es<\/a><\/td><td>Teor\u00eda e Historia de la Educaci\u00f3n<\/td><td>Profesor Sustituto<\/td><td>PDI<\/td><td><a class='btn-directorio' href='https:\/\/www.ull.es\/directorio\/search\/?busqueda=Mar\u00eda Daniela Mart\u00edn Hurtado' target='_blank'><i class='fa fa-search-plus'><\/i><\/a><\/td><\/tr><tr><td>Olmo Extremera<\/td><td>Marta Maria<\/td><td><a href=mailto:molmoext@ull.es>molmoext@ull.es<\/a><\/td><td>Teor\u00eda e Historia de la Educaci\u00f3n<\/td><td>Profesor Ayudante Doctor<\/td><td>PDI<\/td><td><a class='btn-directorio' href='https:\/\/www.ull.es\/directorio\/search\/?busqueda=Marta Maria Olmo Extremera' target='_blank'><i class='fa fa-search-plus'><\/i><\/a><\/td><\/tr><tr><td>Perera M\u00e9ndez<\/td><td>Pedro<\/td><td><a href=mailto:ppereram@ull.es>ppereram@ull.es<\/a><\/td><td>Teor\u00eda e Historia de la Educaci\u00f3n<\/td><td>Profesor Contratado Doctor (1)<\/td><td>PDI<\/td><td><a class='btn-directorio' href='https:\/\/www.ull.es\/directorio\/search\/?busqueda=Pedro Perera M\u00e9ndez' target='_blank'><i class='fa fa-search-plus'><\/i><\/a><\/td><\/tr><tr><td>P\u00e9rez P\u00e9rez<\/td><td>Itahisa<\/td><td><a href=mailto:iperezpe@ull.es>iperezpe@ull.es<\/a><\/td><td>Teor\u00eda e Historia de la Educaci\u00f3n<\/td><td>Profesor Contratado Doctor (1)<\/td><td>PDI<\/td><td><a class='btn-directorio' href='https:\/\/www.ull.es\/directorio\/search\/?busqueda=Itahisa P\u00e9rez P\u00e9rez' target='_blank'><i class='fa fa-search-plus'><\/i><\/a><\/td><\/tr><tr><td>P\u00e9rez Rodr\u00edguez<\/td><td>Alejandro Manuel<\/td><td><a href=mailto:aperezro@ull.es>aperezro@ull.es<\/a><\/td><td>Teor\u00eda e Historia de la Educaci\u00f3n<\/td><td>Profesor Sustituto<\/td><td>PDI<\/td><td><a class='btn-directorio' href='https:\/\/www.ull.es\/directorio\/search\/?busqueda=Alejandro Manuel P\u00e9rez Rodr\u00edguez' target='_blank'><i class='fa fa-search-plus'><\/i><\/a><\/td><\/tr><tr><td>P\u00e9rez Rosales<\/td><td>Elisa Juana<\/td><td><a href=mailto:eperezro@ull.es>eperezro@ull.es<\/a><\/td><td>Teor\u00eda e Historia de la Educaci\u00f3n<\/td><td>Profesor Ayudante Doctor<\/td><td>PDI<\/td><td><a class='btn-directorio' href='https:\/\/www.ull.es\/directorio\/search\/?busqueda=Elisa Juana P\u00e9rez Rosales' target='_blank'><i class='fa fa-search-plus'><\/i><\/a><\/td><\/tr><tr><td>Rodr\u00edguez G\u00f3mez<\/td><td>Juana<\/td><td><a href=mailto:jmrodrig@ull.es>jmrodrig@ull.es<\/a><\/td><td>Teor\u00eda e Historia de la Educaci\u00f3n<\/td><td>Profesor Titular Universidad<\/td><td>PDI<\/td><td><a class='btn-directorio' href='https:\/\/www.ull.es\/directorio\/search\/?busqueda=Juana Rodr\u00edguez G\u00f3mez' target='_blank'><i class='fa fa-search-plus'><\/i><\/a><\/td><\/tr><tr><td>Rodr\u00edguez Hern\u00e1ndez<\/td><td>Juan Antonio<\/td><td><a href=mailto:jrodriz@ull.es>jrodriz@ull.es<\/a><\/td><td>Teor\u00eda e Historia de la Educaci\u00f3n<\/td><td>Profesor Titular Universidad<\/td><td>PDI<\/td><td><a class='btn-directorio' href='https:\/\/www.ull.es\/directorio\/search\/?busqueda=Juan Antonio Rodr\u00edguez Hern\u00e1ndez' target='_blank'><i class='fa fa-search-plus'><\/i><\/a><\/td><\/tr><tr><td>Toledo Padr\u00f3n<\/td><td>Zenaida Jes\u00fas<\/td><td><a href=mailto:ztoledo@ull.es>ztoledo@ull.es<\/a><\/td><td>Teor\u00eda e Historia de la Educaci\u00f3n<\/td><td>Profesor Titular Universidad<\/td><td>PDI<\/td><td><a class='btn-directorio' href='https:\/\/www.ull.es\/directorio\/search\/?busqueda=Zenaida Jes\u00fas Toledo Padr\u00f3n' target='_blank'><i class='fa fa-search-plus'><\/i><\/a><\/td><\/tr>        <\/tbody>\n    <\/table>\n<\/div>\n\n<script>\n\t\njQuery.extend( jQuery.fn.dataTableExt.oSort, {\n    \"chinese-string-asc\" : function (s1, s2) {\n        return s1.localeCompare(s2);\n    },\n \n    \"chinese-string-desc\" : function (s1, s2) {\n        return s2.localeCompare(s1);\n    }\n} );\n\t\n$(document).ready(function() {\n\n        $('#personal').DataTable( {\n            \"dom\": \"\" +\n            \"<'row'<'col-sm-9 toolbar'><'col-sm-3'f>>\" +\n            \"<'row tabla'<'col-sm-12'tr>>\" +\n            \"<'row'<'col-sm-5'i><'col-sm-7'p>>\"\n            ,\n            \"language\": {\n                \"url\": \"\/\/cdn.datatables.net\/plug-ins\/1.10.15\/i18n\/Spanish.json\"\n            },\n\n         columnDefs: [{ type: 'chinese-string', targets: 0 }],\n\n\n\t initComplete: function () {\n\n                this.api().columns([3]).every( function () {\n                    var column = this;\n                    var select = $('<select class=\"form-control input-sm\"><option value=\"\">Mostrar todas las \u00e1reas de conocimiento<\/option><\/select>')\n                        .appendTo( $('div.toolbar') )\n                        .on( 'change', function () {\n                            var val = $.fn.dataTable.util.escapeRegex(\n                                $(this).val()\n                            );\n\n                            column\n                                .search( val ? '^'+val+'$' : '', true, false )\n                                .draw();\n                        } );\n\n                    column.data().unique().sort().each( function ( d, j ) {\n                        select.append( '<option value=\"'+d+'\">'+d+'<\/option>' )\n                    } );\n\n                } );\n                this.api().columns([5]).every( function () {\n                    var column = this;\n                    var select = $('<select class=\"form-control input-sm\"><option value=\"\">Mostrar todos los roles<\/option><\/select>')\n                        .appendTo( $('div.toolbar') )\n                        .on( 'change', function () {\n                            var val = $.fn.dataTable.util.escapeRegex(\n                                $(this).val()\n                            );\n\n                            column\n                                .search( val ? '^'+val+'$' : '', true, false )\n                                .draw();\n                        } );\n\n                    column.data().unique().sort().each( function ( d, j ) {\n                        select.append( '<option value=\"'+d+'\">'+d+'<\/option>' )\n                    } );\n                } );\n            }\n        } );\n\n    } );\n<\/script>\n[\/vc_column_text][\/vc_column][\/vc_row]<\/p>\n","protected":false},"excerpt":{"rendered":"<p>[vc_row css=\u00bb.vc_custom_1497445297003{margin-bottom: 20px !important;}\u00bb][vc_column][vc_column_text] Personal [\/vc_column_text][\/vc_column][\/vc_row][vc_row][vc_column][vc_column_text][\/vc_column_text][\/vc_column][\/vc_row]<\/p>\n","protected":false},"author":1,"featured_media":0,"parent":0,"menu_order":0,"comment_status":"closed","ping_status":"closed","template":"","meta":[],"_links":{"self":[{"href":"https:\/\/www.ull.es\/departamentos\/historia-y-filosofia-de-la-ciencia-la-educacion-y-el-lenguaje\/wp-json\/wp\/v2\/pages\/16"}],"collection":[{"href":"https:\/\/www.ull.es\/departamentos\/historia-y-filosofia-de-la-ciencia-la-educacion-y-el-lenguaje\/wp-json\/wp\/v2\/pages"}],"about":[{"href":"https:\/\/www.ull.es\/departamentos\/historia-y-filosofia-de-la-ciencia-la-educacion-y-el-lenguaje\/wp-json\/wp\/v2\/types\/page"}],"author":[{"embeddable":true,"href":"https:\/\/www.ull.es\/departamentos\/historia-y-filosofia-de-la-ciencia-la-educacion-y-el-lenguaje\/wp-json\/wp\/v2\/users\/1"}],"replies":[{"embeddable":true,"href":"https:\/\/www.ull.es\/departamentos\/historia-y-filosofia-de-la-ciencia-la-educacion-y-el-lenguaje\/wp-json\/wp\/v2\/comments?post=16"}],"version-history":[{"count":14,"href":"https:\/\/www.ull.es\/departamentos\/historia-y-filosofia-de-la-ciencia-la-educacion-y-el-lenguaje\/wp-json\/wp\/v2\/pages\/16\/revisions"}],"predecessor-version":[{"id":275,"href":"https:\/\/www.ull.es\/departamentos\/historia-y-filosofia-de-la-ciencia-la-educacion-y-el-lenguaje\/wp-json\/wp\/v2\/pages\/16\/revisions\/275"}],"wp:attachment":[{"href":"https:\/\/www.ull.es\/departamentos\/historia-y-filosofia-de-la-ciencia-la-educacion-y-el-lenguaje\/wp-json\/wp\/v2\/media?parent=16"}],"curies":[{"name":"wp","href":"https:\/\/api.w.org\/{rel}","templated":true}]}}