{"id":80,"date":"2017-05-11T12:37:19","date_gmt":"2017-05-11T12:37:19","guid":{"rendered":"http:\/\/www.ull.es\/departamentos\/ingenieria-informatica-sistemas\/?page_id=9"},"modified":"2019-02-20T13:39:41","modified_gmt":"2019-02-20T13:39:41","slug":"informacion-ubicacion-y-contacto","status":"publish","type":"page","link":"https:\/\/www.ull.es\/departamentos\/ingenieria-agraria-medio-natural\/informacion-ubicacion-y-contacto\/","title":{"rendered":"Informaci\u00f3n, ubicaci\u00f3n y contacto"},"content":{"rendered":"<p>[vc_row][vc_column width=\u00bb2\/3&#8243; el_class=\u00bbpadding-50-right\u00bb css=\u00bb.vc_custom_1494506721665{padding-right: 50px !important;}\u00bb][vc_column_text]<\/p>\n<h2>Presentaci\u00f3n<\/h2>\n<p>[\/vc_column_text][vc_column_text el_id=\u00bbpresentacion\u00bb]\n<div class=\"shortcode-descripcion\">\n    <p>El departamento de Ingenier\u00eda Agraria y del Medio Natural, parte del antiguo departamento de Ingenier\u00eda, Producci\u00f3n y Econom\u00eda Agraria. Como unidad b\u00e1sica de ense\u00f1anza e investigaci\u00f3n, desarrolla sus funciones docentes e investigadoras en la Escuela Polit\u00e9cnica Superior de Ingenier\u00eda, Secci\u00f3n de Ingenier\u00eda Agraria y en la Escuela Doctorado y Estudios de Posgrado. En dichos centros se imparten titulaciones cuyos planes de estudio contemplan materias y asignaturas adscritas a las \u00e1reas de conocimiento que integran el departamento dentro del \u00e1mbito de la ingenier\u00eda agraria, forestal y medioambiental.<\/p><\/div>\n\n[\/vc_column_text][vc_empty_space height=\u00bb40px\u00bb][vc_column_text el_id=\u00bbareas-de-conocimiento\u00bb]\n<style>\n    .shortcode-areas h2 {\n        margin-bottom: 10px !important;\n    }\n<\/style>\n\n<div class=\"shortcode-areas\">\n    <h2>\u00c1reas de conocimiento<\/h2><ul><li>Econom\u00eda, Sociolog\u00eda y Pol\u00edtica Agraria<\/li><li>Ingenier\u00eda Agroforestal<\/li><li>Producci\u00f3n Animal<\/li><li>Producci\u00f3n Vegetal<\/li><\/ul><\/div>\n\n[\/vc_column_text][vc_empty_space height=\u00bb40px\u00bb][vc_column_text]\n<style>\n    .shortcode-equipo h2 {\n        margin-bottom: 10px !important;\n    }\n<\/style>\n\n<div class=\"shortcode-equipo\">\n    <h2>Equipo de direcci\u00f3n<\/h2><dl><dt><strong>Director<\/strong><\/dt><dd> <a href='https:\/\/www.ull.es\/directorio\/search\/?busqueda=Luis Alberto Bermejo Asensio' target='_blank'>Luis Alberto Bermejo Asensio<\/a><\/dd><dt><strong>Subdirector<\/strong><\/dt><dd> <a href='https:\/\/www.ull.es\/directorio\/search\/?busqueda=Jalel Mahouachi Mahouachi' target='_blank'>Jalel Mahouachi Mahouachi<\/a><\/dd><dt><strong>Secretario<\/strong><\/dt><dd> <a href='https:\/\/www.ull.es\/directorio\/search\/?busqueda=Juan Carlos Santamarta Cerezal' target='_blank'>Juan Carlos Santamarta Cerezal<\/a><\/dd><\/dl><h2>Personal de administraci\u00f3n<\/h2><dl><dt><strong>Administrativa Departamento<\/strong><\/dt><dd> <a href='https:\/\/www.ull.es\/directorio\/search\/?busqueda=Ana Esther Ramos P\u00e9rez' target='_blank'>Ana Esther Ramos P\u00e9rez<\/a><\/dd><dt><strong>Laboral<\/strong><\/dt><dd> <a href='https:\/\/www.ull.es\/directorio\/search\/?busqueda=Fernando Delgado Ben\u00edtez' target='_blank'>Fernando Delgado Ben\u00edtez<\/a><\/dd><dt><strong>Laboral<\/strong><\/dt><dd> <a href='https:\/\/www.ull.es\/directorio\/search\/?busqueda=David Ojeda Garc\u00eda' target='_blank'>David Ojeda Garc\u00eda<\/a><\/dd><dt><strong>Laboral<\/strong><\/dt><dd> <a href='https:\/\/www.ull.es\/directorio\/search\/?busqueda=Yaiza P\u00e9rez Rom\u00e1n' target='_blank'>Yaiza P\u00e9rez Rom\u00e1n<\/a><\/dd><dt><strong>Laboral<\/strong><\/dt><dd> <a href='https:\/\/www.ull.es\/directorio\/search\/?busqueda=Mar\u00eda Candelaria Galv\u00e1n Gonz\u00e1lez' target='_blank'>Mar\u00eda Candelaria Galv\u00e1n Gonz\u00e1lez<\/a><\/dd><\/dl>\n<\/div>\n[\/vc_column_text][\/vc_column][vc_column width=\u00bb1\/3&#8243;][vc_column_text]<a class=\"btn-destacado\" href=\"https:\/\/riull.ull.es\/xmlui\/handle\/915\/6022\" target=\"_blank\" rel=\"noopener\" target=\"_blank\" rel=\"noopener\">Consultar normativa del departamento<i class=\"fa fa-arrow-right\"><\/i><\/a>[\/vc_column_text][vc_column_text]<a class=\"btn-destacado\" href=\"https:\/\/drive.google.com\/open?id=1aZ-Vsq3xBj8bQO9WKdlOSrigVBHuQBpo8pJfekDYCZs\" target=\"_blank\" rel=\"noopener\" target=\"_blank\" rel=\"noopener\">Consultar comisiones del departamento<i class=\"fa fa-arrow-right\"><\/i><\/a>[\/vc_column_text][vc_column_text]\n<ul class=\"widget-box\">\n<li class='contacto-header'>Informaci\u00f3n de contacto<\/li><li><i class=\"fa fa-map-marker\"><\/i> Ingenier\u00eda Agraria y del Medio Natural<br \/> Carretera San Miguel de Geneto s\/n<br \/> Escuela Polit\u00e9cnica Superior de Ingenier\u00eda.<br \/> Secci\u00f3n de Ingenier\u00eda Agraria. <br \/>Apartado 456. C\u00f3digo postal 38200. San Crist\u00f3bal de La Laguna. S\/C de Tenerife.<\/li><li><i class=\"fa fa-phone\"><\/i> (+34) 922 31 85 32<\/li><li><i class=\"fa fa-address-book-o\"><\/i> <a target=\"_blank\" href=\"https:\/\/www.ull.es\/directorio\/search\/?busqueda_uo=ingenieria-agraria-medio-natural\">Directorio<\/a><\/li><li><i class=\"fa fa-envelope\"><\/i>  <a href=mailto:depiamn@ull.edu.es>depiamn@ull.edu.es<\/a><\/li>\n<\/ul>\n\n[\/vc_column_text][vc_column_text el_id=\u00bbubicacion\u00bb][\/vc_column_text][\/vc_column][\/vc_row]<\/p>\n","protected":false},"excerpt":{"rendered":"<p>[vc_row][vc_column width=\u00bb2\/3&#8243; el_class=\u00bbpadding-50-right\u00bb css=\u00bb.vc_custom_1494506721665{padding-right: 50px !important;}\u00bb][vc_column_text] Presentaci\u00f3n [\/vc_column_text][vc_column_text el_id=\u00bbpresentacion\u00bb][\/vc_column_text][vc_empty_space height=\u00bb40px\u00bb][vc_column_text el_id=\u00bbareas-de-conocimiento\u00bb][\/vc_column_text][vc_empty_space height=\u00bb40px\u00bb][vc_column_text][\/vc_column_text][\/vc_column][vc_column width=\u00bb1\/3&#8243;][vc_column_text]Consultar normativa del departamento[\/vc_column_text][vc_column_text]Consultar comisiones del departamento[\/vc_column_text][vc_column_text][\/vc_column_text][vc_column_text el_id=\u00bbubicacion\u00bb][\/vc_column_text][\/vc_column][\/vc_row]<\/p>\n","protected":false},"author":1,"featured_media":0,"parent":0,"menu_order":0,"comment_status":"closed","ping_status":"closed","template":"","meta":[],"_links":{"self":[{"href":"https:\/\/www.ull.es\/departamentos\/ingenieria-agraria-medio-natural\/wp-json\/wp\/v2\/pages\/80"}],"collection":[{"href":"https:\/\/www.ull.es\/departamentos\/ingenieria-agraria-medio-natural\/wp-json\/wp\/v2\/pages"}],"about":[{"href":"https:\/\/www.ull.es\/departamentos\/ingenieria-agraria-medio-natural\/wp-json\/wp\/v2\/types\/page"}],"author":[{"embeddable":true,"href":"https:\/\/www.ull.es\/departamentos\/ingenieria-agraria-medio-natural\/wp-json\/wp\/v2\/users\/1"}],"replies":[{"embeddable":true,"href":"https:\/\/www.ull.es\/departamentos\/ingenieria-agraria-medio-natural\/wp-json\/wp\/v2\/comments?post=80"}],"version-history":[{"count":8,"href":"https:\/\/www.ull.es\/departamentos\/ingenieria-agraria-medio-natural\/wp-json\/wp\/v2\/pages\/80\/revisions"}],"predecessor-version":[{"id":186,"href":"https:\/\/www.ull.es\/departamentos\/ingenieria-agraria-medio-natural\/wp-json\/wp\/v2\/pages\/80\/revisions\/186"}],"wp:attachment":[{"href":"https:\/\/www.ull.es\/departamentos\/ingenieria-agraria-medio-natural\/wp-json\/wp\/v2\/media?parent=80"}],"curies":[{"name":"wp","href":"https:\/\/api.w.org\/{rel}","templated":true}]}}