{"id":80,"date":"2017-05-11T12:37:19","date_gmt":"2017-05-11T12:37:19","guid":{"rendered":"http:\/\/www.ull.es\/departamentos\/ingenieria-informatica-sistemas\/?page_id=9"},"modified":"2021-12-21T12:53:39","modified_gmt":"2021-12-21T12:53:39","slug":"informacion-ubicacion-y-contacto","status":"publish","type":"page","link":"https:\/\/www.ull.es\/departamentos\/ingenieria-civil-nautica-y-maritima\/informacion-ubicacion-y-contacto\/","title":{"rendered":"Informaci\u00f3n, ubicaci\u00f3n y contacto"},"content":{"rendered":"<p>[vc_row][vc_column width=\u00bb2\/3&#8243; el_class=\u00bbpadding-50-right\u00bb css=\u00bb.vc_custom_1494506721665{padding-right: 50px !important;}\u00bb][vc_column_text]<\/p>\n<h2>Presentaci\u00f3n<\/h2>\n<p>[\/vc_column_text][vc_column_text el_id=\u00bbpresentacion\u00bb]\n<div class=\"shortcode-descripcion\">\n    <p>Este departamento engloba, promueve y organiza la docencia e investigaci\u00f3n de las \u00e1reas de conocimiento adscritas al mismo.<\/p><\/div>\n\n[\/vc_column_text][vc_empty_space height=\u00bb40px\u00bb][vc_column_text]<\/p>\n<h2>Unidades Departamentales y \u00c1reas de conocimiento<\/h2>\n<p><strong>UD de Ciencias y T\u00e9cnicas de la Navegaci\u00f3n.<\/strong><\/p>\n<ul>\n<li>Ciencias y T\u00e9cnicas de La Navegaci\u00f3n.<\/li>\n<\/ul>\n<p><strong>UD de Ingenier\u00eda Mar\u00edtima.<\/strong><\/p>\n<ul>\n<li>Construcciones Navales.<\/li>\n<li>Ingenier\u00eda de los Procesos de Fabricaci\u00f3n.<\/li>\n<\/ul>\n<p><strong>UD de Ingenier\u00eda Civil.<\/strong><\/p>\n<ul>\n<li>Ingenier\u00eda Hidr\u00e1ulica.<\/li>\n<li>Ingenier\u00eda e Infraestructura de los Transportes.<\/li>\n<\/ul>\n<p>[\/vc_column_text][vc_column_text el_id=\u00bbareas-de-conocimiento\u00bb][\/vc_column_text][vc_empty_space height=\u00bb40px\u00bb][vc_column_text]\n<style>\n    .shortcode-equipo h2 {\n        margin-bottom: 10px !important;\n    }\n<\/style>\n\n<div class=\"shortcode-equipo\">\n    <h2>Equipo de direcci\u00f3n<\/h2><dl><dt><strong>Director<\/strong><\/dt><dd> <a href='https:\/\/www.ull.es\/directorio\/search\/?busqueda=Jos\u00e9 Agust\u00edn Gonz\u00e1lez Almeida' target='_blank'>Jos\u00e9 Agust\u00edn Gonz\u00e1lez Almeida<\/a><\/dd><dt><strong>Subdirector<\/strong><\/dt><dd> <a href='https:\/\/www.ull.es\/directorio\/search\/?busqueda=Eduardo De Miguel Garc\u00eda' target='_blank'>Eduardo De Miguel Garc\u00eda<\/a><\/dd><dt><strong>Secretaria<\/strong><\/dt><dd> <a href='https:\/\/www.ull.es\/directorio\/search\/?busqueda=Alexis Dionis Meli\u00e1n' target='_blank'>Alexis Dionis Meli\u00e1n<\/a><\/dd><\/dl><h2>Personal de administraci\u00f3n<\/h2><dl><dt><strong>Administrativa<\/strong><\/dt><dd> <a href='https:\/\/www.ull.es\/directorio\/search\/?busqueda=Teresa Balbina Alonso Hern\u00e1ndez' target='_blank'>Teresa Balbina Alonso Hern\u00e1ndez<\/a><\/dd><\/dl>\n<\/div>\n[\/vc_column_text][\/vc_column][vc_column width=\u00bb1\/3&#8243;][vc_column_text]<a class=\"btn-destacado\" href=\"https:\/\/riull.ull.es\/xmlui\/handle\/915\/6022\" target=\"_blank\" rel=\"noopener\" target=\"_blank\" rel=\"noopener\">Consultar normativa del departamento<i class=\"fa fa-arrow-right\"><\/i><\/a>[\/vc_column_text][vc_column_text]<a class=\"btn-destacado\" href=\"https:\/\/drive.google.com\/open?id=1aZ-Vsq3xBj8bQO9WKdlOSrigVBHuQBpo8pJfekDYCZs\" target=\"_blank\" rel=\"noopener\" target=\"_blank\" rel=\"noopener\">Consultar comisiones del departamento<i class=\"fa fa-arrow-right\"><\/i><\/a>[\/vc_column_text][vc_column_text]\n<ul class=\"widget-box\">\n<li class='contacto-header'>Informaci\u00f3n de contacto<\/li><li><i class=\"fa fa-map-marker\"><\/i> Departamento de Ingenier\u00eda Civil, N\u00e1utica, y Mar\u00edtima Edificio Departamental de la Secci\u00f3n de N\u00e1utica. Planta baja V\u00eda Auxiliar de Paso Alto, 2 38200 S\/C de Tenerife<\/li><li><i class=\"fa fa-phone\"><\/i> (+34) 922 31 98 29<\/li><li><i class=\"fa fa-address-book-o\"><\/i> <a target=\"_blank\" href=\"https:\/\/www.ull.es\/directorio\/search\/?busqueda_uo=ingenieria-civil,-nautica,-y-maritima\">Directorio<\/a><\/li><li><i class=\"fa fa-envelope\"><\/i>  <a href=mailto:ingcnm@ull.edu.es>ingcnm@ull.edu.es<\/a><\/li>\n<\/ul>\n\n[\/vc_column_text][vc_column_text el_id=\u00bbubicacion\u00bb]\n    \n<style>\n    .google-maps {\n        position: relative;\n        padding-bottom: 75%;\n        height: 0;\n        overflow: hidden;\n    }\n    .google-maps iframe {\n        position: absolute;\n        top: 0;\n        left: 0;\n        width: 100% !important;\n        height: 100% !important;\n    }\n<\/style>\n\n\n<div class=\"google-maps\">\n    <iframe src=\"https:\/\/www.openstreetmap.org\/export\/embed.html?bbox=-16.32205017411%2C28.47479704426%2C-16.31590636452%2C28.48060926654&amp;layer=mapnik&amp;marker=28.47898%2C-16.319224\" style=\"border: 1px solid black\"><\/iframe>\n<\/div>\n\n<div class=\"btn-widget\">\n    <a href=\"https:\/\/www.openstreetmap.org\/directions?engine=graphhopper_car&from=&to=28.47898%2C-16.319224#map=17\/28.47898\/-16.319224\">C\u00f3mo llegar<\/a>  \n<\/div>\n\n  <\/body>\n<\/html>\n\n[\/vc_column_text][\/vc_column][\/vc_row]<\/p>\n","protected":false},"excerpt":{"rendered":"<p>[vc_row][vc_column width=\u00bb2\/3&#8243; el_class=\u00bbpadding-50-right\u00bb css=\u00bb.vc_custom_1494506721665{padding-right: 50px !important;}\u00bb][vc_column_text] Presentaci\u00f3n [\/vc_column_text][vc_column_text el_id=\u00bbpresentacion\u00bb][\/vc_column_text][vc_empty_space height=\u00bb40px\u00bb][vc_column_text] Unidades Departamentales y \u00c1reas de conocimiento UD de Ciencias y T\u00e9cnicas de la Navegaci\u00f3n. Ciencias y T\u00e9cnicas de La Navegaci\u00f3n. UD de Ingenier\u00eda Mar\u00edtima. Construcciones Navales. Ingenier\u00eda de los Procesos de Fabricaci\u00f3n. UD de Ingenier\u00eda Civil. Ingenier\u00eda Hidr\u00e1ulica. Ingenier\u00eda e Infraestructura de los Transportes. [\/vc_column_text][vc_column_text&#8230;<\/p>\n","protected":false},"author":1,"featured_media":0,"parent":0,"menu_order":0,"comment_status":"closed","ping_status":"closed","template":"","meta":[],"_links":{"self":[{"href":"https:\/\/www.ull.es\/departamentos\/ingenieria-civil-nautica-y-maritima\/wp-json\/wp\/v2\/pages\/80"}],"collection":[{"href":"https:\/\/www.ull.es\/departamentos\/ingenieria-civil-nautica-y-maritima\/wp-json\/wp\/v2\/pages"}],"about":[{"href":"https:\/\/www.ull.es\/departamentos\/ingenieria-civil-nautica-y-maritima\/wp-json\/wp\/v2\/types\/page"}],"author":[{"embeddable":true,"href":"https:\/\/www.ull.es\/departamentos\/ingenieria-civil-nautica-y-maritima\/wp-json\/wp\/v2\/users\/1"}],"replies":[{"embeddable":true,"href":"https:\/\/www.ull.es\/departamentos\/ingenieria-civil-nautica-y-maritima\/wp-json\/wp\/v2\/comments?post=80"}],"version-history":[{"count":9,"href":"https:\/\/www.ull.es\/departamentos\/ingenieria-civil-nautica-y-maritima\/wp-json\/wp\/v2\/pages\/80\/revisions"}],"predecessor-version":[{"id":214,"href":"https:\/\/www.ull.es\/departamentos\/ingenieria-civil-nautica-y-maritima\/wp-json\/wp\/v2\/pages\/80\/revisions\/214"}],"wp:attachment":[{"href":"https:\/\/www.ull.es\/departamentos\/ingenieria-civil-nautica-y-maritima\/wp-json\/wp\/v2\/media?parent=80"}],"curies":[{"name":"wp","href":"https:\/\/api.w.org\/{rel}","templated":true}]}}