{"id":110,"date":"2017-05-15T11:57:07","date_gmt":"2017-05-15T11:57:07","guid":{"rendered":"http:\/\/www.ull.es\/departamentos\/ingenieria-informatica-sistemas\/?page_id=110"},"modified":"2022-09-14T06:37:48","modified_gmt":"2022-09-14T06:37:48","slug":"eventos-cientificos","status":"publish","type":"page","link":"https:\/\/www.ull.es\/departamentos\/quimica-organica\/eventos-cientificos\/","title":{"rendered":"Eventos cient\u00edficos"},"content":{"rendered":"<p>[vc_row][vc_column][vc_column_text css=\u00bb.vc_custom_1497441001881{margin-bottom: 50px !important;}\u00bb]<\/p>\n<h1 style=\"text-align: center;\">Eventos cient\u00edficos<\/h1>\n<p>[\/vc_column_text][vc_column_text]<style>\n\n    .row.programa{\n        margin-bottom: 20px;\n    }\n\n    .date {\n        background: #5c068c;\n        color: #fff;\n        text-align: center;\n        font-size: 20px;\n        font-weight: bold;\n        line-height: 80px;\n        border-radius: 4px;\n    }\n\n    .info {\n        background-color: rgb(255, 255, 255);\n        box-shadow: 0 1px 2px rgba(0,0,0,.05);\n        border: solid 1px #ddd;\n        border-radius: 4px;\n        padding: 16px;\n    }\n\n    .info h2 {\n        font-size: 18px;\n        font-weight: bold;\n        margin: 0;\n        padding: 0;\n        margin-bottom: 6px;\n    }\n\n    .info .venue,.info .dates {\n        color: #808080;\n        font-size: 12px;\n    }\n\n    .info .desc {\n        padding: 8px 0;\n        margin-top: 8px;\n        border-top: solid 1px #f1f1f1;\n        font-size: 13px;\n        text-align: justify;\n    }\n\n    .info .more-info{\n        font-size: 13px;\n        text-decoration: none;\n    }\n\n<\/style>\n\n\n    <div class=\"row programa\">\n\n        <div class=\"col-md-10 col-md-offset-1\">\n            <div class=\"info\">\n                <h2 class=\"title\"><a target=\"_blank\" href=\"https:\/\/www.ull.es\/portal\/agenda\/evento\/olimpiada-de-quimica-2026-fase-autonomica-canaria\/\">Olimpiada de Qu\u00edmica 2026. Fase Auton\u00f3mica Canaria<\/a><\/h2>\n\n                                    <div class=\"dates\"><i class=\"fa fa-calendar-o\"><\/i>\n                         05\/03\/26 - 05\/03\/26                    <\/div>\n                                    <div class=\"venue\"><i class=\"fa fa-map-marker\"><\/i> Secci\u00f3n de Qu\u00edmica<\/div>\n                \n                <a target=\"_blank\" href=\"https:\/\/www.ull.es\/portal\/agenda\/evento\/olimpiada-de-quimica-2026-fase-autonomica-canaria\/\" class=\"more-info\">M\u00e1s informaci\u00f3n<\/a>\n\n\n            <\/div>\n        <\/div>\n    <\/div>\n\n    <div class=\"row programa\">\n\n        <div class=\"col-md-10 col-md-offset-1\">\n            <div class=\"info\">\n                <h2 class=\"title\"><a target=\"_blank\" href=\"https:\/\/www.ull.es\/portal\/agenda\/evento\/xxvii-semana-cientifica-antonio-gonzalez\/\">XXVII Semana Cient\u00edfica Antonio Gonz\u00e1lez<\/a><\/h2>\n\n                                    <div class=\"dates\"><i class=\"fa fa-calendar-o\"><\/i>\n                         28\/10\/25 - 31\/10\/25                    <\/div>\n                                    <div class=\"venue\"><i class=\"fa fa-map-marker\"><\/i> Sal\u00f3n de actos del Instituto Universitario de Bio-org\u00e1nica Antonio Gonz\u00e1lez<\/div>\n                \n                <a target=\"_blank\" href=\"https:\/\/www.ull.es\/portal\/agenda\/evento\/xxvii-semana-cientifica-antonio-gonzalez\/\" class=\"more-info\">M\u00e1s informaci\u00f3n<\/a>\n\n\n            <\/div>\n        <\/div>\n    <\/div>\n\n    <div class=\"row programa\">\n\n        <div class=\"col-md-10 col-md-offset-1\">\n            <div class=\"info\">\n                <h2 class=\"title\"><a target=\"_blank\" href=\"https:\/\/www.ull.es\/portal\/agenda\/evento\/45a-reunion-del-grupo-de-electroquimica-de-la-real-sociedad-espanola-de-quimica\/\">45\u00aa Reuni\u00f3n del Grupo de Electroqu\u00edmica de la Real Sociedad Espa\u00f1ola de Qu\u00edmica<\/a><\/h2>\n\n                                    <div class=\"dates\"><i class=\"fa fa-calendar-o\"><\/i>\n                         15\/07\/25 - 18\/07\/25                    <\/div>\n                                    <div class=\"venue\"><i class=\"fa fa-map-marker\"><\/i> Facultad de Econom\u00eda, Empresa y Turismo<\/div>\n                \n                <a target=\"_blank\" href=\"https:\/\/www.ull.es\/portal\/agenda\/evento\/45a-reunion-del-grupo-de-electroquimica-de-la-real-sociedad-espanola-de-quimica\/\" class=\"more-info\">M\u00e1s informaci\u00f3n<\/a>\n\n\n            <\/div>\n        <\/div>\n    <\/div>\n\n    <div class=\"row programa\">\n\n        <div class=\"col-md-10 col-md-offset-1\">\n            <div class=\"info\">\n                <h2 class=\"title\"><a target=\"_blank\" href=\"https:\/\/www.ull.es\/portal\/agenda\/evento\/mesa-redonda-mujer-trabajo-y-sociedad\/\">Mesa redonda: 'Mujer, trabajo y sociedad'<\/a><\/h2>\n\n                                    <div class=\"dates\"><i class=\"fa fa-calendar-o\"><\/i>\n                         12\/03\/25 - 12\/03\/25                    <\/div>\n                                    <div class=\"venue\"><i class=\"fa fa-map-marker\"><\/i> Secci\u00f3n de Qu\u00edmica<\/div>\n                \n                <a target=\"_blank\" href=\"https:\/\/www.ull.es\/portal\/agenda\/evento\/mesa-redonda-mujer-trabajo-y-sociedad\/\" class=\"more-info\">M\u00e1s informaci\u00f3n<\/a>\n\n\n            <\/div>\n        <\/div>\n    <\/div>\n\n    <div class=\"row programa\">\n\n        <div class=\"col-md-10 col-md-offset-1\">\n            <div class=\"info\">\n                <h2 class=\"title\"><a target=\"_blank\" href=\"https:\/\/www.ull.es\/portal\/agenda\/evento\/seminario-investigadoras-por-la-transicion-ecologica-y-la-innovacion-17\/\">Seminario: \u2018Investigadoras por la Transici\u00f3n Ecol\u00f3gica y la Innovaci\u00f3n\u2019<\/a><\/h2>\n\n                                    <div class=\"dates\"><i class=\"fa fa-calendar-o\"><\/i>\n                         04\/12\/24 - 04\/12\/24                    <\/div>\n                                    <div class=\"venue\"><i class=\"fa fa-map-marker\"><\/i> Sal\u00f3n de grados de la Secci\u00f3n de Qu\u00edmica<\/div>\n                \n                <a target=\"_blank\" href=\"https:\/\/www.ull.es\/portal\/agenda\/evento\/seminario-investigadoras-por-la-transicion-ecologica-y-la-innovacion-17\/\" class=\"more-info\">M\u00e1s informaci\u00f3n<\/a>\n\n\n            <\/div>\n        <\/div>\n    <\/div>\n\n    <div class=\"row programa\">\n\n        <div class=\"col-md-10 col-md-offset-1\">\n            <div class=\"info\">\n                <h2 class=\"title\"><a target=\"_blank\" href=\"https:\/\/www.ull.es\/portal\/agenda\/evento\/conferencia-tecnologia-supercritica-aplicada-al-procesamiento-de-alimentos\/\">Conferencia: Tecnolog\u00eda supercr\u00edtica aplicada al procesamiento de alimentos<\/a><\/h2>\n\n                                    <div class=\"dates\"><i class=\"fa fa-calendar-o\"><\/i>\n                         17\/10\/24 - 17\/10\/24                    <\/div>\n                                    <div class=\"venue\"><i class=\"fa fa-map-marker\"><\/i> Secci\u00f3n de Qu\u00edmica<\/div>\n                \n                <a target=\"_blank\" href=\"https:\/\/www.ull.es\/portal\/agenda\/evento\/conferencia-tecnologia-supercritica-aplicada-al-procesamiento-de-alimentos\/\" class=\"more-info\">M\u00e1s informaci\u00f3n<\/a>\n\n\n            <\/div>\n        <\/div>\n    <\/div>\n\n    <div class=\"row programa\">\n\n        <div class=\"col-md-10 col-md-offset-1\">\n            <div class=\"info\">\n                <h2 class=\"title\"><a target=\"_blank\" href=\"https:\/\/www.ull.es\/portal\/agenda\/evento\/xxvi-semana-cientifica-antonio-gonzalez\/\">XXVI Semana Cient\u00edfica Antonio Gonz\u00e1lez<\/a><\/h2>\n\n                                    <div class=\"dates\"><i class=\"fa fa-calendar-o\"><\/i>\n                         01\/10\/24 - 04\/10\/24                    <\/div>\n                                    <div class=\"venue\"><i class=\"fa fa-map-marker\"><\/i> Sal\u00f3n de Actos del IUBO<\/div>\n                \n                <a target=\"_blank\" href=\"https:\/\/www.ull.es\/portal\/agenda\/evento\/xxvi-semana-cientifica-antonio-gonzalez\/\" class=\"more-info\">M\u00e1s informaci\u00f3n<\/a>\n\n\n            <\/div>\n        <\/div>\n    <\/div>\n\n    <div class=\"row programa\">\n\n        <div class=\"col-md-10 col-md-offset-1\">\n            <div class=\"info\">\n                <h2 class=\"title\"><a target=\"_blank\" href=\"https:\/\/www.ull.es\/portal\/agenda\/evento\/xxix-reunion-bienal-de-quimica-organica\/\">XXIX Reuni\u00f3n Bienal de Qu\u00edmica Org\u00e1nica<\/a><\/h2>\n\n                                    <div class=\"dates\"><i class=\"fa fa-calendar-o\"><\/i>\n                         26\/06\/24 - 28\/06\/24                    <\/div>\n                                    <div class=\"venue\"><i class=\"fa fa-map-marker\"><\/i> Auditorio Ad\u00e1n Mart\u00edn<\/div>\n                \n                <a target=\"_blank\" href=\"https:\/\/www.ull.es\/portal\/agenda\/evento\/xxix-reunion-bienal-de-quimica-organica\/\" class=\"more-info\">M\u00e1s informaci\u00f3n<\/a>\n\n\n            <\/div>\n        <\/div>\n    <\/div>\n\n    <div class=\"row programa\">\n\n        <div class=\"col-md-10 col-md-offset-1\">\n            <div class=\"info\">\n                <h2 class=\"title\"><a target=\"_blank\" href=\"https:\/\/www.ull.es\/portal\/agenda\/evento\/xxv-semana-cientifica-antonio-gonzalez\/\">XXV Semana Cient\u00edfica \u00abAntonio Gonz\u00e1lez\u00bb<\/a><\/h2>\n\n                                    <div class=\"dates\"><i class=\"fa fa-calendar-o\"><\/i>\n                         03\/10\/23 - 06\/10\/23                    <\/div>\n                                    <div class=\"venue\"><i class=\"fa fa-map-marker\"><\/i> Sal\u00f3n de actos del Instituto Universitario de Bio-org\u00e1nica Antonio Gonz\u00e1lez<\/div>\n                \n                <a target=\"_blank\" href=\"https:\/\/www.ull.es\/portal\/agenda\/evento\/xxv-semana-cientifica-antonio-gonzalez\/\" class=\"more-info\">M\u00e1s informaci\u00f3n<\/a>\n\n\n            <\/div>\n        <\/div>\n    <\/div>\n\n    <div class=\"row programa\">\n\n        <div class=\"col-md-10 col-md-offset-1\">\n            <div class=\"info\">\n                <h2 class=\"title\"><a target=\"_blank\" href=\"https:\/\/www.ull.es\/portal\/agenda\/evento\/olimpiada-de-quimica-2023-fase-autonomica\/\">Olimpiada de Qu\u00edmica 2023 (Fase Auton\u00f3mica)<\/a><\/h2>\n\n                                    <div class=\"dates\"><i class=\"fa fa-calendar-o\"><\/i>\n                         02\/03\/23 - 02\/03\/23                    <\/div>\n                                    <div class=\"venue\"><i class=\"fa fa-map-marker\"><\/i> Online<\/div>\n                \n                <a target=\"_blank\" href=\"https:\/\/www.ull.es\/portal\/agenda\/evento\/olimpiada-de-quimica-2023-fase-autonomica\/\" class=\"more-info\">M\u00e1s informaci\u00f3n<\/a>\n\n\n            <\/div>\n        <\/div>\n    <\/div>\n\n    <div class=\"row programa\">\n\n        <div class=\"col-md-10 col-md-offset-1\">\n            <div class=\"info\">\n                <h2 class=\"title\"><a target=\"_blank\" href=\"https:\/\/www.ull.es\/portal\/agenda\/evento\/xxiv-semana-cientifica-antonio-gonzalez\/\">XXIV Semana Cient\u00edfica \"Antonio Gonz\u00e1lez\"<\/a><\/h2>\n\n                                    <div class=\"dates\"><i class=\"fa fa-calendar-o\"><\/i>\n                         04\/10\/22 - 07\/10\/22                    <\/div>\n                                    <div class=\"venue\"><i class=\"fa fa-map-marker\"><\/i> Sal\u00f3n de actos del Instituto Universitario de Bio-org\u00e1nica Antonio Gonz\u00e1lez<\/div>\n                \n                <a target=\"_blank\" href=\"https:\/\/www.ull.es\/portal\/agenda\/evento\/xxiv-semana-cientifica-antonio-gonzalez\/\" class=\"more-info\">M\u00e1s informaci\u00f3n<\/a>\n\n\n            <\/div>\n        <\/div>\n    <\/div>\n\n    <div class=\"row programa\">\n\n        <div class=\"col-md-10 col-md-offset-1\">\n            <div class=\"info\">\n                <h2 class=\"title\"><a target=\"_blank\" href=\"https:\/\/www.ull.es\/portal\/agenda\/evento\/simposio-the-power-of-chemical-synthesis-and-characterization\/\">Simposio: \"The power of chemical synthesis and characterization\"<\/a><\/h2>\n\n                                    <div class=\"dates\"><i class=\"fa fa-calendar-o\"><\/i>\n                         27\/04\/22 - 27\/04\/22                    <\/div>\n                                    <div class=\"venue\"><i class=\"fa fa-map-marker\"><\/i> Aula Magna de F\u00edsica y Matem\u00e1ticas<\/div>\n                \n                <a target=\"_blank\" href=\"https:\/\/www.ull.es\/portal\/agenda\/evento\/simposio-the-power-of-chemical-synthesis-and-characterization\/\" class=\"more-info\">M\u00e1s informaci\u00f3n<\/a>\n\n\n            <\/div>\n        <\/div>\n    <\/div>\n\n    <div class=\"row programa\">\n\n        <div class=\"col-md-10 col-md-offset-1\">\n            <div class=\"info\">\n                <h2 class=\"title\"><a target=\"_blank\" href=\"https:\/\/www.ull.es\/portal\/agenda\/evento\/olimpiada-de-quimica-2022-fase-autonomica\/\">Olimpiada de Qu\u00edmica 2022 (Fase Auton\u00f3mica)<\/a><\/h2>\n\n                                    <div class=\"dates\"><i class=\"fa fa-calendar-o\"><\/i>\n                         10\/03\/22 - 10\/03\/22                    <\/div>\n                                    <div class=\"venue\"><i class=\"fa fa-map-marker\"><\/i> Online<\/div>\n                \n                <a target=\"_blank\" href=\"https:\/\/www.ull.es\/portal\/agenda\/evento\/olimpiada-de-quimica-2022-fase-autonomica\/\" class=\"more-info\">M\u00e1s informaci\u00f3n<\/a>\n\n\n            <\/div>\n        <\/div>\n    <\/div>\n\n    <div class=\"row programa\">\n\n        <div class=\"col-md-10 col-md-offset-1\">\n            <div class=\"info\">\n                <h2 class=\"title\"><a target=\"_blank\" href=\"https:\/\/www.ull.es\/portal\/agenda\/evento\/xvi-congreso-de-estudiantes-de-la-seccion-de-quimica-3\/\">XVI Congreso de Estudiantes de la Secci\u00f3n de Qu\u00edmica<\/a><\/h2>\n\n                                    <div class=\"dates\"><i class=\"fa fa-calendar-o\"><\/i>\n                         13\/04\/21 - 15\/04\/21                    <\/div>\n                                    <div class=\"venue\"><i class=\"fa fa-map-marker\"><\/i> Online<\/div>\n                \n                <a target=\"_blank\" href=\"https:\/\/www.ull.es\/portal\/agenda\/evento\/xvi-congreso-de-estudiantes-de-la-seccion-de-quimica-3\/\" class=\"more-info\">M\u00e1s informaci\u00f3n<\/a>\n\n\n            <\/div>\n        <\/div>\n    <\/div>\n\n    <div class=\"row programa\">\n\n        <div class=\"col-md-10 col-md-offset-1\">\n            <div class=\"info\">\n                <h2 class=\"title\"><a target=\"_blank\" href=\"https:\/\/www.ull.es\/portal\/agenda\/evento\/olimpiada-de-quimica-2021-fase-autonomica\/\">Olimpiada de Qu\u00edmica 2021 (fase auton\u00f3mica)<\/a><\/h2>\n\n                                    <div class=\"dates\"><i class=\"fa fa-calendar-o\"><\/i>\n                         05\/03\/21 - 05\/03\/21                    <\/div>\n                                    <div class=\"venue\"><i class=\"fa fa-map-marker\"><\/i> Online<\/div>\n                \n                <a target=\"_blank\" href=\"https:\/\/www.ull.es\/portal\/agenda\/evento\/olimpiada-de-quimica-2021-fase-autonomica\/\" class=\"more-info\">M\u00e1s informaci\u00f3n<\/a>\n\n\n            <\/div>\n        <\/div>\n    <\/div>\n\n    <div class=\"row programa\">\n\n        <div class=\"col-md-10 col-md-offset-1\">\n            <div class=\"info\">\n                <h2 class=\"title\"><a target=\"_blank\" href=\"https:\/\/www.ull.es\/portal\/agenda\/evento\/jornada-informativa-h2020-programa-ercprograma-fet\/\">Jornada informativa H2020: Programa ERC+Programa FET<\/a><\/h2>\n\n                                    <div class=\"dates\"><i class=\"fa fa-calendar-o\"><\/i>\n                         05\/12\/19 - 05\/12\/19                    <\/div>\n                                    <div class=\"venue\"><i class=\"fa fa-map-marker\"><\/i> Aula Magna del Edificio Central<\/div>\n                \n                <a target=\"_blank\" href=\"https:\/\/www.ull.es\/portal\/agenda\/evento\/jornada-informativa-h2020-programa-ercprograma-fet\/\" class=\"more-info\">M\u00e1s informaci\u00f3n<\/a>\n\n\n            <\/div>\n        <\/div>\n    <\/div>\n\n    <div class=\"row programa\">\n\n        <div class=\"col-md-10 col-md-offset-1\">\n            <div class=\"info\">\n                <h2 class=\"title\"><a target=\"_blank\" href=\"https:\/\/www.ull.es\/portal\/agenda\/evento\/xxiii-semana-cientifica-antonio-gonzalez\/\">XXIII Semana Cient\u00edfica Antonio Gonz\u00e1lez<\/a><\/h2>\n\n                                    <div class=\"dates\"><i class=\"fa fa-calendar-o\"><\/i>\n                         01\/10\/19 - 04\/10\/19                    <\/div>\n                                    <div class=\"venue\"><i class=\"fa fa-map-marker\"><\/i> Sal\u00f3n de Actos del IUBO<\/div>\n                \n                <a target=\"_blank\" href=\"https:\/\/www.ull.es\/portal\/agenda\/evento\/xxiii-semana-cientifica-antonio-gonzalez\/\" class=\"more-info\">M\u00e1s informaci\u00f3n<\/a>\n\n\n            <\/div>\n        <\/div>\n    <\/div>\n[\/vc_column_text][\/vc_column][\/vc_row]<\/p>\n","protected":false},"excerpt":{"rendered":"<p>[vc_row][vc_column][vc_column_text css=\u00bb.vc_custom_1497441001881{margin-bottom: 50px !important;}\u00bb] Eventos cient\u00edficos [\/vc_column_text][vc_column_text][\/vc_column_text][\/vc_column][\/vc_row]<\/p>\n","protected":false},"author":1,"featured_media":0,"parent":0,"menu_order":0,"comment_status":"closed","ping_status":"closed","template":"","meta":[],"_links":{"self":[{"href":"https:\/\/www.ull.es\/departamentos\/quimica-organica\/wp-json\/wp\/v2\/pages\/110"}],"collection":[{"href":"https:\/\/www.ull.es\/departamentos\/quimica-organica\/wp-json\/wp\/v2\/pages"}],"about":[{"href":"https:\/\/www.ull.es\/departamentos\/quimica-organica\/wp-json\/wp\/v2\/types\/page"}],"author":[{"embeddable":true,"href":"https:\/\/www.ull.es\/departamentos\/quimica-organica\/wp-json\/wp\/v2\/users\/1"}],"replies":[{"embeddable":true,"href":"https:\/\/www.ull.es\/departamentos\/quimica-organica\/wp-json\/wp\/v2\/comments?post=110"}],"version-history":[{"count":12,"href":"https:\/\/www.ull.es\/departamentos\/quimica-organica\/wp-json\/wp\/v2\/pages\/110\/revisions"}],"predecessor-version":[{"id":324,"href":"https:\/\/www.ull.es\/departamentos\/quimica-organica\/wp-json\/wp\/v2\/pages\/110\/revisions\/324"}],"wp:attachment":[{"href":"https:\/\/www.ull.es\/departamentos\/quimica-organica\/wp-json\/wp\/v2\/media?parent=110"}],"curies":[{"name":"wp","href":"https:\/\/api.w.org\/{rel}","templated":true}]}}