{"id":83,"date":"2017-05-11T12:37:19","date_gmt":"2017-05-11T12:37:19","guid":{"rendered":"http:\/\/www.ull.es\/departamentos\/ingenieria-informatica-sistemas\/?page_id=9"},"modified":"2018-06-13T10:30:42","modified_gmt":"2018-06-13T10:30:42","slug":"informacion-ubicacion-y-contacto","status":"publish","type":"page","link":"https:\/\/www.ull.es\/departamentos\/quimica\/informacion-ubicacion-y-contacto\/","title":{"rendered":"Informaci\u00f3n, ubicaci\u00f3n y contacto"},"content":{"rendered":"<p>[vc_row][vc_column width=\u00bb2\/3&#8243; el_class=\u00bbpadding-50-right\u00bb css=\u00bb.vc_custom_1494506721665{padding-right: 50px !important;}\u00bb][vc_column_text]<\/p>\n<h1>Presentaci\u00f3n<\/h1>\n<p>[\/vc_column_text][vc_column_text el_id=\u00bbpresentacion\u00bb]\n<div class=\"shortcode-descripcion\">\n    <p>El departamento de Qu\u00edmica es el responsable de organizar, desarrollar y coordinar las ense\u00f1anzas propias de sus \u00e1reas de conocimiento. Asimismo es el encargado de apoyar la actividad investigadora de sus grupos de investigaci\u00f3n.\r\n\r\nSe constituy\u00f3 como tal en el a\u00f1o 2014 tras la fusi\u00f3n de los antiguos departamentos de Qu\u00edmica Anal\u00edtica, Qu\u00edmica Inorg\u00e1nica y Qu\u00edmica F\u00edsica.\r\n\r\nSu sede f\u00edsica est\u00e1 situada en edificio de la Secci\u00f3n de Qu\u00edmica del Campus de Anchieta. Actualmente imparte docencia en la Facultad de Ciencias, Facultad de Farmacia, Facultad de Bellas Artes y  Escuela Superior de Ingenier\u00eda y Tecnolog\u00eda. Asimismo, participa activamente en la docencia de posgrados universitarios y en el programa de doctorado en Qu\u00edmica e Ingenier\u00eda Qu\u00edmica.<\/p><\/div>\n\n[\/vc_column_text][vc_empty_space height=\u00bb40px\u00bb][vc_column_text el_id=\u00bbareas-de-conocimiento\u00bb]\n<style>\n    .shortcode-areas h2 {\n        margin-bottom: 10px !important;\n    }\n<\/style>\n\n<div class=\"shortcode-areas\">\n    <h2>\u00c1reas de conocimiento<\/h2><ul><li>Qu\u00edmica Inorg\u00e1nica<\/li><li>Qu\u00edmica F\u00edsica<\/li><li>Qu\u00edmica Anal\u00edtica<\/li><\/ul><\/div>\n\n[\/vc_column_text][vc_empty_space height=\u00bb40px\u00bb][vc_column_text el_id=\u00bborganigrama\u00bb]<\/p>\n<h1>Organigrama<\/h1>\n<p>[\/vc_column_text][vc_column_text]\n<style>\n    .shortcode-equipo h2 {\n        margin-bottom: 10px !important;\n    }\n<\/style>\n\n<div class=\"shortcode-equipo\">\n    <h2>Equipo de direcci\u00f3n<\/h2><dl><dt><strong>Directora<\/strong><\/dt><dd> <a href='https:\/\/www.ull.es\/directorio\/search\/?busqueda=Ana Isabel Jim\u00e9nez Abizanda' target='_blank'>Ana Isabel Jim\u00e9nez Abizanda<\/a><\/dd><dt><strong>Subdirector<\/strong><\/dt><dd> <a href='https:\/\/www.ull.es\/directorio\/search\/?busqueda=Jorge Pas\u00e1n Garc\u00eda' target='_blank'>Jorge Pas\u00e1n Garc\u00eda<\/a><\/dd><dt><strong>Secretario<\/strong><\/dt><dd> <a href='https:\/\/www.ull.es\/directorio\/search\/?busqueda=Javier Izquierdo P\u00e9rez' target='_blank'>Javier Izquierdo P\u00e9rez<\/a><\/dd><\/dl><h2>Personal de administraci\u00f3n<\/h2><dl><dt><strong>Administrativo<\/strong><\/dt><dd> <a href='https:\/\/www.ull.es\/directorio\/search\/?busqueda=Manuel Valencia Hern\u00e1ndez' target='_blank'>Manuel Valencia Hern\u00e1ndez<\/a><\/dd><dt><strong>Administrativa<\/strong><\/dt><dd> <a href='https:\/\/www.ull.es\/directorio\/search\/?busqueda=Beatriz G\u00f3mez Hern\u00e1ndez' target='_blank'>Beatriz G\u00f3mez Hern\u00e1ndez<\/a><\/dd><dt><strong>T\u00e9cnicos de laboratorio<\/strong><\/dt><dd> <a href='https:\/\/www.ull.es\/directorio\/search\/?busqueda=Domingo Luis Navarro Trujillo' target='_blank'>Domingo Luis Navarro Trujillo<\/a><\/dd><dd> <a href='https:\/\/www.ull.es\/directorio\/search\/?busqueda=Jos\u00e9 Luis Estrada Rodr\u00edguez' target='_blank'>Jos\u00e9 Luis Estrada Rodr\u00edguez<\/a><\/dd><dd> <a href='https:\/\/www.ull.es\/directorio\/search\/?busqueda=M\u00aa del Cristo Trujillo Ram\u00edrez' target='_blank'>M\u00aa del Cristo Trujillo Ram\u00edrez<\/a><\/dd><dd> <a href='https:\/\/www.ull.es\/directorio\/search\/?busqueda=Dulce Mar\u00eda Rodr\u00edguez Bahamonde' target='_blank'>Dulce Mar\u00eda Rodr\u00edguez Bahamonde<\/a><\/dd><dt><strong>Oficiales de laboratorio<\/strong><\/dt><dd> <a href='https:\/\/www.ull.es\/directorio\/search\/?busqueda=Concepci\u00f3n Acosta Meli\u00e1n' target='_blank'>Concepci\u00f3n Acosta Meli\u00e1n<\/a><\/dd><dd> <a href='https:\/\/www.ull.es\/directorio\/search\/?busqueda=Francisco Ruiz Garc\u00eda' target='_blank'>Francisco Ruiz Garc\u00eda<\/a><\/dd><dd> <a href='https:\/\/www.ull.es\/directorio\/search\/?busqueda=Nuria Esther \u00c1lvarez Regalado' target='_blank'>Nuria Esther \u00c1lvarez Regalado<\/a><\/dd><dd> <a href='https:\/\/www.ull.es\/directorio\/search\/?busqueda=Fernando de Le\u00f3n Fortuny' target='_blank'>Fernando de Le\u00f3n Fortuny<\/a><\/dd><\/dl>\n<\/div>\n[\/vc_column_text][\/vc_column][vc_column width=\u00bb1\/3&#8243;][vc_column_text]<a class=\"btn-destacado\" href=\"https:\/\/riull.ull.es\/xmlui\/handle\/915\/6066\" target=\"_blank\" rel=\"noopener\" target=\"_blank\" rel=\"noopener\">Consultar normativa del departamento<i class=\"fa fa-arrow-right\"><\/i><\/a>[\/vc_column_text][vc_column_text]<a class=\"btn-destacado\" href=\"https:\/\/docs.google.com\/spreadsheets\/d\/e\/2PACX-1vSms8FV_4-zx9bkLM7YTMn6_nMnEzKpG2e398gZmUjMpBIce5yWVyqOwIS7l8ke4U1WNQeZDOkDz-0z\/pubhtml\" target=\"_blank\" rel=\"noopener\" target=\"_blank\" rel=\"noopener\">Consultar comisiones del departamento<i class=\"fa fa-arrow-right\"><\/i><\/a>[\/vc_column_text][vc_column_text]\n<ul class=\"widget-box\">\n<li class='contacto-header'>Informaci\u00f3n de contacto<\/li><li><i class=\"fa fa-map-marker\"><\/i> Avenida Astrof\u00edsico Francisco S\u00e1nchez, s\/n. Facultad de Ciencias. secci\u00f3n de Qu\u00edmica. Apartado 456. C\u00f3digo postal 38200. San Crist\u00f3bal de La Laguna. S\/C de Tenerife<\/li><li><i class=\"fa fa-phone\"><\/i> (+34) 922 31 84 58<\/li><li><i class=\"fa fa-address-book-o\"><\/i> <a target=\"_blank\" href=\"https:\/\/www.ull.es\/directorio\/search\/?busqueda_uo=quimica\">Directorio<\/a><\/li><li><i class=\"fa fa-envelope\"><\/i>  <a href=mailto:quimica@ull.es>quimica@ull.es<\/a><\/li>\n<\/ul>\n\n[\/vc_column_text][vc_column_text el_id=\u00bbubicacion\u00bb]\n    \n<style>\n    .google-maps {\n        position: relative;\n        padding-bottom: 75%;\n        height: 0;\n        overflow: hidden;\n    }\n    .google-maps iframe {\n        position: absolute;\n        top: 0;\n        left: 0;\n        width: 100% !important;\n        height: 100% !important;\n    }\n<\/style>\n\n\n<div class=\"google-maps\">\n    <iframe src=\"https:\/\/www.openstreetmap.org\/export\/embed.html?bbox=-16.32501517411%2C28.47526704426%2C-16.31887136452%2C28.48107926654&amp;layer=mapnik&amp;marker=28.479450%2C-16.322189\" style=\"border: 1px solid black\"><\/iframe>\n<\/div>\n\n<div class=\"btn-widget\">\n    <a href=\"https:\/\/www.openstreetmap.org\/directions?engine=graphhopper_car&from=&to=28.479450%2C-16.322189#map=17\/28.479450\/-16.322189\">C\u00f3mo llegar<\/a>  \n<\/div>\n\n  <\/body>\n<\/html>\n\n[\/vc_column_text][\/vc_column][\/vc_row]<\/p>\n","protected":false},"excerpt":{"rendered":"<p>[vc_row][vc_column width=\u00bb2\/3&#8243; el_class=\u00bbpadding-50-right\u00bb css=\u00bb.vc_custom_1494506721665{padding-right: 50px !important;}\u00bb][vc_column_text] Presentaci\u00f3n [\/vc_column_text][vc_column_text el_id=\u00bbpresentacion\u00bb][\/vc_column_text][vc_empty_space height=\u00bb40px\u00bb][vc_column_text el_id=\u00bbareas-de-conocimiento\u00bb][\/vc_column_text][vc_empty_space height=\u00bb40px\u00bb][vc_column_text el_id=\u00bborganigrama\u00bb] Organigrama [\/vc_column_text][vc_column_text][\/vc_column_text][\/vc_column][vc_column width=\u00bb1\/3&#8243;][vc_column_text]Consultar normativa del departamento[\/vc_column_text][vc_column_text]Consultar comisiones del departamento[\/vc_column_text][vc_column_text][\/vc_column_text][vc_column_text el_id=\u00bbubicacion\u00bb][\/vc_column_text][\/vc_column][\/vc_row]<\/p>\n","protected":false},"author":1,"featured_media":0,"parent":0,"menu_order":0,"comment_status":"closed","ping_status":"closed","template":"","meta":[],"_links":{"self":[{"href":"https:\/\/www.ull.es\/departamentos\/quimica\/wp-json\/wp\/v2\/pages\/83"}],"collection":[{"href":"https:\/\/www.ull.es\/departamentos\/quimica\/wp-json\/wp\/v2\/pages"}],"about":[{"href":"https:\/\/www.ull.es\/departamentos\/quimica\/wp-json\/wp\/v2\/types\/page"}],"author":[{"embeddable":true,"href":"https:\/\/www.ull.es\/departamentos\/quimica\/wp-json\/wp\/v2\/users\/1"}],"replies":[{"embeddable":true,"href":"https:\/\/www.ull.es\/departamentos\/quimica\/wp-json\/wp\/v2\/comments?post=83"}],"version-history":[{"count":24,"href":"https:\/\/www.ull.es\/departamentos\/quimica\/wp-json\/wp\/v2\/pages\/83\/revisions"}],"predecessor-version":[{"id":295,"href":"https:\/\/www.ull.es\/departamentos\/quimica\/wp-json\/wp\/v2\/pages\/83\/revisions\/295"}],"wp:attachment":[{"href":"https:\/\/www.ull.es\/departamentos\/quimica\/wp-json\/wp\/v2\/media?parent=83"}],"curies":[{"name":"wp","href":"https:\/\/api.w.org\/{rel}","templated":true}]}}