{"id":21,"date":"2018-02-22T11:07:35","date_gmt":"2018-02-22T11:07:35","guid":{"rendered":"http:\/\/localhost\/ull\/doctorados\/?page_id=21"},"modified":"2026-03-19T11:58:24","modified_gmt":"2026-03-19T11:58:24","slug":"entidades-participantes","status":"publish","type":"page","link":"https:\/\/www.ull.es\/doctorados\/arte-humanidades\/entidades-participantes\/","title":{"rendered":"Entidades participantes"},"content":{"rendered":"<h1>Entidades participantes<\/h1>\n<h3><strong>Otras colaboraciones<\/strong><\/h3>\n<p>En cuanto a Movilidad, se pueden acreditar documentalmente los convenios que constan a continuaci\u00f3n, relativos al\u00a0Doctorado.<\/p>\n<p>C\u00f3digo \u00a0 \u00a0 \u00a0 \u00a0 \u00a0 \u00a0 \u00a0 \u00a0 \u00a0 \u00a0 \u00a0 \u00a0 \u00a0 Universidad \u00a0 \u00a0 \u00a0 \u00a0 \u00a0 \u00a0 \u00a0 \u00a0 \u00a0 \u00a0 \u00a0 \u00a0 \u00a0 \u00a0 \u00a0 \u00a0 \u00a0 Fechas \u00a0 \u00a0 \u00a0 \u00a0 \u00a0 \u00a0 \u00a0 Ciudad<\/p>\n<p>A WIEN01 \u00a0 \u00a0 \u00a0 \u00a0 \u00a0 \u00a0 \u00a0 \u00a0 \u00a0 \u00a0 Universit\u00e4t Wien \u00a0 \u00a0 \u00a0 \u00a0 \u00a0 \u00a0 \u00a0 \u00a0 \u00a0 \u00a0 \u00a0 \u00a0 \u00a0 \u00a02014\/2021 \u00a0 \u00a0 \u00a0 \u00a0 \u00a0Wien<\/p>\n<p>BG VELIKO01 \u00a0 \u00a0 \u00a0 \u00a0 \u00a0 \u00a0 \u00a0\u00a0\u00abSt. Cyril And St. Methodius\u00bb \u00a0 \u00a0 \u00a0 \u00a02014\/2020 \u00a0 \u00a0 \u00a0 \u00a0 \u00a0Veliko-Turnovo<\/p>\n<p>University Veliko Tarnovo<\/p>\n<p>CZ BRNO05 \u00a0 \u00a0 \u00a0 \u00a0 \u00a0 \u00a0 \u00a0 \u00a0 \u00a0 Masaryk University \u00a0 \u00a0 \u00a0 \u00a0 \u00a0 \u00a0 \u00a0 \u00a0 \u00a0 \u00a0 \u00a0 2014\/2021 \u00a0 \u00a0 \u00a0 \u00a0 \u00a0Bmo<\/p>\n<p>D HEIDELB01 \u00a0 \u00a0 \u00a0 \u00a0 \u00a0 \u00a0 \u00a0 \u00a0Universit\u00e4t Heidelberg \u00a0 \u00a0 \u00a0 \u00a0 \u00a0 \u00a0 \u00a0 \u00a0 \u00a02014\/2020 \u00a0 \u00a0 \u00a0 \u00a0 \u00a0Heidelberg<\/p>\n<p>D KIEL01 \u00a0 \u00a0 \u00a0 \u00a0 \u00a0 \u00a0 \u00a0 \u00a0 \u00a0 \u00a0 \u00a0 \u00a0Christian-Albrechts \u00a0 \u00a0 \u00a0 \u00a0 \u00a0 \u00a0 \u00a0 \u00a0 \u00a0 \u00a0 \u00a0 2014\/2020 \u00a0 \u00a0 \u00a0 \u00a0 \u00a0Kiel<\/p>\n<p>(Universit\u00e4t Zu Kiel)<\/p>\n<p>D HAMBURG01 \u00a0 \u00a0 \u00a0 \u00a0 \u00a0 \u00a0 \u00a0Universit\u00e4t Hamburg \u00a0 \u00a0 \u00a0 \u00a0 \u00a0 \u00a0 \u00a0 \u00a0 \u00a0 \u00a02014\/2020 \u00a0 \u00a0 \u00a0 \u00a0 \u00a0 Hamburg<\/p>\n<p>DK KOBENHA01 \u00a0 \u00a0 \u00a0 \u00a0 \u00a0 \u00a0\u00a0K\u00f8benhavns Universitet \u00a0 \u00a0 \u00a0 \u00a0 \u00a0 \u00a0 \u00a02010\/2014 \u00a0 \u00a0 \u00a0 \u00a0 \u00a0\u00a0K\u00f8benhavn<\/p>\n<p>F CERGY07 \u00a0 \u00a0 \u00a0 \u00a0 \u00a0 \u00a0 \u00a0 \u00a0 \u00a0 \u00a0 Universit\u00e9 Cergy Pontoise \u00a0 \u00a0 \u00a0 \u00a0 \u00a0 2007\/2016 \u00a0 \u00a0 \u00a0 \u00a0 \u00a0Cergy<\/p>\n<p>F PARIS010 \u00a0 \u00a0 \u00a0 \u00a0 \u00a0 \u00a0 \u00a0 \u00a0 \u00a0 \u00a0\u00a0Universit\u00e9 Paris X-Nanterre \u00a0 \u00a0 \u00a0 \u00a0 2014\/2020 \u00a0 \u00a0 \u00a0 \u00a0 \u00a0 Paris<\/p>\n<p>G THESSAL01 \u00a0 \u00a0 \u00a0 \u00a0 \u00a0 \u00a0 Aristotle University Of Thessaloniki 2014\/2020 \u00a0 \u00a0 \u00a0 \u00a0 \u00a0Thessaloniki<\/p>\n<p>G PATRA05 \u00a0 \u00a0 \u00a0 \u00a0 \u00a0 \u00a0 \u00a0 \u00a0 \u00a0 Elliniko Anikto Panepisthmio \u00a0 \u00a0 \u00a0 \u00a0 \u00a02014\/2020 \u00a0 \u00a0 \u00a0 \u00a0 \u00a0 Patras<\/p>\n<p>I CHIETI01 \u00a0 \u00a0 \u00a0 \u00a0 \u00a0 \u00a0 \u00a0 \u00a0 \u00a0 \u00a0 \u00a0 Universit\u00e1 Degli Studi G. \u00a0 \u00a0 \u00a0 \u00a0 \u00a0 \u00a0 \u00a02014\/2021 \u00a0 \u00a0 \u00a0 \u00a0 \u00a0 Chieti<\/p>\n<p>D annunzio Chieti<\/p>\n<p>I SALERNO01 \u00a0 \u00a0 \u00a0 \u00a0 \u00a0 \u00a0 \u00a0 \u00a0 Universit\u00e1 Degli Studi Di Salerno \u00a0 2014\/2020 \u00a0 \u00a0 \u00a0 \u00a0 \u00a0Salerno<\/p>\n<p>I SIENA01 \u00a0 \u00a0 \u00a0 \u00a0 \u00a0 \u00a0 \u00a0 \u00a0 \u00a0 \u00a0 \u00a0 \u00a0Universit\u00e1 Degli Studi Di Siena \u00a0 \u00a0 \u00a02007\/2014 \u00a0 \u00a0 \u00a0 \u00a0 \u00a0Siena<\/p>\n<div><\/div>\n<h3><b>Colaboraciones de movilidad\/intercambio Erasmus + y extracomunitarios<\/b><\/h3>\n<div>Universidad Gaston Berger (Senegal)<br \/>\nUniversidade Estadual de Santa Cruz (Brasil)<br \/>\nSt. Cyril and St. Methodius University of Veliko, Tarnovo (Bulgaria)<br \/>\nUniversidad de Leipzig (Alemania)<br \/>\nPolitecnico di Milano (Italia)<br \/>\nHumboldt Universit\u00e4t zu Berlin (Alemania)<br \/>\nFaculdade de Belas Artes-Universidade do Porto (Portugal)<\/p>\n<h3><b>Convenios de colaboraci\u00f3n acad\u00e9mica, cient\u00edfica y cultural<\/b><\/h3>\n<p>Universidade Estadual de Santa Cruz (Brasil)<br \/>\nUniversidad Aut\u00f3noma de Chile (Santiago de Chile)<br \/>\nUniversidad Laica Eloy Alfaro de Manab\u00ed (Manta, Ecuador)<br \/>\nUniversidad estatal Pen\u00ednsula de Santa Elena (La Libertad, Ecuador)<br \/>\nUniversidad de Antioquia (Colombia)<\/p>\n<\/div>\n<p><b>Convenios de cotutela y codirecci\u00f3n internacional<br \/>\n<\/b>Sorbonne Universit\u00e9 (Paris)<br \/>\nMasaryk University (Rep\u00fablica Checa)<\/p>\n","protected":false},"excerpt":{"rendered":"<p>Entidades participantes Otras colaboraciones En cuanto a Movilidad, se pueden acreditar documentalmente los convenios que constan a continuaci\u00f3n, relativos al\u00a0Doctorado. C\u00f3digo \u00a0 \u00a0 \u00a0 \u00a0 \u00a0 \u00a0 \u00a0 \u00a0 \u00a0 \u00a0 \u00a0 \u00a0 \u00a0 Universidad \u00a0 \u00a0 \u00a0 \u00a0 \u00a0 \u00a0 \u00a0 \u00a0 \u00a0 \u00a0 \u00a0 \u00a0 \u00a0 \u00a0 \u00a0 \u00a0 \u00a0 Fechas \u00a0 \u00a0&#8230;<\/p>\n","protected":false},"author":1,"featured_media":0,"parent":0,"menu_order":0,"comment_status":"closed","ping_status":"closed","template":"templates\/template-frontpage.php","meta":{"_acf_changed":false,"footnotes":""},"class_list":["post-21","page","type-page","status-publish","hentry"],"acf":[],"publishpress_future_action":{"enabled":false,"date":"2026-04-20 06:39:09","action":"change-status","newStatus":"draft","terms":[],"taxonomy":"","extraData":[]},"publishpress_future_workflow_manual_trigger":{"enabledWorkflows":[]},"_links":{"self":[{"href":"https:\/\/www.ull.es\/doctorados\/arte-humanidades\/wp-json\/wp\/v2\/pages\/21","targetHints":{"allow":["GET"]}}],"collection":[{"href":"https:\/\/www.ull.es\/doctorados\/arte-humanidades\/wp-json\/wp\/v2\/pages"}],"about":[{"href":"https:\/\/www.ull.es\/doctorados\/arte-humanidades\/wp-json\/wp\/v2\/types\/page"}],"author":[{"embeddable":true,"href":"https:\/\/www.ull.es\/doctorados\/arte-humanidades\/wp-json\/wp\/v2\/users\/1"}],"replies":[{"embeddable":true,"href":"https:\/\/www.ull.es\/doctorados\/arte-humanidades\/wp-json\/wp\/v2\/comments?post=21"}],"version-history":[{"count":4,"href":"https:\/\/www.ull.es\/doctorados\/arte-humanidades\/wp-json\/wp\/v2\/pages\/21\/revisions"}],"predecessor-version":[{"id":568,"href":"https:\/\/www.ull.es\/doctorados\/arte-humanidades\/wp-json\/wp\/v2\/pages\/21\/revisions\/568"}],"wp:attachment":[{"href":"https:\/\/www.ull.es\/doctorados\/arte-humanidades\/wp-json\/wp\/v2\/media?parent=21"}],"curies":[{"name":"wp","href":"https:\/\/api.w.org\/{rel}","templated":true}]}}