{"id":82,"date":"2018-02-22T14:14:43","date_gmt":"2018-02-22T14:14:43","guid":{"rendered":"http:\/\/www.ull.es\/doctorados\/ingenieria-nautica-marina-radioelectrica-naval\/?page_id=82"},"modified":"2025-08-20T10:34:47","modified_gmt":"2025-08-20T10:34:47","slug":"movilidad","status":"publish","type":"page","link":"https:\/\/www.ull.es\/doctorados\/ingenieria-marina-radioelectrica-naval\/informacion-academica\/movilidad\/","title":{"rendered":"Movilidad"},"content":{"rendered":"\n<div class=\"wp-block-stackable-columns alignfull stk-block-columns stk-block stk-2314a6b\" data-block-id=\"2314a6b\"><style>.stk-2314a6b {padding-bottom:0px !important;margin-top:-100px !important;margin-bottom:0px !important;}<\/style><div class=\"stk-row stk-inner-blocks stk-block-content stk-content-align stk-2314a6b-column alignfull\">\n<div class=\"wp-block-stackable-column stk-block-column stk-column stk-block stk-1d1764d\" data-v=\"4\" data-block-id=\"1d1764d\"><div class=\"stk-column-wrapper stk-block-column__content stk-container stk-1d1764d-container stk--no-background stk--no-padding\"><div class=\"stk-block-content stk-inner-blocks stk-1d1764d-inner-blocks\"><style id=\"depicter-1-inline-pre-css\">\n\n.depicter-1:not(.depicter-ready){\n\theight:450px;\n}\n\n\/***** Tablet *****\/\n@media screen and (max-width: 1024px){\n\n.depicter-1:not(.depicter-ready){\n\theight:700px;\n}\n\n}\n\/***** Mobile *****\/\n@media screen and (max-width: 767px){\n\n.depicter-1:not(.depicter-ready){\n\theight:360px;\n}\n\n}\n<\/style>\n<div id=\"depicter-1\" class=\"depicter depicter-document depicter-revert depicter-1 depicter-layout-fullwidth\">\n\n<div class=\"depicter-loading-container depicter-loading dotFlashing-dark\"><div class=\"depicter-loading-dark depicter-dot-flashing\">\n   <span><\/span>\n   <span><\/span>\n   <span><\/span>\n<\/div>\n<\/div>\n<div id=\"depicter-1-section-1\" class=\"depicter-section depicter-1-section-1\" data-name=\"Section 1\" data-type=\"section\" data-local-id=\"section-1\">\n<picture class=\"depicter-bg\">\n<source data-depicter-srcset=\"https:\/\/www.ull.es\/doctorados\/ingenieria-marina-radioelectrica-naval\/wp-content\/uploads\/sites\/12\/2025\/05\/Headers-Doctorados_Doctorado-en-Ingenieria-Nautica-768x248.jpg, https:\/\/www.ull.es\/doctorados\/ingenieria-marina-radioelectrica-naval\/wp-content\/uploads\/sites\/12\/2025\/05\/Headers-Doctorados_Doctorado-en-Ingenieria-Nautica.jpg 2x\" srcset=\"data:image\/gif;base64,R0lGODlhAQABAIAAAAAAAP\/\/\/yH5BAEAAAAALAAAAAABAAEAAAIBRAA7\" media=\"(max-width: 1024px)\" \/>\n\n<source data-depicter-srcset=\"https:\/\/www.ull.es\/doctorados\/ingenieria-marina-radioelectrica-naval\/wp-content\/uploads\/sites\/12\/2025\/05\/Headers-Doctorados_Doctorado-en-Ingenieria-Nautica.jpg, https:\/\/www.ull.es\/doctorados\/ingenieria-marina-radioelectrica-naval\/wp-content\/uploads\/sites\/12\/2025\/05\/Headers-Doctorados_Doctorado-en-Ingenieria-Nautica-2000x645.jpg 2x\" srcset=\"data:image\/gif;base64,R0lGODlhAQABAIAAAAAAAP\/\/\/yH5BAEAAAAALAAAAAABAAEAAAIBRAA7\" media=\"(min-width: 1025px)\" \/>\n<img decoding=\"async\" src=\"data:image\/gif;base64,R0lGODlhAQABAIAAAAAAAP\/\/\/yH5BAEAAAAALAAAAAABAAEAAAIBRAA7\" data-ken-burns=\"false\" data-tablet-ken-burns=\"false\" data-mobile-ken-burns=\"false\" alt=\"\" data-depicter-src=\"https:\/\/www.ull.es\/doctorados\/ingenieria-marina-radioelectrica-naval\/wp-content\/uploads\/sites\/12\/2025\/05\/Headers-Doctorados_Doctorado-en-Ingenieria-Nautica.jpg\" data-object-fit=\"custom,custom,\" data-object-position=\"center top,,\" data-crop=\"{'focalPoint':{'x':0.5,'y':0.5},'mediaSize':{'width':1395.3488372093024736386723816394805908203125,'height':450}}\" data-tablet-crop=\"{'focalPoint':{'x':0.5,'y':0.5},'mediaSize':{'width':2170.54263565891460530110634863376617431640625,'height':700}}\" data-mobile-crop=\"{'focalPoint':{'x':0.5,'y':0.5},'mediaSize':{'width':2294.57364341085258274688385426998138427734375,'height':740}}\" \/>\n<\/picture>\n\n\n<h1 id=\"depicter-1-element-5\" class=\"depicter-element depicter-layer depicter-1-element-5\" data-type=\"text\" data-wrap=\"true\" data-name=\"Text 2\" data-local-id=\"element-5\" data-offset=\"x:6px;y:95px;origin:tl\" data-tablet-offset=\"x:181px;y:206px;origin:tl\" data-mobile-offset=\"x:-9px;y:57px;origin:tl\" data-width=\"1194px,746px,455px\" data-height=\"auto,auto,auto\" data-responsive-scale=\"true,,\">Programa de Doctorado en Ingenier\u00eda N\u00e1utica, Marina y Radioelectr\u00f3nica Naval<\/h1>\n\n<div id=\"depicter-1-element-10\" class=\"depicter-element depicter-layer depicter-1-element-10\" data-type=\"shape\" data-wrap=\"true\" data-name=\"Shape 1\" data-local-id=\"element-10\" data-offset=\"x:6px;y:362px;origin:tl\" data-tablet-offset=\"x:201px;y:500px;origin:tl\" data-mobile-offset=\"x:-9px;y:352px;origin:tl\" data-width=\"1006px,647px,369px\" data-height=\"8px,8px,8px\" data-responsive-scale=\"true,,\"><\/div>\n<\/div>\n<\/div>\n<script>\n(window.depicterSetups = window.depicterSetups || []).push(function(){\n\tDepicter.basePath = 'https:\/\/www.ull.es\/doctorados\/ingenieria-marina-radioelectrica-naval\/wp-content\/plugins\/depicter\/resources\/scripts\/player\/';\n\tconst dpPlayer = Depicter.setup('.depicter-1',\n\t\t{\"width\":[\"1200\",\"1024\",\"360\"],\"height\":[\"450\",\"700\",\"360\"],\"view\":\"basic\",\"keepAspectRatio\":true,\"preload\":0,\"layout\":\"fullwidth\",\"rtl\":false,\"initAfterAppear\":false,\"ajaxApiUrl\":\"https:\\\/\\\/www.ull.es\\\/doctorados\\\/ingenieria-marina-radioelectrica-naval\\\/wp-admin\\\/admin-ajax.php\",\"mouseSwipe\":true,\"touchSwipe\":true,\"useWatermark\":false}\n\t);\n});\n<\/script><\/div><\/div><\/div>\n<\/div><\/div>\n\n\n\n<div class=\"wp-block-stackable-columns alignfull stk-block-columns stk--hide-mobile stk-block stk-6394276 stk-block-background\" data-block-id=\"6394276\"><style>.stk-6394276 {background-color:#f33f4e !important;padding-top:10px !important;margin-bottom:0px !important;}.stk-6394276:before{background-color:#f33f4e !important;}<\/style><div class=\"stk-row stk-inner-blocks stk-block-content stk-content-align stk-6394276-column alignfull\">\n<div class=\"wp-block-stackable-column stk-block-column stk-column stk-block stk-8a66885\" data-v=\"4\" data-block-id=\"8a66885\"><div class=\"stk-column-wrapper stk-block-column__content stk-container stk-8a66885-container stk--no-background stk--no-padding\"><div class=\"stk-block-content stk-inner-blocks stk-8a66885-inner-blocks\">\n<div class=\"wp-block-stackable-spacer stk-block-spacer stk--no-padding stk-block stk-bc89b3e\" data-block-id=\"bc89b3e\"><style>.stk-bc89b3e {height:0px !important;}<\/style><\/div>\n<\/div><\/div><\/div>\n<\/div><\/div>\n\n\n\n<div class=\"wp-block-stackable-columns stk-block-columns stk-block stk-8b59b96\" data-block-id=\"8b59b96\"><style>.stk-8b59b96 .stk--block-align-8b59b96{align-items:flex-start !important;}.stk-8b59b96 {margin-top:50px !important;}.stk-8b59b96-column{--stk-columns-spacing:0px !important;--stk-column-gap:50px !important;}<\/style><div class=\"stk-row stk-inner-blocks stk--block-align-8b59b96 stk-block-content stk-content-align stk-8b59b96-column\">\n<div class=\"wp-block-stackable-column stk-block-column stk-column stk-block stk-dbb7e15\" data-v=\"4\" data-block-id=\"dbb7e15\"><style>@media screen and (min-width: 768px){.stk-dbb7e15 {flex:var(--stk-flex-grow, 1) 1 66.7% !important;}}<\/style><div class=\"stk-column-wrapper stk-block-column__content stk-container stk-dbb7e15-container stk--no-background stk--no-padding\"><div class=\"stk-block-content stk-inner-blocks stk-dbb7e15-inner-blocks\">\n<div class=\"wp-block-stackable-heading stk-block-heading stk-block-heading--v2 stk-block stk-cc0239e\" id=\"complementos-de-formacion\" data-block-id=\"cc0239e\"><style>.stk-cc0239e .stk-block-heading__text{color:#000000 !important;font-weight:500 !important;}<\/style><h1 class=\"stk-block-heading__text has-text-color\">Movilidad<\/h1><\/div>\n\n\n\n<div class=\"wp-block-stackable-text stk-block-text stk-block stk-01c02f0\" data-block-id=\"01c02f0\"><p class=\"stk-block-text__text\"><strong>Estancias de Investigaci\u00f3n en otros centros nacionales y extranjeros (UC, ULL, UNIOVI, UPV\/EHU y UPC)<\/strong><\/p><\/div>\n\n\n\n<ul class=\"wp-block-list\">\n<li>N\u00famero de horas: 480<\/li>\n\n\n\n<li>Descripci\u00f3n:<\/li>\n<\/ul>\n\n\n\n<p>Es una actividad optativa<\/p>\n\n\n\n<p>Periodicidad: A definir con el tutor<\/p>\n\n\n\n<p>Breve descripci\u00f3n de la actividad: El programa de doctorado promueve la realizaci\u00f3n de tesis tipo A, es decir, aquellas que cuentan con una estancia&nbsp;en el extranjero (que les permite obtener la menci\u00f3n internacional al t\u00edtulo de doctor) y publicaciones cient\u00edficas de calidad. Por ello se recomienda&nbsp;que todos los estudiantes realicen durante su doctorado al menos una estancia de 3 meses en un centro de investigaci\u00f3n internacional. Estas estancias&nbsp;tendr\u00e1n como fin principal realizar parte de su investigaci\u00f3n, pero se considera un elemento fundamental en la formaci\u00f3n de los doctores, ya que&nbsp;supondr\u00e1: conocer otros sistemas educativos y de investigaci\u00f3n, acceder a seminarios y cursos realizados en otras universidades, mejorar su conocimiento&nbsp;de una segunda lengua y crear su red propia de contactos. Todos ellos son aspectos fundamentales en la formaci\u00f3n del doctorando.<\/p>\n\n\n\n<p>El tutor del alumno debe elaborar o supervisar el plan de trabajos a desarrollar por el alumno durante la estancia. En este plan de trabajos debe quedar&nbsp;expl\u00edcito el conjunto de objetivos a conseguir y la manera de verificarlos.<\/p>\n\n\n\n<p>R\u00e9gimen de dedicaci\u00f3n: Los datos b\u00e1sicos, procedimientos de control, planificaci\u00f3n y organizaci\u00f3n de esta actividad son los mismos para los alumnos&nbsp;en dedicaci\u00f3n a tiempo completo o en dedicaci\u00f3n a tiempo parcial.<\/p>\n\n\n\n<p>Se espera que con esta actividad el estudiante sea capaz de demostrar la adquisici\u00f3n de las competencias CB12, CA03, CA04 y CA05.<\/p>\n\n\n\n<ul class=\"wp-block-list\">\n<li>Procedimiento de control:<\/li>\n<\/ul>\n\n\n\n<p>1. El tutor o director controlar\u00e1 la actividad a trav\u00e9s del informe emitido por el responsable del doctorando en la instituci\u00f3n en la que ha realizado la estancia&nbsp;de movilidad. En tal sentido, el tutor del alumno debe elaborar o supervisar el plan de trabajos a desarrollar por el alumno durante la estancia. En&nbsp;este plan de trabajos debe que-dar expl\u00edcito el conjunto de objetivos a conseguir y la manera de verificarlos. El seguimiento de la estancia ser\u00e1 responsabilidad&nbsp;del director de Tesis, a quien el doctorando deber\u00e1 comunicar los progresos y cambios respecto a la planificaci\u00f3n prevista. Una vez finalizada&nbsp;la estancia, el doctorando deber\u00e1 presentar una memoria de actividades. A partir de ella, el director de tesis y el tutor dar\u00e1n el visto bueno (si procede)&nbsp;al cumplimiento de las actividades cient\u00edficas programadas.<\/p>\n\n\n\n<p>2. Este documento formar\u00e1 parte del documento de actividades del doctorando (DAD).<\/p>\n\n\n\n<ul class=\"wp-block-list\">\n<li>Movilidad:<\/li>\n<\/ul>\n\n\n\n<p>El Programa de Doctorado en INGENIER\u00cdA N\u00c1UTICA, MARINA Y RADIOELECTR\u00d3NICA NAVAL potenciar\u00e1 la realizaci\u00f3n de estancias de sus investigadores en formaci\u00f3n de doctorado en centros de investigaci\u00f3n de prestigio, nacionales o extranjeros, de al menos 3 meses de duraci\u00f3n. Para ello las Universidades que ofertan el presente programa as\u00ed como otras instituciones p\u00fablicas (Ministerio de Educaci\u00f3n, IFIMAV, Ministerio de Fomento, otras) podr\u00e1n ofrecer regularmente becas de movilidad para los investigadores en formaci\u00f3n (\u00abDoctoral Candidate\u00bb).<\/p>\n\n\n\n<p>As\u00ed mismo se potenciar\u00e1 la participaci\u00f3n de expertos extranjeros en los tribunales de tesis y comisiones de seguimiento, tal como ha venido haciendo en los programas de doctorado a extinguir, predecesores del actual, impartidos por los diferentes Departamentos N\u00e1uticos.<\/p>\n\n\n\n<p>En la planificaci\u00f3n de las actividades de movilidad, hay que tener en cuenta las particularidades de los investigadores en formaci\u00f3n con dedicaci\u00f3n a tiempo parcial.<\/p>\n<\/div><\/div><\/div>\n\n\n\n<div class=\"wp-block-stackable-column stk-block-column stk-column stk-block stk-53ec762\" data-v=\"4\" data-block-id=\"53ec762\"><style>.stk-53ec762-inner-blocks{row-gap:0px !important;}.stk-53ec762 {padding-top:0px !important;padding-right:0px !important;padding-bottom:0px !important;padding-left:0px !important;}@media screen and (min-width: 768px){.stk-53ec762 {flex:var(--stk-flex-grow, 1) 1 33.3% !important;}}<\/style><div class=\"stk-column-wrapper stk-block-column__content stk-container stk-53ec762-container stk--no-background stk--no-padding\"><div class=\"stk-block-content stk-inner-blocks stk-53ec762-inner-blocks\">\n\n<ul class=\"widget-box\">\n<li class='contacto-header'>Informaci\u00f3n de contacto<\/li><li><i class=\"fa fa-map-marker\"><\/i> Avda. Astrof\u00edsico Francisco S\u00e1nchez, SN. Edificio Calabaza \u2013 AN.2D Apdo. 456 38200 San Crist\u00f3bal de La Laguna<\/li><li><i class=\"fa fa-envelope\"><\/i>  <a href=mailto:doctorado.nautica@ull.es>doctorado.nautica@ull.es<\/a><\/li><li><i class=\"fa fa-calendar\"><\/i><a href=\"http:\/\/citaprevia.ull.es\/index.php?s=edpo\"> Cita previa<\/a><\/li>\n<\/ul>\n\n\n<\/div><\/div><\/div>\n<\/div><\/div>\n","protected":false},"excerpt":{"rendered":"<p>Movilidad Estancias de Investigaci\u00f3n en otros centros nacionales y extranjeros (UC, ULL, UNIOVI, UPV\/EHU y UPC) Es una actividad optativa Periodicidad: A definir con el tutor Breve descripci\u00f3n de la actividad: El programa de doctorado promueve la realizaci\u00f3n de tesis tipo A, es decir, aquellas que cuentan con una estancia&nbsp;en el extranjero (que les permite&#8230;<\/p>\n","protected":false},"author":1,"featured_media":0,"parent":17,"menu_order":0,"comment_status":"closed","ping_status":"closed","template":"templates\/template-frontpage.php","meta":{"_acf_changed":false,"footnotes":""},"class_list":["post-82","page","type-page","status-publish","hentry"],"acf":[],"publishpress_future_action":{"enabled":false,"date":"2026-04-15 07:13:58","action":"change-status","newStatus":"draft","terms":[],"taxonomy":"","extraData":[]},"publishpress_future_workflow_manual_trigger":{"enabledWorkflows":[]},"_links":{"self":[{"href":"https:\/\/www.ull.es\/doctorados\/ingenieria-marina-radioelectrica-naval\/wp-json\/wp\/v2\/pages\/82","targetHints":{"allow":["GET"]}}],"collection":[{"href":"https:\/\/www.ull.es\/doctorados\/ingenieria-marina-radioelectrica-naval\/wp-json\/wp\/v2\/pages"}],"about":[{"href":"https:\/\/www.ull.es\/doctorados\/ingenieria-marina-radioelectrica-naval\/wp-json\/wp\/v2\/types\/page"}],"author":[{"embeddable":true,"href":"https:\/\/www.ull.es\/doctorados\/ingenieria-marina-radioelectrica-naval\/wp-json\/wp\/v2\/users\/1"}],"replies":[{"embeddable":true,"href":"https:\/\/www.ull.es\/doctorados\/ingenieria-marina-radioelectrica-naval\/wp-json\/wp\/v2\/comments?post=82"}],"version-history":[{"count":7,"href":"https:\/\/www.ull.es\/doctorados\/ingenieria-marina-radioelectrica-naval\/wp-json\/wp\/v2\/pages\/82\/revisions"}],"predecessor-version":[{"id":377,"href":"https:\/\/www.ull.es\/doctorados\/ingenieria-marina-radioelectrica-naval\/wp-json\/wp\/v2\/pages\/82\/revisions\/377"}],"up":[{"embeddable":true,"href":"https:\/\/www.ull.es\/doctorados\/ingenieria-marina-radioelectrica-naval\/wp-json\/wp\/v2\/pages\/17"}],"wp:attachment":[{"href":"https:\/\/www.ull.es\/doctorados\/ingenieria-marina-radioelectrica-naval\/wp-json\/wp\/v2\/media?parent=82"}],"curies":[{"name":"wp","href":"https:\/\/api.w.org\/{rel}","templated":true}]}}