{"id":19,"date":"2018-02-22T11:02:50","date_gmt":"2018-02-22T11:02:50","guid":{"rendered":"http:\/\/localhost\/ull\/doctorados\/?page_id=19"},"modified":"2025-11-03T12:36:08","modified_gmt":"2025-11-03T12:36:08","slug":"descripcion-del-titulo","status":"publish","type":"page","link":"https:\/\/www.ull.es\/doctorados\/nanociencia-nanotecnologia\/informacion-academica\/descripcion-del-titulo\/","title":{"rendered":"Descripci\u00f3n del t\u00edtulo"},"content":{"rendered":"\n<div class=\"wp-block-stackable-columns alignfull stk-block-columns stk-block stk-2314a6b\" data-block-id=\"2314a6b\"><style>.stk-2314a6b {padding-bottom:0px !important;margin-top:-100px !important;margin-bottom:0px !important;}<\/style><div class=\"stk-row stk-inner-blocks stk-block-content stk-content-align stk-2314a6b-column alignfull\">\n<div class=\"wp-block-stackable-column stk-block-column stk-column stk-block stk-1d1764d\" data-v=\"4\" data-block-id=\"1d1764d\"><div class=\"stk-column-wrapper stk-block-column__content stk-container stk-1d1764d-container stk--no-background stk--no-padding\"><div class=\"stk-block-content stk-inner-blocks stk-1d1764d-inner-blocks\"><style id=\"depicter-1-inline-pre-css\">\n\n.depicter-1:not(.depicter-ready){\n\theight:450px;\n}\n\n\/***** Tablet *****\/\n@media screen and (max-width: 1024px){\n\n.depicter-1:not(.depicter-ready){\n\theight:700px;\n}\n\n}\n\/***** Mobile *****\/\n@media screen and (max-width: 767px){\n\n.depicter-1:not(.depicter-ready){\n\theight:360px;\n}\n\n}\n<\/style>\n<div id=\"depicter-1\" class=\"depicter depicter-document depicter-revert depicter-1 depicter-layout-fullwidth\">\n\n<div class=\"depicter-loading-container depicter-loading dotFlashing-dark\"><div class=\"depicter-loading-dark depicter-dot-flashing\">\n   <span><\/span>\n   <span><\/span>\n   <span><\/span>\n<\/div>\n<\/div>\n<div id=\"depicter-1-section-1\" class=\"depicter-section depicter-1-section-1\" data-name=\"Section 1\" data-type=\"section\" data-local-id=\"section-1\">\n<picture class=\"depicter-bg\">\n<source data-depicter-srcset=\"https:\/\/www.ull.es\/doctorados\/nanociencia-nanotecnologia\/wp-content\/uploads\/sites\/17\/2025\/05\/Headers-Doctorados_Doctorado-Nanociencia-768x248.jpg, https:\/\/www.ull.es\/doctorados\/nanociencia-nanotecnologia\/wp-content\/uploads\/sites\/17\/2025\/05\/Headers-Doctorados_Doctorado-Nanociencia.jpg 2x\" srcset=\"data:image\/gif;base64,R0lGODlhAQABAIAAAAAAAP\/\/\/yH5BAEAAAAALAAAAAABAAEAAAIBRAA7\" media=\"(max-width: 1024px)\" \/>\n\n<source data-depicter-srcset=\"https:\/\/www.ull.es\/doctorados\/nanociencia-nanotecnologia\/wp-content\/uploads\/sites\/17\/2025\/05\/Headers-Doctorados_Doctorado-Nanociencia.jpg, https:\/\/www.ull.es\/doctorados\/nanociencia-nanotecnologia\/wp-content\/uploads\/sites\/17\/2025\/05\/Headers-Doctorados_Doctorado-Nanociencia-2000x645.jpg 2x\" srcset=\"data:image\/gif;base64,R0lGODlhAQABAIAAAAAAAP\/\/\/yH5BAEAAAAALAAAAAABAAEAAAIBRAA7\" media=\"(min-width: 1025px)\" \/>\n<img decoding=\"async\" src=\"data:image\/gif;base64,R0lGODlhAQABAIAAAAAAAP\/\/\/yH5BAEAAAAALAAAAAABAAEAAAIBRAA7\" data-ken-burns=\"false\" data-tablet-ken-burns=\"false\" data-mobile-ken-burns=\"false\" alt=\"\" data-depicter-src=\"https:\/\/www.ull.es\/doctorados\/nanociencia-nanotecnologia\/wp-content\/uploads\/sites\/17\/2025\/05\/Headers-Doctorados_Doctorado-Nanociencia.jpg\" data-object-fit=\"custom,custom,\" data-object-position=\"center top,,\" data-crop=\"{'focalPoint':{'x':0.5,'y':0.5},'mediaSize':{'width':1395.3488372093024736386723816394805908203125,'height':450}}\" data-tablet-crop=\"{'focalPoint':{'x':0.5,'y':0.5},'mediaSize':{'width':2170.54263565891460530110634863376617431640625,'height':700}}\" data-mobile-crop=\"{'focalPoint':{'x':0.5,'y':0.5},'mediaSize':{'width':2294.57364341085258274688385426998138427734375,'height':740}}\" \/>\n<\/picture>\n\n\n<h1 id=\"depicter-1-element-5\" class=\"depicter-element depicter-layer depicter-1-element-5\" data-type=\"text\" data-wrap=\"true\" data-name=\"Text 2\" data-local-id=\"element-5\" data-offset=\"x:0px;y:140px;origin:tl\" data-tablet-offset=\"x:227px;y:139px;origin:tl\" data-mobile-offset=\"x:23px;y:96px;origin:tl\" data-width=\"1200px,644px,348px\" data-height=\"auto,auto,auto\" data-responsive-scale=\"true,,\">Programa de Doctorado en <br>Nanociencia y Nanotecnolog\u00eda<\/h1>\n\n<div id=\"depicter-1-element-10\" class=\"depicter-element depicter-layer depicter-1-element-10\" data-type=\"shape\" data-wrap=\"true\" data-name=\"Shape 1\" data-local-id=\"element-10\" data-offset=\"x:0px;y:317px;origin:tl\" data-tablet-offset=\"x:227px;y:439px;origin:tl\" data-mobile-offset=\"x:23px;y:315px;origin:tl\" data-width=\"1090px,478px,313px\" data-height=\"8px,8px,8px\" data-responsive-scale=\"true,,\"><\/div>\n<\/div>\n<\/div>\n<script>\n(window.depicterSetups = window.depicterSetups || []).push(function(){\n\tDepicter.basePath = 'https:\/\/www.ull.es\/doctorados\/nanociencia-nanotecnologia\/wp-content\/plugins\/depicter\/resources\/scripts\/player\/';\n\tconst dpPlayer = Depicter.setup('.depicter-1',\n\t\t{\"width\":[\"1200\",\"1024\",\"360\"],\"height\":[\"450\",\"700\",\"360\"],\"view\":\"basic\",\"keepAspectRatio\":true,\"preload\":0,\"layout\":\"fullwidth\",\"rtl\":false,\"initAfterAppear\":false,\"ajaxApiUrl\":\"https:\\\/\\\/www.ull.es\\\/doctorados\\\/nanociencia-nanotecnologia\\\/wp-admin\\\/admin-ajax.php\",\"mouseSwipe\":true,\"touchSwipe\":true,\"useWatermark\":false}\n\t);\n});\n<\/script><\/div><\/div><\/div>\n<\/div><\/div>\n\n\n\n<div class=\"wp-block-stackable-columns alignfull stk-block-columns stk--hide-mobile stk-block stk-6394276 stk-block-background\" data-block-id=\"6394276\"><style>.stk-6394276 {background-color:#f33f4e !important;padding-top:10px !important;margin-bottom:0px !important;}.stk-6394276:before{background-color:#f33f4e !important;}<\/style><div class=\"stk-row stk-inner-blocks stk-block-content stk-content-align stk-6394276-column alignfull\">\n<div class=\"wp-block-stackable-column stk-block-column stk-column stk-block stk-8a66885\" data-v=\"4\" data-block-id=\"8a66885\"><div class=\"stk-column-wrapper stk-block-column__content stk-container stk-8a66885-container stk--no-background stk--no-padding\"><div class=\"stk-block-content stk-inner-blocks stk-8a66885-inner-blocks\">\n<div class=\"wp-block-stackable-spacer stk-block-spacer stk--no-padding stk-block stk-bc89b3e\" data-block-id=\"bc89b3e\"><style>.stk-bc89b3e {height:0px !important;}<\/style><\/div>\n<\/div><\/div><\/div>\n<\/div><\/div>\n\n\n\n<div class=\"wp-block-stackable-columns stk-block-columns stk-block stk-8b59b96\" data-block-id=\"8b59b96\"><style>.stk-8b59b96 .stk--block-align-8b59b96{align-items:flex-start !important;}.stk-8b59b96 {margin-top:50px !important;}.stk-8b59b96-column{--stk-columns-spacing:0px !important;--stk-column-gap:50px !important;}<\/style><div class=\"stk-row stk-inner-blocks stk--block-align-8b59b96 stk-block-content stk-content-align stk-8b59b96-column\">\n<div class=\"wp-block-stackable-column stk-block-column stk-column stk-block stk-dbb7e15\" data-v=\"4\" data-block-id=\"dbb7e15\"><style>@media screen and (min-width: 768px){.stk-dbb7e15 {flex:var(--stk-flex-grow, 1) 1 66.7% !important;}}<\/style><div class=\"stk-column-wrapper stk-block-column__content stk-container stk-dbb7e15-container stk--no-background stk--no-padding\"><div class=\"stk-block-content stk-inner-blocks stk-dbb7e15-inner-blocks\">\n<div class=\"wp-block-stackable-heading stk-block-heading stk-block-heading--v2 stk-block stk-cc0239e\" id=\"complementos-de-formacion\" data-block-id=\"cc0239e\"><style>.stk-cc0239e .stk-block-heading__text{color:#000000 !important;font-weight:500 !important;}<\/style><h1 class=\"stk-block-heading__text has-text-color\">Descripci\u00f3n del t\u00edtulo<\/h1><\/div>\n\n\n\n<table class=\"grales\" width=\"100%\">\n<tbody>\n<tr>\n<td class=\"bluecolumn\">Denominaci\u00f3n del programa:<\/td>\n<td class=\"td1Izda\">Programa de Doctorado en Nanociencia y Nanotecnolog\u00eda por la <a href=\"https:\/\/cvnet.cpd.ua.es\/webcvnet\/planestudio\/planestudiond.aspx?plan=E024\" target=\"_blank\" rel=\"noopener\" target=\"_blank\" rel=\"noopener\">Universidad de Alicante<\/a>; la <a href=\"https:\/\/dnn99.doctorado.uclm.es\/seccion.aspx?s=objetivo\" target=\"_blank\" rel=\"noopener\" target=\"_blank\" rel=\"noopener\">Universidad de Castilla-La Mancha<\/a>; la Universidad de La Laguna y la <a href=\"https:\/\/www.uv.es\/uvweb\/universitat\/ca\/estudis-postgrau\/doctorats\/oferta-programes\/doctorats-branques-coneixement\/programa-doctorat-neurociencies-1285957738812\/Titulacio.html?id=1285887593454\" target=\"_blank\" rel=\"noopener\" target=\"_blank\" rel=\"noopener\">Universitat de Val\u00e8ncia<\/a><\/td>\n<\/tr>\n<tr>\n<td class=\"bluecolumn\">Universidades participantes:<\/td>\n<td class=\"td2Izda\"><a href=\"https:\/\/www.uv.es\/\" target=\"_blank\" rel=\"noopener\" target=\"_blank\" rel=\"noopener\">Universitat de Val\u00e8ncia<\/a> (coordinadora)\n\n<a href=\"https:\/\/www.ua.es\/\" target=\"_blank\" rel=\"noopener\" target=\"_blank\" rel=\"noopener\">Universidad de Alicante<\/a>\n\n<a href=\"https:\/\/www.uclm.es\/\" target=\"_blank\" rel=\"noopener\" target=\"_blank\" rel=\"noopener\">Universidad de Castilla-La Mancha<\/a>\n\nUniversidad de La Laguna\n\n<a href=\"https:\/\/www.uji.es\/\" target=\"_blank\" rel=\"noopener\" target=\"_blank\" rel=\"noopener\"><\/a><\/td>\n<\/tr>\n<tr>\n<td class=\"bluecolumn\">Lugar de impartici\u00f3n:<\/td>\n<td class=\"td1Izda\">\n<ul>\n \t<li><a href=\"https:\/\/www.ull.es\/centros\/facultad-ciencias\/\" target=\"_blank\" rel=\"noopener\" target=\"_blank\" rel=\"noopener\">Facultad de Ciencias<\/a>. <a href=\"https:\/\/www.ull.es\/centros\/facultad-ciencias\/informacion-general\/infraestructuras-y-servicios\/infraestructuras-servicios-fisica\/\" target=\"_blank\" rel=\"noopener\" target=\"_blank\" rel=\"noopener\">Secci\u00f3n de F\u00edsica<\/a> de la Universidad de La Laguna<\/li>\n \t<li>Universidad de Alicante (Centro de Estudios de Doctorado y Postgrado (San Vicente del Raspeig))<\/li>\n \t<li>Universidad de Castilla-La Mancha (Facultad de Ciencias Ambientales y Bioqu\u00edmica de Toledo (Toledo))<\/li>\n \t\t<li>Universitat de Val\u00e8ncia (Instituto Universitario de Ciencia Molecular (BURJASSOT))<\/li>\n<\/ul>\n<\/td>\n<\/tr>\n<tr>\n<td class=\"bluecolumn\" width=\"30%\">Internacional:<\/td>\n<td class=\"td2Izda\" width=\"70%\">No<\/td>\n<\/tr>\n<tr>\n<td class=\"bluecolumn\">Fecha de implantaci\u00f3n:<\/td>\n<td class=\"td1Izda\">2022 \/ 2023<\/td>\n<\/tr>\n<tr>\n<td class=\"bluecolumn\">Plazas ofertadas:<\/td>\n<td class=\"td1Izda\"> Universidad de Alicante: 5\nUniversidad de Castilla-La Mancha: 5\nUniversidad de La Laguna: 5\nUniversitat de Val\u00e8ncia: 25\n<\/td>\n<\/tr>\n<tr>\n<td class=\"bluecolumn\">Idiomas:<\/td>\n<td class=\"td1Izda\">Castellano e Ingl\u00e9s<\/td>\n<\/tr>\n<tr>\n<td class=\"bluecolumn\">\u00d3rgano responsable:<\/td>\n<td class=\"td2Izda\"><a href=\"https:\/\/www.ull.es\/centros\/escuela-doctorado-estudios-posgrado\/\" target=\"_blank\" rel=\"noopener\" target=\"_blank\" rel=\"noopener\">Escuela de Doctorado y Estudios de Posgrado<\/a><\/td>\n<\/tr>\n<tr>\n<td class=\"bluecolumn\">Justificaci\u00f3n del t\u00edtulo<\/td>\n<td class=\"td1Izda\"><a href=\"https:\/\/www.ull.es\/doctorados\/nanociencia-nanotecnologia\/justificacion-del-titulo\/\" target=\"_blank\" rel=\"noopener\">Acceso a la justificaci\u00f3n<\/a><\/td>\n<\/tr>\n<tr>\n<td class=\"bluecolumn\">Entidades participantes<\/td>\n<td class=\"td1Izda\"><a href=\"https:\/\/www.ull.es\/doctorados\/nanociencia-nanotecnologia\/entidades-participantes\/\" target=\"_blank\" rel=\"noopener\">Consultar entidades participantes<\/a><\/td>\n<\/tr>\n<\/tbody>\n<\/table>\n<\/div><\/div><\/div>\n\n\n\n<div class=\"wp-block-stackable-column stk-block-column stk-column stk-block stk-53ec762\" data-v=\"4\" data-block-id=\"53ec762\"><style>.stk-53ec762-inner-blocks{row-gap:0px !important;}.stk-53ec762 {padding-top:0px !important;padding-right:0px !important;padding-bottom:0px !important;padding-left:0px !important;}@media screen and (min-width: 768px){.stk-53ec762 {flex:var(--stk-flex-grow, 1) 1 33.3% !important;}}<\/style><div class=\"stk-column-wrapper stk-block-column__content stk-container stk-53ec762-container stk--no-background stk--no-padding\"><div class=\"stk-block-content stk-inner-blocks stk-53ec762-inner-blocks\">\n\n<ul class=\"widget-box\">\n<li class='contacto-header'>Informaci\u00f3n de contacto<\/li><li><i class=\"fa fa-map-marker\"><\/i> Avda. Astrof\u00edsico Francisco S\u00e1nchez, SN. Edificio Calabaza \u2013 AN.2D Apdo. 456 38200 San Crist\u00f3bal de La Laguna<\/li><li><i class=\"fa fa-phone\"><\/i> (+34) 922 31 72 67<\/li><li><i class=\"fa fa-envelope\"><\/i>  <a href=mailto:doctorado.nanociencia@ull.es>doctorado.nanociencia@ull.es<\/a><\/li><li><i class=\"fa fa-calendar\"><\/i><a href=\"http:\/\/citaprevia.ull.es\/index.php?s=edpo\"> Cita previa<\/a><\/li>\n<\/ul>\n\n\n<\/div><\/div><\/div>\n<\/div><\/div>\n","protected":false},"excerpt":{"rendered":"<p>Descripci\u00f3n del t\u00edtulo Denominaci\u00f3n del programa: Programa de Doctorado en Nanociencia y Nanotecnolog\u00eda por la Universidad de Alicante; la Universidad de Castilla-La Mancha; la Universidad de La Laguna y la Universitat de Val\u00e8ncia Universidades participantes: Universitat de Val\u00e8ncia (coordinadora) Universidad de Alicante Universidad de Castilla-La Mancha Universidad de La Laguna Lugar de impartici\u00f3n: Facultad de&#8230;<\/p>\n","protected":false},"author":1,"featured_media":0,"parent":17,"menu_order":0,"comment_status":"closed","ping_status":"closed","template":"templates\/template-frontpage.php","meta":{"_acf_changed":false,"footnotes":""},"class_list":["post-19","page","type-page","status-publish","hentry"],"acf":[],"publishpress_future_action":{"enabled":false,"date":"2026-04-15 04:19:57","action":"change-status","newStatus":"draft","terms":[],"taxonomy":"","extraData":[]},"publishpress_future_workflow_manual_trigger":{"enabledWorkflows":[]},"_links":{"self":[{"href":"https:\/\/www.ull.es\/doctorados\/nanociencia-nanotecnologia\/wp-json\/wp\/v2\/pages\/19","targetHints":{"allow":["GET"]}}],"collection":[{"href":"https:\/\/www.ull.es\/doctorados\/nanociencia-nanotecnologia\/wp-json\/wp\/v2\/pages"}],"about":[{"href":"https:\/\/www.ull.es\/doctorados\/nanociencia-nanotecnologia\/wp-json\/wp\/v2\/types\/page"}],"author":[{"embeddable":true,"href":"https:\/\/www.ull.es\/doctorados\/nanociencia-nanotecnologia\/wp-json\/wp\/v2\/users\/1"}],"replies":[{"embeddable":true,"href":"https:\/\/www.ull.es\/doctorados\/nanociencia-nanotecnologia\/wp-json\/wp\/v2\/comments?post=19"}],"version-history":[{"count":14,"href":"https:\/\/www.ull.es\/doctorados\/nanociencia-nanotecnologia\/wp-json\/wp\/v2\/pages\/19\/revisions"}],"predecessor-version":[{"id":417,"href":"https:\/\/www.ull.es\/doctorados\/nanociencia-nanotecnologia\/wp-json\/wp\/v2\/pages\/19\/revisions\/417"}],"up":[{"embeddable":true,"href":"https:\/\/www.ull.es\/doctorados\/nanociencia-nanotecnologia\/wp-json\/wp\/v2\/pages\/17"}],"wp:attachment":[{"href":"https:\/\/www.ull.es\/doctorados\/nanociencia-nanotecnologia\/wp-json\/wp\/v2\/media?parent=19"}],"curies":[{"name":"wp","href":"https:\/\/api.w.org\/{rel}","templated":true}]}}