{"id":30,"date":"2018-02-22T11:23:48","date_gmt":"2018-02-22T11:23:48","guid":{"rendered":"http:\/\/localhost\/ull\/doctorados\/?page_id=30"},"modified":"2025-10-07T14:14:23","modified_gmt":"2025-10-07T14:14:23","slug":"lineas-de-investigacion","status":"publish","type":"page","link":"https:\/\/www.ull.es\/doctorados\/nanociencia-nanotecnologia\/organizacion-del-programa\/lineas-de-investigacion\/","title":{"rendered":"L\u00edneas de investigaci\u00f3n"},"content":{"rendered":"\n<div class=\"wp-block-stackable-columns alignfull stk-block-columns stk-block stk-2314a6b\" data-block-id=\"2314a6b\"><style>.stk-2314a6b {padding-bottom:0px !important;margin-top:-100px !important;margin-bottom:0px !important;}<\/style><div class=\"stk-row stk-inner-blocks stk-block-content stk-content-align stk-2314a6b-column alignfull\">\n<div class=\"wp-block-stackable-column stk-block-column stk-column stk-block stk-1d1764d\" data-v=\"4\" data-block-id=\"1d1764d\"><div class=\"stk-column-wrapper stk-block-column__content stk-container stk-1d1764d-container stk--no-background stk--no-padding\"><div class=\"stk-block-content stk-inner-blocks stk-1d1764d-inner-blocks\"><style id=\"depicter-6-inline-pre-css\">\n\n.depicter-6:not(.depicter-ready){\n\theight:450px;\n}\n\n\/***** Tablet *****\/\n@media screen and (max-width: 1024px){\n\n.depicter-6:not(.depicter-ready){\n\theight:700px;\n}\n\n}\n\/***** Mobile *****\/\n@media screen and (max-width: 767px){\n\n.depicter-6:not(.depicter-ready){\n\theight:740px;\n}\n\n}\n<\/style>\n<div id=\"depicter-6\" class=\"depicter depicter-document depicter-revert depicter-6 depicter-layout-fullwidth\">\n\n<div class=\"depicter-loading-container depicter-loading dotFlashing-dark\"><div class=\"depicter-loading-dark depicter-dot-flashing\">\n   <span><\/span>\n   <span><\/span>\n   <span><\/span>\n<\/div>\n<\/div>\n<div id=\"depicter-6-section-1\" class=\"depicter-section depicter-6-section-1\" data-name=\"Section 1\" data-type=\"section\" data-local-id=\"section-1\">\n<picture class=\"depicter-bg\">\n<source data-depicter-srcset=\"https:\/\/www.ull.es\/doctorados\/nanociencia-nanotecnologia\/wp-content\/uploads\/sites\/17\/2025\/05\/Headers-Doctorados_Doctorado-Nanociencia-768x248.jpg, https:\/\/www.ull.es\/doctorados\/nanociencia-nanotecnologia\/wp-content\/uploads\/sites\/17\/2025\/05\/Headers-Doctorados_Doctorado-Nanociencia.jpg 2x\" srcset=\"data:image\/gif;base64,R0lGODlhAQABAIAAAAAAAP\/\/\/yH5BAEAAAAALAAAAAABAAEAAAIBRAA7\" media=\"(max-width: 1024px)\" \/>\n\n<source data-depicter-srcset=\"https:\/\/www.ull.es\/doctorados\/nanociencia-nanotecnologia\/wp-content\/uploads\/sites\/17\/2025\/05\/Headers-Doctorados_Doctorado-Nanociencia.jpg, https:\/\/www.ull.es\/doctorados\/nanociencia-nanotecnologia\/wp-content\/uploads\/sites\/17\/2025\/05\/Headers-Doctorados_Doctorado-Nanociencia-2000x645.jpg 2x\" srcset=\"data:image\/gif;base64,R0lGODlhAQABAIAAAAAAAP\/\/\/yH5BAEAAAAALAAAAAABAAEAAAIBRAA7\" media=\"(min-width: 1025px)\" \/>\n<img decoding=\"async\" src=\"data:image\/gif;base64,R0lGODlhAQABAIAAAAAAAP\/\/\/yH5BAEAAAAALAAAAAABAAEAAAIBRAA7\" data-ken-burns=\"false\" data-tablet-ken-burns=\"false\" data-mobile-ken-burns=\"false\" alt=\"\" data-depicter-src=\"https:\/\/www.ull.es\/doctorados\/nanociencia-nanotecnologia\/wp-content\/uploads\/sites\/17\/2025\/05\/Headers-Doctorados_Doctorado-Nanociencia.jpg\" data-object-fit=\"custom,custom,\" data-object-position=\"center top,,\" data-crop=\"{'focalPoint':{'x':0.5,'y':0.5},'mediaSize':{'width':1395.3488372093024736386723816394805908203125,'height':450}}\" data-tablet-crop=\"{'focalPoint':{'x':0.5,'y':0.5},'mediaSize':{'width':2170.54263565891460530110634863376617431640625,'height':700}}\" data-mobile-crop=\"{'focalPoint':{'x':0.5,'y':0.5},'mediaSize':{'width':2294.57364341085258274688385426998138427734375,'height':740}}\" \/>\n<\/picture>\n\n\n<h1 id=\"depicter-6-element-5\" class=\"depicter-element depicter-layer depicter-6-element-5\" data-type=\"text\" data-wrap=\"true\" data-name=\"Text 2\" data-local-id=\"element-5\" data-offset=\"x:0px;y:139px;origin:tl\" data-tablet-offset=\"x:290px;y:193px;origin:tl\" data-mobile-offset=\"x:40px;y:272px;origin:tl\" data-width=\"1409px,auto,348px\" data-height=\"auto,auto,auto\" data-responsive-scale=\"true,,\">Programa de Doctorado en <br>Nanociencia y Nanotecnolog\u00eda<\/h1>\n\n<div id=\"depicter-6-element-10\" class=\"depicter-element depicter-layer depicter-6-element-10\" data-type=\"shape\" data-wrap=\"true\" data-name=\"Shape 1\" data-local-id=\"element-10\" data-offset=\"x:0px;y:323px;origin:tl\" data-tablet-offset=\"x:290px;y:489px;origin:tl\" data-mobile-offset=\"x:40px;y:471px;origin:tl\" data-width=\"1094px,478px,313px\" data-height=\"8px,8px,8px\" data-responsive-scale=\"true,,\"><\/div>\n<\/div>\n<\/div>\n<script>\n(window.depicterSetups = window.depicterSetups || []).push(function(){\n\tDepicter.basePath = 'https:\/\/www.ull.es\/doctorados\/nanociencia-nanotecnologia\/wp-content\/plugins\/depicter\/resources\/scripts\/player\/';\n\tconst dpPlayer = Depicter.setup('.depicter-6',\n\t\t{\"width\":[\"1200\",\"1024\",\"360\"],\"height\":[\"450\",\"700\",\"740\"],\"view\":\"basic\",\"keepAspectRatio\":true,\"preload\":0,\"layout\":\"fullwidth\",\"rtl\":false,\"initAfterAppear\":false,\"ajaxApiUrl\":\"https:\\\/\\\/www.ull.es\\\/doctorados\\\/nanociencia-nanotecnologia\\\/wp-admin\\\/admin-ajax.php\",\"mouseSwipe\":true,\"touchSwipe\":true,\"useWatermark\":false}\n\t);\n});\n<\/script><\/div><\/div><\/div>\n<\/div><\/div>\n\n\n\n<div class=\"wp-block-stackable-columns alignfull stk-block-columns stk--hide-mobile stk-block stk-6394276 stk-block-background\" data-block-id=\"6394276\"><style>.stk-6394276 {background-color:#f33f4e !important;padding-top:10px !important;margin-bottom:0px !important;}.stk-6394276:before{background-color:#f33f4e !important;}<\/style><div class=\"stk-row stk-inner-blocks stk-block-content stk-content-align stk-6394276-column alignfull\">\n<div class=\"wp-block-stackable-column stk-block-column stk-column stk-block stk-8a66885\" data-v=\"4\" data-block-id=\"8a66885\"><div class=\"stk-column-wrapper stk-block-column__content stk-container stk-8a66885-container stk--no-background stk--no-padding\"><div class=\"stk-block-content stk-inner-blocks stk-8a66885-inner-blocks\">\n<div class=\"wp-block-stackable-spacer stk-block-spacer stk--no-padding stk-block stk-bc89b3e\" data-block-id=\"bc89b3e\"><style>.stk-bc89b3e {height:0px !important;}<\/style><\/div>\n<\/div><\/div><\/div>\n<\/div><\/div>\n\n\n\n<div class=\"wp-block-stackable-columns stk-block-columns stk-block stk-8b59b96\" data-block-id=\"8b59b96\"><style>.stk-8b59b96 .stk--block-align-8b59b96{align-items:flex-start !important;}.stk-8b59b96 {margin-top:50px !important;}.stk-8b59b96-column{--stk-columns-spacing:0px !important;--stk-column-gap:50px !important;}<\/style><div class=\"stk-row stk-inner-blocks stk--block-align-8b59b96 stk-block-content stk-content-align stk-8b59b96-column\">\n<div class=\"wp-block-stackable-column stk-block-column stk-column stk-block stk-dbb7e15\" data-v=\"4\" data-block-id=\"dbb7e15\"><style>@media screen and (min-width: 768px){.stk-dbb7e15 {flex:var(--stk-flex-grow, 1) 1 66.7% !important;}}<\/style><div class=\"stk-column-wrapper stk-block-column__content stk-container stk-dbb7e15-container stk--no-background stk--no-padding\"><div class=\"stk-block-content stk-inner-blocks stk-dbb7e15-inner-blocks\">\n<div class=\"wp-block-stackable-heading stk-block-heading stk-block-heading--v2 stk-block stk-cc0239e\" id=\"complementos-de-formacion\" data-block-id=\"cc0239e\"><style>.stk-cc0239e .stk-block-heading__text{color:#000000 !important;font-weight:500 !important;}<\/style><h1 class=\"stk-block-heading__text has-text-color\">L\u00edneas de investigaci\u00f3n<\/h1><\/div>\n\n\n\n<div class=\"wp-block-stackable-text stk-block-text stk-block stk-f0cb69b\" data-block-id=\"f0cb69b\"><p class=\"stk-block-text__text\">Las l\u00edneas de investigaci\u00f3n asociadas al programa de doctorado se estructuran en torno a cinco grandes temas de investigaci\u00f3n:<\/p><\/div>\n\n\n\n<ul class=\"wp-block-list\">\n<li>Qu\u00edmica supramolecular, reconocimiento molecular y autoensamblaje molecular en nanociencia.<br>Dise\u00f1o de mol\u00e9culas funcionales y nanoestructuras moleculares. Organizaci\u00f3n de mol\u00e9culas en superficies e interfases. Estudio de materiales cristalinos en condiciones extremas.<\/li>\n\n\n\n<li>Ingenier\u00eda Cristalina y Dise\u00f1o de Materiales Moleculares.<br>Conductores y superconductores moleculares. Materiales moleculares magn\u00e9ticos. Materiales fot\u00f3nicos moleculares. Materiales moleculares conmutables. Pol\u00edmeros de coordinaci\u00f3n porosos (MOF) y materiales 2D.<\/li>\n\n\n\n<li>Electr\u00f3nica molecular.<br>Preparaci\u00f3n, estudio y modelado te\u00f3rico de materiales, nanoestructuras y dispositivos optoelectr\u00f3nicos (c\u00e9lulas solares, OLED, OFET, l\u00e1seres moleculares). Nanoestructuras de carbono (fullerenos, nanotubos de carbono, grafeno, etc.) y su uso en electr\u00f3nica molecular. Preparaci\u00f3n, estudio y modelado te\u00f3rico de dispositivos unimoleculares.<\/li>\n\n\n\n<li>Nanomagnetismo Molecular.<br>Preparaci\u00f3n, estudio y modelado te\u00f3rico de nanoimanes y nanoestructuras moleculares. Mol\u00e9culas y materiales para espintr\u00f3nica molecular. Mol\u00e9culas magn\u00e9ticas para computaci\u00f3n cu\u00e1ntica. Caracterizaci\u00f3n estructural, electr\u00f3nica y magn\u00e9tica de mol\u00e9culas y nanomateriales magn\u00e9ticos mediante t\u00e9cnicas de microscop\u00eda de proximidad (STM, AFM, MFM).<\/li>\n\n\n\n<li>Aplicaciones de la Nanociencia Molecular.<br>Aplicaciones de la qu\u00edmica de coordinaci\u00f3n en el magnetismo molecular y la espintr\u00f3nica. Aplicaciones de la qu\u00edmica de coordinaci\u00f3n en la electr\u00f3nica molecular. Aplicaciones biom\u00e9dicas de mol\u00e9culas y nanomateriales moleculares. Sensores moleculares. Dispositivos optoelectr\u00f3nicos moleculares (c\u00e9lulas solares, OLED, l\u00e1seres moleculares, etc.). Producci\u00f3n directa de combustible con luz solar. Dispositivos de espintr\u00f3nica molecular (v\u00e1lvulas de esp\u00edn moleculares, OLED de esp\u00edn, OFET de esp\u00edn, etc.).<\/li>\n<\/ul>\n<\/div><\/div><\/div>\n\n\n\n<div class=\"wp-block-stackable-column stk-block-column stk-column stk-block stk-53ec762\" data-v=\"4\" data-block-id=\"53ec762\"><style>.stk-53ec762-inner-blocks{row-gap:0px !important;}.stk-53ec762 {padding-top:0px !important;padding-right:0px !important;padding-bottom:0px !important;padding-left:0px !important;}@media screen and (min-width: 768px){.stk-53ec762 {flex:var(--stk-flex-grow, 1) 1 33.3% !important;}}<\/style><div class=\"stk-column-wrapper stk-block-column__content stk-container stk-53ec762-container stk--no-background stk--no-padding\"><div class=\"stk-block-content stk-inner-blocks stk-53ec762-inner-blocks\">\n\n<ul class=\"widget-box\">\n<li class='contacto-header'>Informaci\u00f3n de contacto<\/li><li><i class=\"fa fa-map-marker\"><\/i> Avda. Astrof\u00edsico Francisco S\u00e1nchez, SN. Edificio Calabaza \u2013 AN.2D Apdo. 456 38200 San Crist\u00f3bal de La Laguna<\/li><li><i class=\"fa fa-phone\"><\/i> (+34) 922 31 72 67<\/li><li><i class=\"fa fa-envelope\"><\/i>  <a href=mailto:doctorado.nanociencia@ull.es>doctorado.nanociencia@ull.es<\/a><\/li><li><i class=\"fa fa-calendar\"><\/i><a href=\"http:\/\/citaprevia.ull.es\/index.php?s=edpo\"> Cita previa<\/a><\/li>\n<\/ul>\n\n\n<\/div><\/div><\/div>\n<\/div><\/div>\n\n\n\n<div class=\"wp-block-stackable-columns stk-block-columns stk--hide-desktop stk--hide-tablet stk--hide-mobile stk-block stk-c582ede\" data-block-id=\"c582ede\"><div class=\"stk-row stk-inner-blocks stk-block-content stk-content-align stk-c582ede-column\">\n<div class=\"wp-block-stackable-column stk-block-column stk-column stk-block stk-0874de8\" data-v=\"4\" data-block-id=\"0874de8\"><div class=\"stk-column-wrapper stk-block-column__content stk-container stk-0874de8-container stk--no-background stk--no-padding\"><div class=\"stk-block-content stk-inner-blocks stk-0874de8-inner-blocks\">\n<h4><a href=\"https:\/\/docs.google.com\/document\/d\/e\/2PACX-1vT_UXJmSYsKnUPOiJJDQttuhTJtE8nL9Wco80SIHcK8SgXMb09QBTwx57r5_Hb9x4F35PfhSnGnLuzP\/pub\" target=\"_blank\" rel=\"noopener\" target=\"_blank\" rel=\"noopener\"><span style=\"color: #333399;\">L\u00ednea 1: Equipo de Nanociencia Molecular<\/span><\/a><\/h4>\n\n\n\n<div class=\"wp-block-stackable-divider stk-block-divider has-text-align-left stk-block stk-bef3835\" data-block-id=\"bef3835\"><style>.stk-bef3835 hr.stk-block-divider__hr{width:100% !important;}.stk-bef3835 {margin-bottom:0px !important;}<\/style><hr class=\"stk-block-divider__hr\"\/><\/div>\n\n\n\n<h4><a href=\"https:\/\/docs.google.com\/document\/d\/e\/2PACX-1vR49FX5T1qSzkznNtRb5rfS7xrEsnguam56EJnHOerwE3bEhRAIj4H4TMsv2QB5OXWisNQigTW4KCu0\/pub\" target=\"_blank\" rel=\"noopener\" target=\"_blank\" rel=\"noopener\"><span style=\"color: #333399;\">L\u00ednea 2: Equipo de Dispositivos Optoelectr\u00f3nicos y Fotovoltaicos<\/span><\/a><\/h4>\n\n\n\n<div class=\"wp-block-stackable-divider stk-block-divider has-text-align-left stk-block stk-9273251\" data-block-id=\"9273251\"><style>.stk-9273251 hr.stk-block-divider__hr{width:100% !important;}.stk-9273251 {margin-bottom:0px !important;}<\/style><hr class=\"stk-block-divider__hr\"\/><\/div>\n\n\n\n<h4><a href=\"https:\/\/docs.google.com\/document\/d\/e\/2PACX-1vQxuwxevhtmPoLBw1s2QOzgKWpnlgq45DvDNHc1XAHzRkt50MNDIS0re5VqRpT8_UWMdv8plA93iigI\/pub\" target=\"_blank\" rel=\"noopener\" target=\"_blank\" rel=\"noopener\"><span style=\"color: #333399;\">L\u00ednea 4: Equipo de Qu\u00edmica de Coordinaci\u00f3n<\/span><\/a><\/h4>\n\n\n\n<div class=\"wp-block-stackable-divider stk-block-divider has-text-align-left stk-block stk-afcf9b4\" data-block-id=\"afcf9b4\"><style>.stk-afcf9b4 hr.stk-block-divider__hr{width:100% !important;}.stk-afcf9b4 {margin-bottom:0px !important;}<\/style><hr class=\"stk-block-divider__hr\"\/><\/div>\n\n\n\n<h4><a href=\"https:\/\/docs.google.com\/document\/d\/e\/2PACX-1vRqhRJpYyDqYHTi-yvnhnLR3NEdrOnzbS8z2eu1_lbYzOmjppX__iQf8Lpojjvc0F5pgNoeBnlgPv0N\/pub\" target=\"_blank\" rel=\"noopener\" target=\"_blank\" rel=\"noopener\"><span style=\"color: #333399;\">L\u00ednea 5: Equipo de Materiales Moleculares Conmutables<\/span><\/a><\/h4>\n<\/div><\/div><\/div>\n<\/div><\/div>\n","protected":false},"excerpt":{"rendered":"<p>L\u00edneas de investigaci\u00f3n Las l\u00edneas de investigaci\u00f3n asociadas al programa de doctorado se estructuran en torno a cinco grandes temas de investigaci\u00f3n: L\u00ednea 1: Equipo de Nanociencia Molecular L\u00ednea 2: Equipo de Dispositivos Optoelectr\u00f3nicos y Fotovoltaicos L\u00ednea 4: Equipo de Qu\u00edmica de Coordinaci\u00f3n L\u00ednea 5: Equipo de Materiales Moleculares Conmutables<\/p>\n","protected":false},"author":1,"featured_media":0,"parent":27,"menu_order":0,"comment_status":"closed","ping_status":"closed","template":"templates\/template-frontpage.php","meta":{"_acf_changed":false,"footnotes":""},"class_list":["post-30","page","type-page","status-publish","hentry"],"acf":[],"publishpress_future_action":{"enabled":false,"date":"2026-04-15 04:20:00","action":"change-status","newStatus":"draft","terms":[],"taxonomy":"","extraData":[]},"publishpress_future_workflow_manual_trigger":{"enabledWorkflows":[]},"_links":{"self":[{"href":"https:\/\/www.ull.es\/doctorados\/nanociencia-nanotecnologia\/wp-json\/wp\/v2\/pages\/30","targetHints":{"allow":["GET"]}}],"collection":[{"href":"https:\/\/www.ull.es\/doctorados\/nanociencia-nanotecnologia\/wp-json\/wp\/v2\/pages"}],"about":[{"href":"https:\/\/www.ull.es\/doctorados\/nanociencia-nanotecnologia\/wp-json\/wp\/v2\/types\/page"}],"author":[{"embeddable":true,"href":"https:\/\/www.ull.es\/doctorados\/nanociencia-nanotecnologia\/wp-json\/wp\/v2\/users\/1"}],"replies":[{"embeddable":true,"href":"https:\/\/www.ull.es\/doctorados\/nanociencia-nanotecnologia\/wp-json\/wp\/v2\/comments?post=30"}],"version-history":[{"count":11,"href":"https:\/\/www.ull.es\/doctorados\/nanociencia-nanotecnologia\/wp-json\/wp\/v2\/pages\/30\/revisions"}],"predecessor-version":[{"id":369,"href":"https:\/\/www.ull.es\/doctorados\/nanociencia-nanotecnologia\/wp-json\/wp\/v2\/pages\/30\/revisions\/369"}],"up":[{"embeddable":true,"href":"https:\/\/www.ull.es\/doctorados\/nanociencia-nanotecnologia\/wp-json\/wp\/v2\/pages\/27"}],"wp:attachment":[{"href":"https:\/\/www.ull.es\/doctorados\/nanociencia-nanotecnologia\/wp-json\/wp\/v2\/media?parent=30"}],"curies":[{"name":"wp","href":"https:\/\/api.w.org\/{rel}","templated":true}]}}