{"id":23,"date":"2018-02-22T11:09:29","date_gmt":"2018-02-22T11:09:29","guid":{"rendered":"http:\/\/localhost\/ull\/doctorados\/?page_id=23"},"modified":"2019-09-27T09:59:15","modified_gmt":"2019-09-27T09:59:15","slug":"justificacion-del-titulo","status":"publish","type":"page","link":"https:\/\/www.ull.es\/doctorados\/psicologia\/justificacion-del-titulo\/","title":{"rendered":"Justificaci\u00f3n del t\u00edtulo"},"content":{"rendered":"<h1>Justificaci\u00f3n del t\u00edtulo<\/h1>\n<p>El Programa de Doctorado en Psicolog\u00eda que aqu\u00ed se presenta para ser impartido de acuerdo al RD 99\/2011, integra los distintos programas de doctorado, vigentes y en extinci\u00f3n de la Facultad de Psicolog\u00eda. en un \u00fanico programa de doctorado. Esta experiencia previa en la impartici\u00f3n de programas de doctorado de caracter\u00edsticas similares al que aqu\u00ed se presenta proviene de la conversi\u00f3n de los programas de doctorado previos con Menci\u00f3n de Calidad y que algunos de ellos recibieron informe favorable de la ANECA para la obtenci\u00f3n de la Menci\u00f3n hacia la Excelencia en su primera convocatoria como describiremos a continuaci\u00f3n.<\/p>\n<p><strong>Historial previo<\/strong><\/p>\n<p>La Universidad de La Laguna cuenta con m\u00e1s de 30 a\u00f1os de experiencia en la organizaci\u00f3n e impartici\u00f3n de estudios de Psicolog\u00eda. A lo largo de este periodo, los estudios de Psicolog\u00eda han tenido una elevada demanda la cual se mantiene en la actualidad. Durante todo este tiempo se ha venido impartiendo formaci\u00f3n de doctorado en sus distintos formatos o modalidades (cursos, programas) y de acuerdo a las estructuras formativas existentes: al principio como parte del doctorado de la Facultad de Filosof\u00eda y Letras, pero con formaci\u00f3n espec\u00edfica en Psicolog\u00eda (as\u00ed se recog\u00eda entre par\u00e9ntesis en el t\u00edtulo), posteriormente dentro de la Facultad de Filosof\u00eda y Ciencias de la Educaci\u00f3n, y, finalmente, con la creaci\u00f3n de la Facultad de Psicolog\u00eda, como doctorado espec\u00edfico en Psicolog\u00eda. A partir de la creaci\u00f3n de la Facultad y de los departamentos m\u00e1s vinculados a la titulaci\u00f3n de Psicolog\u00eda (dpto. de Personalidad, Evaluaci\u00f3n y Tratamientos Psicol\u00f3gicos, dpto. de Psicolog\u00eda Cognitiva, Social y Organizacional, dpto. de Psicolog\u00eda Evolutiva y de la Educaci\u00f3n y dpto. de Psicobiolog\u00eda y Metodolog\u00eda de las Ciencias del Comportamiento), se formalizaron programas de doctorado en Psicolog\u00eda que, con peque\u00f1as modificaciones, se han mantenido hasta la aparici\u00f3n de las nuevas normativas. Si nos centramos en los \u00faltimos cinco a\u00f1os, se ven\u00edan impartiendo en la Facultad de Psicolog\u00eda 5 programas de doctorado, 3 de ellos vigentes de acuerdo al decreto 1393\/2007, y otros dos en proceso de extinci\u00f3n. Estos programas de doctorado se integran en la propuesta actual en el nuevo Programa de Doctorado en Psicolog\u00eda por la Universidad de La Laguna. La calidad de esta oferta de doctorado es otro factor a tener en cuenta: tres de los programas de doctorado que se integran obtuvieron Menci\u00f3n de Calidad: Neurociencia Cognitiva y Educaci\u00f3n, Intervenci\u00f3n y Mediaci\u00f3n Familiar y Comprensi\u00f3n del Texto y del Discurso; y los dos primeros pasaron el criterio de ANECA para la obtenci\u00f3n de la Menci\u00f3n hacia la Excelencia en su primera convocatoria.<\/p>\n<p><strong>Capacidad investigadora de la Facultad de Psicolog\u00eda<\/strong><\/p>\n<p>Como corresponde a su historia, la Facultad de Psicolog\u00eda de la ULL cuenta con un potencial investigador que viene avalado por una serie de indicadores objetivos. Uno de ellos lo constituyen los rankings que valoran la producci\u00f3n por campos y disciplinas cient\u00edficas, como es el caso del reconocido ranking I-GR por Campos y Disciplinas Cient\u00edficas, que se apoya en las publicaciones con factor de impacto ISI. En dicho ranking, en su \u00faltima edici\u00f3n (2012), la ULL aparec\u00eda como 5\u00ba universidad del Estado Espa\u00f1ol en Psicolog\u00eda en el apartado de disciplinas cient\u00edficas (y entre las 5 primeras, ocupaba la 2\u00aa posici\u00f3n en impacto cualitativo relacionado con las citas recibidas).<\/p>\n<p><strong>Demanda potencial del Programa de Doctorado en Psicolog\u00eda<\/strong><\/p>\n<p>La demanda potencial del Programa de Doctorado en Psicolog\u00eda y su inter\u00e9s para la sociedad viene avalada por la misma demanda razonable y sostenida de estudiantes posgraduados hacia los programas de doctorado de caracter\u00edsticas similares que se han venido impartiendo en la Facultad de Psicolog\u00eda de la Universidad de La Laguna. As\u00ed, por ejemplo, los datos de matr\u00edcula y tesis le\u00eddas, de acuerdo a los datos proporcionados por el Vicerrectorado de Posgrado, Nuevos Estudios y Espacio Europeo de Educaci\u00f3n Superior, indican que se han matriculado 114 estudiantes y se han le\u00eddo 54 tesis en los \u00faltimos cinco a\u00f1os.<\/p>\n<p>Otro factor a se\u00f1alar, relevante para la demanda potencial del nuevo Programa de Doctorado en Psicolog\u00eda, se refiere al amplio conjunto de m\u00e1steres oficiales con varias ediciones y que cuentan con un n\u00famero notable de alumnos.<\/p>\n<p>Por ilustrar este punto, se se\u00f1alan a continuaci\u00f3n el n\u00famero de alumnos matriculados en cada uno de ellos en el pasado curso 2012\/13. El vigor de esta oferta de m\u00e1ster, se\u00f1ala una demanda razonable y sostenida de estudiantes posgraduados hacia el Programa de Doctorado que, por otro lado, tiene como funci\u00f3n ineludible atender dicha demanda con los est\u00e1ndares de calidad necesarios.<\/p>\n<p>En suma, los datos arriba expuestos son una garant\u00eda de la sostenibilidad del Programa de Doctorado en Psicolog\u00eda.<\/p>\n<p>Una potencialidad a rese\u00f1ar respecto a los m\u00e1steres que se vienen impartiendo es su capacidad para atraer alumnos del \u00e1mbito iberoamericano cuya presencia se refuerza a\u00f1o tras a\u00f1o. El n\u00famero de tesis le\u00eddas en los \u00faltimos cinco a\u00f1os (54) suponen tambi\u00e9n un respaldo a la viabilidad del programa de doctorado, as\u00ed como el n\u00famero de alumnos matriculados en el conjunto de los programas de doctorado que se integran en el nuevo programa de doctorado en Psicolog\u00eda (114).<\/p>\n<p><strong>Potencial investigador del programa de doctorado en Psicolog\u00eda<\/strong><\/p>\n<p>En cuanto a la productividad cient\u00edfica demostrada en el propio programa, \u00e9sta queda acreditada por la solvencia de su plantilla de investigadores\/doctores en t\u00e9rminos de sexenios y publicaciones. Muchos de estos investigadores ocupan primeras posiciones del ranking de profesores en Espa\u00f1a en productividad cient\u00edfica en estudios que abarcan el periodo 2004-2009 y que pasamos a enumerar a continuaci\u00f3n. Seg\u00fan los resultados obtenidos por (*) Musi-Lechuga, Olivas-\u00c1vila, Portillo-Reyes y Villalobos-Galvis (2005) en un estudio publicado en la revista Psicothema en el que se analiza la producci\u00f3n cient\u00edfica de la Psicolog\u00eda espa\u00f1ola a trav\u00e9s de los registros de art\u00edculos en revistas incluidas en la base de datos Web of Science de los Catedr\u00e1ticos (CU) y Profesores Titulares (PTU) de las distintas \u00e1reas acad\u00e9micas de la Psicolog\u00eda, algunos de estos investigadores se encuentran entre los diez profesores con mayor producci\u00f3n de art\u00edculos de revistas registradas en la base de datos Web of Science en sus respectivas \u00e1reas de conocimiento. Seg\u00fan el estudio realizado por (**) Salgado y P\u00e1ez (2007) se encuentran tambi\u00e9n entre los diez investigadores con h* m\u00e1s elevada de las seis \u00e1reas de conocimiento en que est\u00e1 dividida la Psicolog\u00eda acad\u00e9mica en Espa\u00f1a.<\/p>\n<p>M\u00e1s recientemente, seg\u00fan los resultados obtenidos por (*) Olivas-\u00c1vila y Musi-Lechuga (2010) en un estudio publicado en la revista Psicothema en el que se analiza la producci\u00f3n cient\u00edfica de los profesores funcionarios de Psicolog\u00eda en Espa\u00f1a m\u00e1s productivos de la Web of Science, muchos de estos profesores se encuentran en las primeras posiciones del ranking de entre los diez profesores con mayor producci\u00f3n de art\u00edculos de revistas registradas en la base de datos Web of Science en sus respectivas \u00e1reas de conocimiento.<\/p>\n<p>Asimismo, es de destacar la importante producci\u00f3n en publicaciones de las tesis le\u00eddas, tal como se se\u00f1ala en el apartado 6 de Recursos Humanos. La capacidad de captaci\u00f3n de recursos de investigaci\u00f3n viene demostrada por los 14 proyectos nacionales competitivos que respaldan las l\u00edneas de investigaci\u00f3n que integran el programa de doctorado en Psicolog\u00eda de la ULL. Por \u00faltimo, en t\u00e9rminos de calidad y solvencia de los recursos humanos y de equipamiento aportados, el programa queda avalado por el \u00e9xito de los programas anteriores, su continuidad, y el hecho de haber obtenido tres de ellos Menci\u00f3n de Calidad, como ya ha sido descrito.<\/p>\n<p><strong>Integraci\u00f3n del programa de doctorado en Psicolog\u00eda en la Escuela de Doctorado de la ULL<\/strong><\/p>\n<p>Hay que destacar que el programa de doctorado en Psicolog\u00eda estar\u00eda integrado en la Escuela de Doctorado de la ULL. En el Consejo de Gobierno del 26 de septiembre de 2013 se aprob\u00f3 la Escuela de Doctorado de la ULL. Mientras que \u00e9sta se pone en total funcionamiento se actuar\u00e1 conforme se indica en la Resoluci\u00f3n de 17 de enero de 2013, por la que se dispone la publicaci\u00f3n del<a href=\"http:\/\/www.gobiernodecanarias.org\/boc\/2009\/031\/007.html\" target=\"_blank\" rel=\"noopener noreferrer\" target=\"_blank\" rel=\"noopener\">\u00a0Reglamento de Ense\u00f1anzas Oficiales de Doctorado de la Universidad de La Laguna.<\/a><\/p>\n<p>En dicha resoluci\u00f3n se han sentado las bases para la organizaci\u00f3n de sus programas de doctorado adaptados a la nueva regulaci\u00f3n. Con ello se pretende mantener sus indicadores en materia de doctorado y establecer una estrategia que va a permitir potenciar sus resultados de investigaci\u00f3n, llev\u00e1ndolos m\u00e1s all\u00e1 de los existentes en el presente.<\/p>\n<p>La idea es que sus nuevos programas de doctorado act\u00faen como tractores de la investigaci\u00f3n desarrollada en la instituci\u00f3n, y potencien una mayor atenci\u00f3n hacia sus investigadores en formaci\u00f3n, a la par que se regulan los procesos de extinci\u00f3n de los programas de doctorado articulados conforme a anteriores disposiciones normativas.<\/p>\n<p><strong>Integraci\u00f3n del programa de doctorado en la estrategia I+D+i de la ULL<\/strong><\/p>\n<p>El programa de doctorado en Psicolog\u00eda se integra dentro de la estrategia I+D+i de la ULL en la que figura el desarrollo del Campus Atl\u00e1ntico Tricontinental (CEI-CANARIAS) (International Campus of Excellence), un espacio de excelencia que debe ser a partir de 2015 referencia atl\u00e1ntica en Europa como eje receptor y catalizador de talento en proyectos docentes, de investigaci\u00f3n, innovaci\u00f3n y transferencia con \u00c1frica y Latinoam\u00e9rica y, bajo el denominador com\u00fan de un modelo de sostenibilidad integral para su desarrollo. El Campus ya est\u00e1 siendo un elemento indispensable para el desarrollo hacia la nueva estructura econ\u00f3mica, productiva y social de Canarias. Una de las acciones del citado Campus Atl\u00e1ntico Tricontinental se vincula directamente a las l\u00edneas de investigaci\u00f3n del programa de doctoradoen Psicolog\u00eda. En este caso nos referimos a la acci\u00f3n n\u00ba 8 (Wolfgang K\u00f6hler Atlantic Neuroscience Centre) que tiene como principales objetivos la incorporaci\u00f3n de l\u00edneas de investigaci\u00f3n e intervenci\u00f3n que tengan un impacto sobre la calidad de vida de las personas en el campo de las neurociencias (ciclo vital, trastornos neuro-degenerativos, grupos de riesgo, etc.); la promoci\u00f3n de transferencia de resultados en el dise\u00f1o de estrategias de intervenci\u00f3n y desarrollo de la cooperaci\u00f3n; talleres de trabajo en neurociencia para investigadores procedentes del continente africano y de Ibeoroam\u00e9rica, creaci\u00f3n de un programa tri-continental de movilidad y reclutamiento de talentos; docencia de posgrado, etc. Asimismo, se esperan resultados en cuanto a la mejora de los sistemas de diagn\u00f3stico e intervenci\u00f3n en salud mental y dificultades de aprendizaje, dise\u00f1o de estrategias de intervenci\u00f3n para mejorar la calidad de vida; fomentar la movilidad y reclutamiento de talentos entre investigadores a un nivel tri-continental, etc.<\/p>\n<p>Las mejoras en competitividad parten de un enfoque sostenible y global, que afianzar\u00e1 sectores clave, potenciar\u00e1 nuevos sectores vinculados con los \u00e1mbitos de especializaci\u00f3n tem\u00e1tica del Campus y ayudar\u00e1 a la generaci\u00f3n de empleo. Este modelo aprovechar\u00e1 la posici\u00f3n geoestrat\u00e9gica de Canarias como puente de Europa hacia \u00c1frica Occidental, la Macaronesia y Latinoam\u00e9rica. Es por ello que el Campus Atl\u00e1ntico Tricontinental ejercer\u00e1 de eje universitario dentro del proyecto nacional de reforzar Canarias como puente europeo estrat\u00e9gico tricontinental en el Atl\u00e1ntico.<\/p>\n<p>Los subproyectos que lo definen abarcan todos los \u00e1mbitos de la excelencia: la mejora docente, la adaptaci\u00f3n al Espacio Europeo de Educaci\u00f3n Superior (EEES), la mejora cient\u00edfica, la innovaci\u00f3n y transferencia de conocimiento, la transformaci\u00f3n del campus y la internacionalizaci\u00f3n. Dentro de este \u00e1mbito se inserta justamente el programa de doctorado en Psicolog\u00eda.<\/p>\n<p>En el CEI-CANARIAS se desarrollan plataformas educativas de calidad y excelencia desde el marco de la Escuela Internacional de Posgrados universitarios, a la vez que se refuerzan grandes infraestructuras de excelencia. De hecho, se han venido impartiendo una serie de M\u00e1steres Universitarios y Programas de doctorado en la Facultad de Psicolog\u00eda, muchos de ellos con Menci\u00f3n de Calidad, y que ahora se pretenden integrar en un \u00fanico Programa de doctorado en Psicolog\u00eda, que han permitido atraer estudiantes e investigadores excelentes de prestigio internacional. El esfuerzo y avance de la ULL ha sido fundamental estos \u00faltimos a\u00f1os, como catalizadora del talento a trav\u00e9s de sus actividades formativas, realizando cerca del 80% de la investigaci\u00f3n que se hace en Canarias, transfiriendo a la sociedad y al tejido productivo el conocimiento generado y adquiriendo verdaderos compromisos para un modelo productivo basado en el conocimiento.<\/p>\n<p>La ULL participa activamente con el Parque Cient\u00edfico-Tecnol\u00f3gico de Tenerife S.A, siendo una muestra el Centro de Investigaciones Biom\u00e9dicas de Canarias (CIBICAN). La elecci\u00f3n del eje materiales-sostenibilidad como preferente en las actividades de I+D+i a desarrollar en el futuro Polo Cient\u00edfico y Tecnol\u00f3gico, PCT La Laguna, asociado al PCCT tiene como argumentos fundamentales, por un lado, los recursos de investigaci\u00f3n actualmente disponibles por parte de la Universidad de La Laguna y por otro, lademanda estrat\u00e9gica de resultados de investigaci\u00f3n en las \u00e1reas mencionadas tanto a nivel p\u00fablico como privado.<\/p>\n<p><strong>Contenido del programa<\/strong><\/p>\n<p>El programa de Doctorado en Psicolog\u00eda por la ULL tiene la finalidad de formar doctores en distintos \u00e1mbitos de la psicolog\u00eda. A trav\u00e9s del programa de doctorado los alumnos podr\u00e1n obtener conocimientos te\u00f3ricos, t\u00e9cnicos y pr\u00e1cticos necesarios para la investigaci\u00f3n avanzada en cuatro \u00e1mbitos principales: La Psicolog\u00eda Cl\u00ednica y de la Salud, la Neurociencia de la Cognici\u00f3n y de las Emociones, la Psicolog\u00eda del Lenguaje, de la Educaci\u00f3n y Metodolog\u00eda y la Intervenci\u00f3n y Mediaci\u00f3n Familiar, Social y Comunitaria.<\/p>\n","protected":false},"excerpt":{"rendered":"<p>Justificaci\u00f3n del t\u00edtulo El Programa de Doctorado en Psicolog\u00eda que aqu\u00ed se presenta para ser impartido de acuerdo al RD 99\/2011, integra los distintos programas de doctorado, vigentes y en extinci\u00f3n de la Facultad de Psicolog\u00eda. en un \u00fanico programa de doctorado. Esta experiencia previa en la impartici\u00f3n de programas de doctorado de caracter\u00edsticas similares&#8230;<\/p>\n","protected":false},"author":1,"featured_media":0,"parent":0,"menu_order":0,"comment_status":"closed","ping_status":"closed","template":"","meta":{"_acf_changed":false,"footnotes":""},"class_list":["post-23","page","type-page","status-publish","hentry"],"acf":[],"publishpress_future_action":{"enabled":false,"date":"2026-04-19 04:47:45","action":"change-status","newStatus":"draft","terms":[],"taxonomy":"","extraData":[]},"publishpress_future_workflow_manual_trigger":{"enabledWorkflows":[]},"_links":{"self":[{"href":"https:\/\/www.ull.es\/doctorados\/psicologia\/wp-json\/wp\/v2\/pages\/23","targetHints":{"allow":["GET"]}}],"collection":[{"href":"https:\/\/www.ull.es\/doctorados\/psicologia\/wp-json\/wp\/v2\/pages"}],"about":[{"href":"https:\/\/www.ull.es\/doctorados\/psicologia\/wp-json\/wp\/v2\/types\/page"}],"author":[{"embeddable":true,"href":"https:\/\/www.ull.es\/doctorados\/psicologia\/wp-json\/wp\/v2\/users\/1"}],"replies":[{"embeddable":true,"href":"https:\/\/www.ull.es\/doctorados\/psicologia\/wp-json\/wp\/v2\/comments?post=23"}],"version-history":[{"count":4,"href":"https:\/\/www.ull.es\/doctorados\/psicologia\/wp-json\/wp\/v2\/pages\/23\/revisions"}],"predecessor-version":[{"id":235,"href":"https:\/\/www.ull.es\/doctorados\/psicologia\/wp-json\/wp\/v2\/pages\/23\/revisions\/235"}],"wp:attachment":[{"href":"https:\/\/www.ull.es\/doctorados\/psicologia\/wp-json\/wp\/v2\/media?parent=23"}],"curies":[{"name":"wp","href":"https:\/\/api.w.org\/{rel}","templated":true}]}}