{"id":23,"date":"2018-02-22T11:09:29","date_gmt":"2018-02-22T11:09:29","guid":{"rendered":"http:\/\/localhost\/ull\/doctorados\/?page_id=23"},"modified":"2018-03-11T04:32:56","modified_gmt":"2018-03-11T04:32:56","slug":"justificacion-del-titulo","status":"publish","type":"page","link":"https:\/\/www.ull.es\/doctorados\/territorio-sociedad\/justificacion-del-titulo\/","title":{"rendered":"Justificaci\u00f3n del t\u00edtulo"},"content":{"rendered":"<h1>Justificaci\u00f3n del t\u00edtulo<\/h1>\n<p>En las Facultades de Geograf\u00eda e Historia de la Universidad de Las Palmas de Gran Canaria y de la Universidad de La Laguna, se ha prestado un gran apoyo a la iniciativa de coordinar un Programa Interuniversitario de Doctorado, adaptado a la nueva legislaci\u00f3n. Con ello se pretende que, adem\u00e1s de dar continuidad a la carrera acad\u00e9mica de los\/las estudiantes de grado y de m\u00e1ster, se puedan desarrollar las actividades de investigaci\u00f3n, innovaci\u00f3n y promoci\u00f3n del talento, no s\u00f3lo en el Archipi\u00e9lago sino en el resto de Espa\u00f1a y Europa, prestando una especial atenci\u00f3n al marco territorial de \u00c1frica y de Iberoam\u00e9rica, con los que las Islas tienen especiales lazos culturales y econ\u00f3micos.<\/p>\n<p>Este Programa se enriquece adem\u00e1s con la experiencia adquirida en los diferentes Programas de Doctorado organizados por los Departamentos m\u00e1s directamente relacionados con las Facultades de Geograf\u00eda e Historia, algunos de ellos ya interdepartamentales. Por otra parte, en esta etapa de incorporaci\u00f3n al EEES, contamos con un precedente de estrecha colaboraci\u00f3n interuniversitaria en la figura del M\u00e1ster Interuniversitario de Arqueolog\u00eda por la ULL y la ULPGC, que nos ha servido como laboratorio de ensayo en todo tipo de acciones docentes, de organizaci\u00f3n de intercambios y de tutelaje de trabajos de investigaci\u00f3n compartidos.<\/p>\n<p>Este programa de doctorado es el resultado de la sinergia de investigadores que desarrollan su trabajo en los \u00e1mbitos de la Geograf\u00eda, la Historia, la Arqueolog\u00eda, el Estudio de las Religiones y el Patrimonio natural, cultural y ling\u00fc\u00edstico. Muchos de los proyectos que dirigen o en los que participan constituyen un ejemplo de an\u00e1lisis transversal t\u00edpico del contexto de las Humanidades y las Ciencias Sociales, de manera que las l\u00edneas de investigaci\u00f3n que se proponen tienen la cualidad de poder abordar problemas y aportar resultados desde una perspectiva multidisciplinar en unos \u00e1mbitos de aplicaci\u00f3n universales. Es por ello que el Programa Territorio y Sociedad. Evoluci\u00f3n Hist\u00f3rica de un Espacio Tricontinental (\u00c1frica, Am\u00e9rica y Europa), DOCTESO, es el marco id\u00f3neo para vertebrar esas perspectivas y atraer j\u00f3venes talentos, no s\u00f3lo procedentes de las dos universidades que lo coordinan, sino de todo el extenso \u00e1mbito geogr\u00e1fico que engloba su car\u00e1cter de tricontinentalidad.<\/p>\n","protected":false},"excerpt":{"rendered":"<p>Justificaci\u00f3n del t\u00edtulo En las Facultades de Geograf\u00eda e Historia de la Universidad de Las Palmas de Gran Canaria y de la Universidad de La Laguna, se ha prestado un gran apoyo a la iniciativa de coordinar un Programa Interuniversitario de Doctorado, adaptado a la nueva legislaci\u00f3n. Con ello se pretende que, adem\u00e1s de dar&#8230;<\/p>\n","protected":false},"author":1,"featured_media":0,"parent":0,"menu_order":0,"comment_status":"closed","ping_status":"closed","template":"","meta":{"_acf_changed":false,"footnotes":""},"class_list":["post-23","page","type-page","status-publish","hentry"],"acf":[],"publishpress_future_action":{"enabled":false,"date":"2026-04-17 02:54:41","action":"change-status","newStatus":"draft","terms":[],"taxonomy":"","extraData":[]},"publishpress_future_workflow_manual_trigger":{"enabledWorkflows":[]},"_links":{"self":[{"href":"https:\/\/www.ull.es\/doctorados\/territorio-sociedad\/wp-json\/wp\/v2\/pages\/23","targetHints":{"allow":["GET"]}}],"collection":[{"href":"https:\/\/www.ull.es\/doctorados\/territorio-sociedad\/wp-json\/wp\/v2\/pages"}],"about":[{"href":"https:\/\/www.ull.es\/doctorados\/territorio-sociedad\/wp-json\/wp\/v2\/types\/page"}],"author":[{"embeddable":true,"href":"https:\/\/www.ull.es\/doctorados\/territorio-sociedad\/wp-json\/wp\/v2\/users\/1"}],"replies":[{"embeddable":true,"href":"https:\/\/www.ull.es\/doctorados\/territorio-sociedad\/wp-json\/wp\/v2\/comments?post=23"}],"version-history":[{"count":1,"href":"https:\/\/www.ull.es\/doctorados\/territorio-sociedad\/wp-json\/wp\/v2\/pages\/23\/revisions"}],"predecessor-version":[{"id":132,"href":"https:\/\/www.ull.es\/doctorados\/territorio-sociedad\/wp-json\/wp\/v2\/pages\/23\/revisions\/132"}],"wp:attachment":[{"href":"https:\/\/www.ull.es\/doctorados\/territorio-sociedad\/wp-json\/wp\/v2\/media?parent=23"}],"curies":[{"name":"wp","href":"https:\/\/api.w.org\/{rel}","templated":true}]}}