{"id":47,"date":"2021-11-12T11:52:36","date_gmt":"2021-11-12T11:52:36","guid":{"rendered":"https:\/\/www.ull.es\/estadisticas\/?page_id=47"},"modified":"2025-09-02T07:02:33","modified_gmt":"2025-09-02T07:02:33","slug":"doctorado-2","status":"publish","type":"page","link":"https:\/\/www.ull.es\/estadisticas\/matricula\/doctorado-2\/","title":{"rendered":"Doctorado"},"content":{"rendered":"\n<div class=\"wp-block-stackable-columns alignfull stk-block-columns stk-block stk-2b7ec89 stk-block-background stk--has-background-overlay\" data-block-id=\"2b7ec89\"><style>.stk-2b7ec89 {background-image:url(http:\/\/www.ull.es\/estadisticas\/wp-content\/uploads\/sites\/16\/2023\/07\/pexels-pixabay-256455.jpg) !important;min-height:326px !important;align-items:center !important;margin-top:-10px !important;margin-bottom:50px !important;display:flex !important;}<\/style><div class=\"stk-row stk-inner-blocks stk-block-content stk-content-align stk-2b7ec89-column alignfull\">\n<div class=\"wp-block-stackable-column stk-block-column stk-column stk-block stk-9fb4d88\" data-v=\"4\" data-block-id=\"9fb4d88\"><div class=\"stk-column-wrapper stk-block-column__content stk-container stk-9fb4d88-container stk--no-background stk--no-padding\"><div class=\"stk-block-content stk-inner-blocks stk-9fb4d88-inner-blocks\">\n<div class=\"wp-block-stackable-heading stk-block-heading stk-block-heading--v2 stk-block stk-ad721dd\" id=\"estadisticas\" data-block-id=\"ad721dd\"><style>.stk-ad721dd {margin-bottom:0px !important;}.stk-ad721dd .stk-block-heading__text{text-shadow:2px 2px 2px #444444 !important;font-size:40px !important;color:#ffffff !important;font-family:\"Argentum sans\", Sans-serif !important;}@media screen and (max-width: 1023px){.stk-ad721dd .stk-block-heading__text{font-size:40px !important;}}<\/style><h2 class=\"stk-block-heading__text has-text-color has-text-align-center\">Estad\u00edsticas<\/h2><\/div>\n\n\n\n<div class=\"wp-block-stackable-heading stk-block-heading stk-block-heading--v2 stk-block stk-d6233c2\" id=\"matricula-de-doctorado\" data-block-id=\"d6233c2\"><style>.stk-d6233c2 .stk-block-heading__text{text-shadow:2px 2px 2px #444444 !important;font-size:40px !important;color:#ffffff !important;font-family:\"Argentum sans\", Sans-serif !important;}@media screen and (max-width: 1023px){.stk-d6233c2 .stk-block-heading__text{font-size:40px !important;}}<\/style><h2 class=\"stk-block-heading__text has-text-color has-text-align-center\">Matr\u00edcula de Doctorado<\/h2><\/div>\n<\/div><\/div><\/div>\n<\/div><\/div>\n\n\n\n<div class=\"wp-block-stackable-columns stk-block-columns stk-block stk-2b28fa1\" data-block-id=\"2b28fa1\"><style>.stk-2b28fa1-column{--stk-columns-spacing:0px !important;--stk-column-gap:40px !important;flex-wrap:wrap !important;--stk-flex-grow:0 !important;row-gap:80px !important;}<\/style><div class=\"stk-row stk-inner-blocks stk-block-content stk-content-align stk-2b28fa1-column\">\n<div class=\"wp-block-stackable-column stk-block-column stk-column stk-block stk-71e7743\" data-v=\"4\" data-block-id=\"71e7743\"><style>@media screen and (min-width: 768px){.stk-71e7743 {flex:var(--stk-flex-grow, 1) 1 calc(50% - var(--stk-column-gap, 0px) * 1 \/ 2 ) !important;}}<\/style><div class=\"stk-column-wrapper stk-block-column__content stk-container stk-71e7743-container stk--no-background stk--no-padding\"><div class=\"stk-block-content stk-inner-blocks stk-71e7743-inner-blocks\">\n<div class=\"wp-block-stackable-image stk-block-image stk-block stk-3e068e5\" data-block-id=\"3e068e5\"><figure><span class=\"stk-img-wrapper stk-image--shape-stretch\"><img loading=\"lazy\" decoding=\"async\" class=\"stk-img wp-image-420\" src=\"http:\/\/www.ull.es\/estadisticas\/wp-content\/uploads\/sites\/16\/2023\/07\/brooke-cagle-Uduc5hJX2Ew-unsplash.jpg\" width=\"1600\" height=\"1067\" srcset=\"https:\/\/www.ull.es\/estadisticas\/wp-content\/uploads\/sites\/16\/2023\/07\/brooke-cagle-Uduc5hJX2Ew-unsplash.jpg 1600w, https:\/\/www.ull.es\/estadisticas\/wp-content\/uploads\/sites\/16\/2023\/07\/brooke-cagle-Uduc5hJX2Ew-unsplash-300x200.jpg 300w, https:\/\/www.ull.es\/estadisticas\/wp-content\/uploads\/sites\/16\/2023\/07\/brooke-cagle-Uduc5hJX2Ew-unsplash-1024x683.jpg 1024w, https:\/\/www.ull.es\/estadisticas\/wp-content\/uploads\/sites\/16\/2023\/07\/brooke-cagle-Uduc5hJX2Ew-unsplash-768x512.jpg 768w, https:\/\/www.ull.es\/estadisticas\/wp-content\/uploads\/sites\/16\/2023\/07\/brooke-cagle-Uduc5hJX2Ew-unsplash-1536x1024.jpg 1536w, https:\/\/www.ull.es\/estadisticas\/wp-content\/uploads\/sites\/16\/2023\/07\/brooke-cagle-Uduc5hJX2Ew-unsplash-375x250.jpg 375w, https:\/\/www.ull.es\/estadisticas\/wp-content\/uploads\/sites\/16\/2023\/07\/brooke-cagle-Uduc5hJX2Ew-unsplash-750x500.jpg 750w, https:\/\/www.ull.es\/estadisticas\/wp-content\/uploads\/sites\/16\/2023\/07\/brooke-cagle-Uduc5hJX2Ew-unsplash-1140x760.jpg 1140w\" sizes=\"auto, (max-width: 1600px) 100vw, 1600px\" \/><\/span><\/figure><\/div>\n<\/div><\/div><\/div>\n\n\n\n<div class=\"wp-block-stackable-column stk-block-column stk-column stk-block stk-8393472\" data-v=\"4\" data-block-id=\"8393472\"><style>.stk-8393472 {align-self:center !important;padding-right:0px !important;}@media screen and (min-width: 768px){.stk-8393472 {flex:var(--stk-flex-grow, 1) 1 calc(50% - var(--stk-column-gap, 0px) * 1 \/ 2 ) !important;}}<\/style><div class=\"stk-column-wrapper stk-block-column__content stk-container stk-8393472-container stk--no-background stk--no-padding\"><div class=\"stk-block-content stk-inner-blocks stk-8393472-inner-blocks\">\n<div class=\"wp-block-stackable-heading stk-block-heading stk-block-heading--v2 stk-block stk-5139b65\" id=\"alumnado-matriculado-en-estudios-de-doctorado\" data-block-id=\"5139b65\"><style>.stk-5139b65 {margin-bottom:30px !important;}.stk-5139b65 .stk-block-heading__text{font-size:26px !important;color:var(--stk-global-color-93212, #e59967) !important;font-family:\"Argentum sans\", Sans-serif !important;}@media screen and (max-width: 1023px){.stk-5139b65 .stk-block-heading__text{font-size:26px !important;}}<\/style><h2 class=\"stk-block-heading__text has-text-color has-text-align-left\">Alumnado matriculado en estudios de doctorado<\/h2><\/div>\n\n\n\n<div class=\"wp-block-stackable-text stk-block-text stk-block stk-cd19791\" data-block-id=\"cd19791\"><style>.stk-cd19791 .stk-block-text__text{font-size:16px !important;font-weight:300 !important;font-family:\"Poppins\", Sans-serif !important;}@media screen and (max-width: 1023px){.stk-cd19791 .stk-block-text__text{font-size:16px !important;}}<\/style><p class=\"stk-block-text__text has-text-align-left\">Resumen de las matr\u00edculas de doctorado. Muestra el n\u00famero de matr\u00edculas en cada \u00e1rea de conocimiento haciendo distinci\u00f3n seg\u00fan el g\u00e9nero del alumnado, as\u00ed como un hist\u00f3rico del n\u00famero de matr\u00edculas.<\/p><\/div>\n\n\n\n<div class=\"wp-block-stackable-button-group stk-block-button-group stk-block stk-b858a9a\" data-block-id=\"b858a9a\"><style>.stk-b858a9a .stk-block-button, .stk-b858a9a .stk-block-icon-button{flex:1 0 0% !important;}<\/style><div class=\"stk-row stk-inner-blocks has-text-align-left stk-block-content stk-button-group\">\n<div class=\"wp-block-stackable-button stk-block-button stk-block stk-243e4b4\" data-block-id=\"243e4b4\"><style>.stk-243e4b4 .stk-button{background:linear-gradient(135deg,rgb(247,149,104) 3%,rgb(247,189,104) 98%) !important;border-top-left-radius:8px !important;border-top-right-radius:8px !important;border-bottom-right-radius:8px !important;border-bottom-left-radius:8px !important;}.stk-243e4b4 .stk-button:hover:after{background:linear-gradient(135deg,rgb(247,189,104) 0%,rgb(247,149,104) 100%) !important;opacity:1 !important;}.stk-243e4b4 .stk-button__inner-text{font-size:14px !important;color:#ffffff !important;}@media screen and (max-width: 1023px){.stk-243e4b4 .stk-button__inner-text{font-size:14px !important;}}<\/style><a class=\"stk-link stk-button stk--hover-effect-darken\" href=\"https:\/\/app.powerbi.com\/view?r=eyJrIjoiMTJhZWJkMGUtYjZkYi00Y2E4LWFjYzMtNzVlM2IxZWFmMzcwIiwidCI6IjMyOGJkMzc4LTJiNDItNDAyMS05ODQyLTgyN2FiNmU4M2Y0ZiIsImMiOjh9\" target=\"_blank\" rel=\"noopener\"><span class=\"has-text-color stk-button__inner-text\">Ver alumnado matriculado<\/span><\/a><\/div>\n<\/div><\/div>\n<\/div><\/div><\/div>\n\n\n\n<div class=\"wp-block-stackable-column stk-block-column stk-column stk-block stk-5af01e7\" data-v=\"4\" data-block-id=\"5af01e7\"><style>.stk-5af01e7 {align-self:center !important;}@media screen and (min-width: 768px){.stk-5af01e7 {flex:var(--stk-flex-grow, 1) 1 calc(50% - var(--stk-column-gap, 0px) * 1 \/ 2 ) !important;}}<\/style><div class=\"stk-column-wrapper stk-block-column__content stk-container stk-5af01e7-container stk--no-background stk--no-padding\"><div class=\"stk-block-content stk-inner-blocks stk-5af01e7-inner-blocks\">\n<div class=\"wp-block-stackable-heading stk-block-heading stk-block-heading--v2 stk-block stk-999048f\" id=\"lugar-de-procedencia-de-las-matriculas-de-doctorado\" data-block-id=\"999048f\"><style>.stk-999048f {margin-bottom:30px !important;}.stk-999048f .stk-block-heading__text{font-size:26px !important;color:var(--stk-global-color-10103, #02c1cf) !important;font-family:\"Argentum sans\", Sans-serif !important;}@media screen and (max-width: 1023px){.stk-999048f .stk-block-heading__text{font-size:26px !important;}}<\/style><h2 class=\"stk-block-heading__text has-text-color has-text-align-left\">Lugar de procedencia de las matr\u00edculas de doctorado<\/h2><\/div>\n\n\n\n<div class=\"wp-block-stackable-text stk-block-text stk-block stk-c1f4961\" data-block-id=\"c1f4961\"><style>.stk-c1f4961 .stk-block-text__text{font-size:16px !important;font-weight:300 !important;font-family:\"Poppins\", Sans-serif !important;}@media screen and (max-width: 1023px){.stk-c1f4961 .stk-block-text__text{font-size:16px !important;}}<\/style><p class=\"stk-block-text__text has-text-align-left\">Procedencia de matr\u00edculas en programas de doctorado. Hace un estudio seg\u00fan si la matr\u00edcula es extranjera o nacional.<\/p><\/div>\n\n\n\n<div class=\"wp-block-stackable-button-group stk-block-button-group stk-block stk-59fd5e7\" data-block-id=\"59fd5e7\"><style>.stk-59fd5e7 .stk-block-button, .stk-59fd5e7 .stk-block-icon-button{flex:1 0 0% !important;}<\/style><div class=\"stk-row stk-inner-blocks has-text-align-left stk-block-content stk-button-group\">\n<div class=\"wp-block-stackable-button stk-block-button stk-block stk-935fce9\" data-block-id=\"935fce9\"><style>.stk-935fce9 .stk-button{background:linear-gradient(135deg,rgb(2,193,207) 3%,rgb(116,214,156) 98%) !important;border-top-left-radius:8px !important;border-top-right-radius:8px !important;border-bottom-right-radius:8px !important;border-bottom-left-radius:8px !important;}.stk-935fce9 .stk-button:hover:after{background:linear-gradient(135deg,rgb(116,214,156) 0%,rgb(2,193,207) 100%) !important;opacity:1 !important;}.stk-935fce9 .stk-button__inner-text{font-size:14px !important;color:#ffffff !important;}@media screen and (max-width: 1023px){.stk-935fce9 .stk-button__inner-text{font-size:14px !important;}}<\/style><a class=\"stk-link stk-button stk--hover-effect-darken\" href=\"https:\/\/app.powerbi.com\/view?r=eyJrIjoiOTUxYmQ0OTItMDk0MC00YjgzLWI1OTEtY2ExMmQ3ZGUwMTlkIiwidCI6IjMyOGJkMzc4LTJiNDItNDAyMS05ODQyLTgyN2FiNmU4M2Y0ZiIsImMiOjh9\" target=\"_blank\" rel=\"noopener\"><span class=\"has-text-color stk-button__inner-text\">Ver lugar de procedencia de matr\u00edculas<\/span><\/a><\/div>\n<\/div><\/div>\n<\/div><\/div><\/div>\n\n\n\n<div class=\"wp-block-stackable-column stk-block-column stk-column stk-block stk-24491e3\" data-v=\"4\" data-block-id=\"24491e3\"><style>@media screen and (min-width: 768px){.stk-24491e3 {flex:var(--stk-flex-grow, 1) 1 calc(50% - var(--stk-column-gap, 0px) * 1 \/ 2 ) !important;}}<\/style><div class=\"stk-column-wrapper stk-block-column__content stk-container stk-24491e3-container stk--no-background stk--no-padding\"><div class=\"stk-block-content stk-inner-blocks stk-24491e3-inner-blocks\">\n<div class=\"wp-block-stackable-image stk-block-image stk-block stk-93c8868\" data-block-id=\"93c8868\"><figure><span class=\"stk-img-wrapper stk-image--shape-stretch\"><img loading=\"lazy\" decoding=\"async\" class=\"stk-img wp-image-468\" src=\"http:\/\/www.ull.es\/estadisticas\/wp-content\/uploads\/sites\/16\/2023\/07\/pexels-yan-krukau-8197534.jpg\" width=\"1279\" height=\"853\" srcset=\"https:\/\/www.ull.es\/estadisticas\/wp-content\/uploads\/sites\/16\/2023\/07\/pexels-yan-krukau-8197534.jpg 1279w, https:\/\/www.ull.es\/estadisticas\/wp-content\/uploads\/sites\/16\/2023\/07\/pexels-yan-krukau-8197534-300x200.jpg 300w, https:\/\/www.ull.es\/estadisticas\/wp-content\/uploads\/sites\/16\/2023\/07\/pexels-yan-krukau-8197534-1024x683.jpg 1024w, https:\/\/www.ull.es\/estadisticas\/wp-content\/uploads\/sites\/16\/2023\/07\/pexels-yan-krukau-8197534-768x512.jpg 768w, https:\/\/www.ull.es\/estadisticas\/wp-content\/uploads\/sites\/16\/2023\/07\/pexels-yan-krukau-8197534-375x250.jpg 375w, https:\/\/www.ull.es\/estadisticas\/wp-content\/uploads\/sites\/16\/2023\/07\/pexels-yan-krukau-8197534-750x500.jpg 750w, https:\/\/www.ull.es\/estadisticas\/wp-content\/uploads\/sites\/16\/2023\/07\/pexels-yan-krukau-8197534-1140x760.jpg 1140w\" sizes=\"auto, (max-width: 1279px) 100vw, 1279px\" \/><\/span><\/figure><\/div>\n<\/div><\/div><\/div>\n\n\n\n<div class=\"wp-block-stackable-column stk-block-column stk-column stk-block stk-d5988e5\" data-v=\"4\" data-block-id=\"d5988e5\"><style>@media screen and (min-width: 768px){.stk-d5988e5 {flex:var(--stk-flex-grow, 1) 1 calc(50% - var(--stk-column-gap, 0px) * 1 \/ 2 ) !important;}}<\/style><div class=\"stk-column-wrapper stk-block-column__content stk-container stk-d5988e5-container stk--no-background stk--no-padding\"><div class=\"stk-block-content stk-inner-blocks stk-d5988e5-inner-blocks\">\n<div class=\"wp-block-stackable-image stk-block-image stk-block stk-b459994\" data-block-id=\"b459994\"><figure><span class=\"stk-img-wrapper stk-image--shape-stretch\"><img loading=\"lazy\" decoding=\"async\" class=\"stk-img wp-image-466\" src=\"http:\/\/www.ull.es\/estadisticas\/wp-content\/uploads\/sites\/16\/2023\/07\/pexels-mikhail-nilov-8297570-1.jpg\" width=\"1280\" height=\"853\" srcset=\"https:\/\/www.ull.es\/estadisticas\/wp-content\/uploads\/sites\/16\/2023\/07\/pexels-mikhail-nilov-8297570-1.jpg 1280w, https:\/\/www.ull.es\/estadisticas\/wp-content\/uploads\/sites\/16\/2023\/07\/pexels-mikhail-nilov-8297570-1-300x200.jpg 300w, https:\/\/www.ull.es\/estadisticas\/wp-content\/uploads\/sites\/16\/2023\/07\/pexels-mikhail-nilov-8297570-1-1024x682.jpg 1024w, https:\/\/www.ull.es\/estadisticas\/wp-content\/uploads\/sites\/16\/2023\/07\/pexels-mikhail-nilov-8297570-1-768x512.jpg 768w, https:\/\/www.ull.es\/estadisticas\/wp-content\/uploads\/sites\/16\/2023\/07\/pexels-mikhail-nilov-8297570-1-375x250.jpg 375w, https:\/\/www.ull.es\/estadisticas\/wp-content\/uploads\/sites\/16\/2023\/07\/pexels-mikhail-nilov-8297570-1-750x500.jpg 750w, https:\/\/www.ull.es\/estadisticas\/wp-content\/uploads\/sites\/16\/2023\/07\/pexels-mikhail-nilov-8297570-1-1140x760.jpg 1140w\" sizes=\"auto, (max-width: 1280px) 100vw, 1280px\" \/><\/span><\/figure><\/div>\n<\/div><\/div><\/div>\n\n\n\n<div class=\"wp-block-stackable-column stk-block-column stk-column stk-block stk-180b39b\" data-v=\"4\" data-block-id=\"180b39b\"><style>.stk-180b39b {align-self:center !important;padding-right:0px !important;}@media screen and (min-width: 768px){.stk-180b39b {flex:var(--stk-flex-grow, 1) 1 calc(50% - var(--stk-column-gap, 0px) * 1 \/ 2 ) !important;}}<\/style><div class=\"stk-column-wrapper stk-block-column__content stk-container stk-180b39b-container stk--no-background stk--no-padding\"><div class=\"stk-block-content stk-inner-blocks stk-180b39b-inner-blocks\">\n<div class=\"wp-block-stackable-heading stk-block-heading stk-block-heading--v2 stk-block stk-e946675\" id=\"lugar-de-procedencia-y-area-de-conocimiento-de-las-matriculas-de-doctorado\" data-block-id=\"e946675\"><style>.stk-e946675 {margin-bottom:30px !important;}.stk-e946675 .stk-block-heading__text{font-size:26px !important;color:var(--stk-global-color-93212, #e59967) !important;font-family:\"Argentum sans\", Sans-serif !important;}@media screen and (max-width: 1023px){.stk-e946675 .stk-block-heading__text{font-size:26px !important;}}<\/style><h2 class=\"stk-block-heading__text has-text-color has-text-align-left\">Lugar de procedencia y \u00e1rea de conocimiento de las matr\u00edculas de doctorado<\/h2><\/div>\n\n\n\n<div class=\"wp-block-stackable-text stk-block-text stk-block stk-43591c2\" data-block-id=\"43591c2\"><style>.stk-43591c2 .stk-block-text__text{font-size:16px !important;font-weight:300 !important;font-family:\"Poppins\", Sans-serif !important;}@media screen and (max-width: 1023px){.stk-43591c2 .stk-block-text__text{font-size:16px !important;}}<\/style><p class=\"stk-block-text__text has-text-align-left\">Estudia la procedencia seg\u00fan el \u00e1rea de conocimiento.<\/p><\/div>\n\n\n\n<div class=\"wp-block-stackable-button-group stk-block-button-group stk-block stk-96a7186\" data-block-id=\"96a7186\"><style>.stk-96a7186 .stk-block-button, .stk-96a7186 .stk-block-icon-button{flex:1 0 0% !important;}<\/style><div class=\"stk-row stk-inner-blocks has-text-align-left stk-block-content stk-button-group\">\n<div class=\"wp-block-stackable-button stk-block-button stk-block stk-bd92837\" data-block-id=\"bd92837\"><style>.stk-bd92837 .stk-button{background:linear-gradient(135deg,rgb(247,149,104) 3%,rgb(247,189,104) 98%) !important;border-top-left-radius:8px !important;border-top-right-radius:8px !important;border-bottom-right-radius:8px !important;border-bottom-left-radius:8px !important;}.stk-bd92837 .stk-button:hover:after{background:linear-gradient(135deg,rgb(247,189,104) 0%,rgb(247,149,104) 100%) !important;opacity:1 !important;}.stk-bd92837 .stk-button__inner-text{font-size:14px !important;color:#ffffff !important;}@media screen and (max-width: 1023px){.stk-bd92837 .stk-button__inner-text{font-size:14px !important;}}<\/style><a class=\"stk-link stk-button stk--hover-effect-darken\" href=\"https:\/\/app.powerbi.com\/view?r=eyJrIjoiOTRkZGZhZjEtYTZmYi00MjcwLWFkNjgtNTFiZWYwM2FjZjkyIiwidCI6IjMyOGJkMzc4LTJiNDItNDAyMS05ODQyLTgyN2FiNmU4M2Y0ZiIsImMiOjh9\" target=\"_blank\" rel=\"noopener\"><span class=\"has-text-color stk-button__inner-text\">Ver estadisticas<\/span><\/a><\/div>\n<\/div><\/div>\n<\/div><\/div><\/div>\n\n\n\n<div class=\"wp-block-stackable-column stk-block-column stk-column stk-block stk-de68c41\" data-v=\"4\" data-block-id=\"de68c41\"><style>.stk-de68c41 {align-self:center !important;padding-left:0px !important;}@media screen and (min-width: 768px){.stk-de68c41 {flex:var(--stk-flex-grow, 1) 1 calc(50% - var(--stk-column-gap, 0px) * 1 \/ 2 ) !important;}}<\/style><div class=\"stk-column-wrapper stk-block-column__content stk-container stk-de68c41-container stk--no-background stk--no-padding\"><div class=\"stk-block-content stk-inner-blocks stk-de68c41-inner-blocks\">\n<div class=\"wp-block-stackable-heading stk-block-heading stk-block-heading--v2 stk-block stk-9db6c7b\" id=\"distribucion-del-alumnado-segun-su-procedencia-geografica\" data-block-id=\"9db6c7b\"><style>.stk-9db6c7b {margin-bottom:30px !important;}.stk-9db6c7b .stk-block-heading__text{font-size:26px !important;color:var(--stk-global-color-10103, #02c1cf) !important;font-family:\"Argentum sans\", Sans-serif !important;}@media screen and (max-width: 1023px){.stk-9db6c7b .stk-block-heading__text{font-size:26px !important;}}<\/style><h2 class=\"stk-block-heading__text has-text-color has-text-align-left\">Distribuci\u00f3n del alumnado seg\u00fan su procedencia geogr\u00e1fica<\/h2><\/div>\n\n\n\n<div class=\"wp-block-stackable-text stk-block-text stk-block stk-9bd327f\" data-block-id=\"9bd327f\"><style>.stk-9bd327f .stk-block-text__text{font-size:16px !important;font-weight:300 !important;font-family:\"Poppins\", Sans-serif !important;}@media screen and (max-width: 1023px){.stk-9bd327f .stk-block-text__text{font-size:16px !important;}}<\/style><p class=\"stk-block-text__text has-text-align-left\">Distribuci\u00f3n del alumnado de la Universidad de La Laguna geogr\u00e1ficamente.<\/p><\/div>\n\n\n\n<div class=\"wp-block-stackable-button-group stk-block-button-group stk-block stk-fb074ec\" data-block-id=\"fb074ec\"><style>.stk-fb074ec .stk-block-button, .stk-fb074ec .stk-block-icon-button{flex:1 0 0% !important;}<\/style><div class=\"stk-row stk-inner-blocks has-text-align-right stk-block-content stk-button-group\">\n<div class=\"wp-block-stackable-button stk-block-button stk-block stk-c54574a\" data-block-id=\"c54574a\"><style>.stk-c54574a .stk-button{background:linear-gradient(135deg,rgb(2,193,207) 3%,rgb(116,214,156) 98%) !important;border-top-left-radius:8px !important;border-top-right-radius:8px !important;border-bottom-right-radius:8px !important;border-bottom-left-radius:8px !important;}.stk-c54574a .stk-button:hover:after{background:linear-gradient(135deg,rgb(116,214,156) 0%,rgb(2,193,207) 100%) !important;opacity:1 !important;}.stk-c54574a .stk-button__inner-text{font-size:14px !important;color:#ffffff !important;}@media screen and (max-width: 1023px){.stk-c54574a .stk-button__inner-text{font-size:14px !important;}}<\/style><a class=\"stk-link stk-button stk--hover-effect-darken\" href=\"https:\/\/app.powerbi.com\/view?r=eyJrIjoiOTUxYzBjN2EtYTI4Yi00NGExLThjNDgtNzZiMDQxNmI3YWYxIiwidCI6IjMyOGJkMzc4LTJiNDItNDAyMS05ODQyLTgyN2FiNmU4M2Y0ZiIsImMiOjh9\" target=\"_blank\" rel=\"noopener\"><span class=\"has-text-color stk-button__inner-text\">Ver distribuci\u00f3n<\/span><\/a><\/div>\n<\/div><\/div>\n<\/div><\/div><\/div>\n\n\n\n<div class=\"wp-block-stackable-column stk-block-column stk-column stk-block stk-cc01ac8\" data-v=\"4\" data-block-id=\"cc01ac8\"><style>@media screen and (min-width: 768px){.stk-cc01ac8 {flex:var(--stk-flex-grow, 1) 1 calc(50% - var(--stk-column-gap, 0px) * 1 \/ 2 ) !important;}}<\/style><div class=\"stk-column-wrapper stk-block-column__content stk-container stk-cc01ac8-container stk--no-background stk--no-padding\"><div class=\"stk-block-content stk-inner-blocks stk-cc01ac8-inner-blocks\">\n<div class=\"wp-block-stackable-image stk-block-image stk-block stk-e644b96\" data-block-id=\"e644b96\"><figure><span class=\"stk-img-wrapper stk-image--shape-stretch\"><img loading=\"lazy\" decoding=\"async\" class=\"stk-img wp-image-470\" src=\"http:\/\/www.ull.es\/estadisticas\/wp-content\/uploads\/sites\/16\/2023\/07\/pexels-yan-krukau-8199135.jpg\" width=\"1279\" height=\"853\" srcset=\"https:\/\/www.ull.es\/estadisticas\/wp-content\/uploads\/sites\/16\/2023\/07\/pexels-yan-krukau-8199135.jpg 1279w, https:\/\/www.ull.es\/estadisticas\/wp-content\/uploads\/sites\/16\/2023\/07\/pexels-yan-krukau-8199135-300x200.jpg 300w, https:\/\/www.ull.es\/estadisticas\/wp-content\/uploads\/sites\/16\/2023\/07\/pexels-yan-krukau-8199135-1024x683.jpg 1024w, https:\/\/www.ull.es\/estadisticas\/wp-content\/uploads\/sites\/16\/2023\/07\/pexels-yan-krukau-8199135-768x512.jpg 768w, https:\/\/www.ull.es\/estadisticas\/wp-content\/uploads\/sites\/16\/2023\/07\/pexels-yan-krukau-8199135-375x250.jpg 375w, https:\/\/www.ull.es\/estadisticas\/wp-content\/uploads\/sites\/16\/2023\/07\/pexels-yan-krukau-8199135-750x500.jpg 750w, https:\/\/www.ull.es\/estadisticas\/wp-content\/uploads\/sites\/16\/2023\/07\/pexels-yan-krukau-8199135-1140x760.jpg 1140w\" sizes=\"auto, (max-width: 1279px) 100vw, 1279px\" \/><\/span><\/figure><\/div>\n<\/div><\/div><\/div>\n<\/div><\/div>\n","protected":false},"excerpt":{"rendered":"<p>Estad\u00edsticas Matr\u00edcula de Doctorado Alumnado matriculado en estudios de doctorado Resumen de las matr\u00edculas de doctorado. Muestra el n\u00famero de matr\u00edculas en cada \u00e1rea de conocimiento haciendo distinci\u00f3n seg\u00fan el g\u00e9nero del alumnado, as\u00ed como un hist\u00f3rico del n\u00famero de matr\u00edculas. Ver alumnado matriculado Lugar de procedencia de las matr\u00edculas de doctorado Procedencia de matr\u00edculas&#8230;<\/p>\n","protected":false},"author":14,"featured_media":0,"parent":34,"menu_order":0,"comment_status":"closed","ping_status":"closed","template":"templates\/template-frontpage.php","meta":{"footnotes":""},"class_list":["post-47","page","type-page","status-publish","hentry"],"_links":{"self":[{"href":"https:\/\/www.ull.es\/estadisticas\/wp-json\/wp\/v2\/pages\/47","targetHints":{"allow":["GET"]}}],"collection":[{"href":"https:\/\/www.ull.es\/estadisticas\/wp-json\/wp\/v2\/pages"}],"about":[{"href":"https:\/\/www.ull.es\/estadisticas\/wp-json\/wp\/v2\/types\/page"}],"author":[{"embeddable":true,"href":"https:\/\/www.ull.es\/estadisticas\/wp-json\/wp\/v2\/users\/14"}],"replies":[{"embeddable":true,"href":"https:\/\/www.ull.es\/estadisticas\/wp-json\/wp\/v2\/comments?post=47"}],"version-history":[{"count":32,"href":"https:\/\/www.ull.es\/estadisticas\/wp-json\/wp\/v2\/pages\/47\/revisions"}],"predecessor-version":[{"id":779,"href":"https:\/\/www.ull.es\/estadisticas\/wp-json\/wp\/v2\/pages\/47\/revisions\/779"}],"up":[{"embeddable":true,"href":"https:\/\/www.ull.es\/estadisticas\/wp-json\/wp\/v2\/pages\/34"}],"wp:attachment":[{"href":"https:\/\/www.ull.es\/estadisticas\/wp-json\/wp\/v2\/media?parent=47"}],"curies":[{"name":"wp","href":"https:\/\/api.w.org\/{rel}","templated":true}]}}