{"id":154,"date":"2017-04-17T12:15:29","date_gmt":"2017-04-17T12:15:29","guid":{"rendered":"http:\/\/bbtk.exposicion.ull.es\/225ull\/?page_id=154"},"modified":"2019-07-02T13:41:05","modified_gmt":"2019-07-02T11:41:05","slug":"una-investigacion-al-servicio-de-la-sociedad","status":"publish","type":"page","link":"https:\/\/www.ull.es\/eventos\/225-aniversario-ull\/una-investigacion-al-servicio-de-la-sociedad\/","title":{"rendered":"Una investigaci\u00f3n al servicio de la sociedad"},"content":{"rendered":"<p>[vc_row][vc_column width=\u00bb1\/6&#8243;][\/vc_column][vc_column width=\u00bb2\/3&#8243;][vc_column_text]<\/p>\n<h1>Una investigaci\u00f3n al servicio de la sociedad<\/h1>\n<p>[\/vc_column_text][vc_media_grid element_width=\u00bb12&#8243; grid_id=\u00bbvc_gid:1562067597747-99f7a03d-1c52-9&#8243; include=\u00bb656&#8243;][vc_empty_space height=\u00bb48px\u00bb][vc_column_text]<\/p>\n<blockquote><p>La Universidad de La Laguna se sit\u00faa en el tres por ciento de las mejores universidades del mundo.<\/p><\/blockquote>\n<p>La investigaci\u00f3n realizada en la ULL ha situado a nuestra Universidad en el puesto 607 del ranking expandido de Shangh\u00e1i lo que la sit\u00faa en el puesto 16 de las universidades espa\u00f1olas y la incluye dentro del tres por ciento de las mejores universidades del mundo que en enero de 2014 eran 22123. Esto ha sido posible, en parte, por la captaci\u00f3n de fondos realizados por la ULL que entre 2009 y 2014 supusieron casi cuarenta millones de euros s\u00f3lo de financiaci\u00f3n p\u00fablica para los proyectos de investigaci\u00f3n. Y la Universidad est\u00e1 comprometida en la devoluci\u00f3n de este esfuerzo a la sociedad.<\/p>\n<p>Ello se hace fundamentalmente a trav\u00e9s de dos \u00f3rganos de la universidad: la Oficina de Transferencia de los Resultados de la Investigaci\u00f3n (OTRI), del Servicio de Apoyo a la Investigaci\u00f3n (SEGAI) y de la Fundaci\u00f3n General de la Universidad.<\/p>\n<blockquote><p>La Universidad a trav\u00e9s del SEGAI y la OTRI pone su investigaci\u00f3n al servicio de la sociedad.<\/p><\/blockquote>\n<p>La OTRI es el servicio dependiente del Vicerrectorado de Investigaci\u00f3n encargado de establecer cauces de colaboraci\u00f3n y cooperaci\u00f3n productiva entre la investigaci\u00f3n que se desarrolla en la universidad y el entorno socioecon\u00f3mico y empresarial nacional e internacional. Promociona y asesora a los clientes potenciales y a los investigadores sobre las mejores f\u00f3rmulas de colaboraci\u00f3n y facilita la puesta en marcha de proyectos de inter\u00e9s com\u00fan. Asimismo, gestiona la protecci\u00f3n de la propiedad industrial e intelectual de la ULL y mantiene convenios y proyectos de colaboraci\u00f3n con los organismos de investigaci\u00f3n y desarrollo y asociaciones empresariales m\u00e1s destacadas del archipi\u00e9lago canario. Hasta ahora lleva registradas 85 patentes con una tasa de 7 nuevas patentes cada a\u00f1o.<\/p>\n<p>El Servicio General de Apoyo a la Investigaci\u00f3n (SEGAI) es una instituci\u00f3n de investigaci\u00f3n sin \u00e1nimo de lucro adscrita a la ULL en la que el talento interno y la experiencia del mundo universitario se fusionan para producir avances en el conocimiento cient\u00edfico y t\u00e9cnico. Ofrece servicios y soluciones de alta calidad a la propia Universidad de La Laguna, centros de investigaci\u00f3n y clientes particulares cumpliendo objetivos de alcance, tiempo, coste y calidad. Entre sus \u00e1reas de aplicaci\u00f3n se encuentran las tecnolog\u00edas biom\u00e9dicas (con el estabulario y el servicio de gen\u00f3mica), la caracterizaci\u00f3n de materiales y superficies (con el servicio de an\u00e1lisis y documentaci\u00f3n de obras de arte y el servicio de difracci\u00f3n de rayos X), la electr\u00f3nica, la mec\u00e1nica y la fabricaci\u00f3n 3D, y el an\u00e1lisis elemental y molecular, con sus aplicaciones en las t\u00e9cnicas agroalimentarias.<\/p>\n<p>&nbsp;<\/p>\n<p><span style=\"font-weight: 400\">La conexi\u00f3n entre la oferta de la Universidad y la demanda del tejido empresarial y la administraci\u00f3n se establece desde el Vicerrectorado de Investigaci\u00f3n, recogiendo la oferta cient\u00edfico-tecnol\u00f3gica, servicios y tecnolog\u00edas con mayor potencial comercial de los grupos de investigaci\u00f3n y Servicios Generales de Apoyo a la Investigaci\u00f3n de la ULL. La finalidad es el establecimiento de proyectos de I+D+i, actividades de asistencia, servicios especializados y la utilizaci\u00f3n del equipamiento tecnol\u00f3gico con que cuenta la ULL. Est\u00e1 gestionada desde 2006 por la Fundaci\u00f3n General de la Universidad de la Laguna en colaboraci\u00f3n con el Vicerrectorado de Investigaci\u00f3n a trav\u00e9s de la OTRI.<\/span>[\/vc_column_text][\/vc_column][vc_column width=\u00bb1\/6&#8243;][\/vc_column][\/vc_row]<\/p>\n","protected":false},"excerpt":{"rendered":"<p>[vc_row][vc_column width=\u00bb1\/6&#8243;][\/vc_column][vc_column width=\u00bb2\/3&#8243;][vc_column_text] Una investigaci\u00f3n al servicio de la sociedad [\/vc_column_text][vc_media_grid element_width=\u00bb12&#8243; grid_id=\u00bbvc_gid:1562067597747-99f7a03d-1c52-9&#8243; include=\u00bb656&#8243;][vc_empty_space height=\u00bb48px\u00bb][vc_column_text] La Universidad de La Laguna se sit\u00faa en el tres por ciento de las mejores universidades del mundo. La investigaci\u00f3n realizada en la ULL ha situado a nuestra Universidad en el puesto 607 del ranking expandido de Shangh\u00e1i lo que&#8230;<\/p>\n","protected":false},"author":14,"featured_media":312,"parent":0,"menu_order":0,"comment_status":"closed","ping_status":"closed","template":"","meta":{"footnotes":""},"class_list":["post-154","page","type-page","status-publish","has-post-thumbnail","hentry"],"_links":{"self":[{"href":"https:\/\/www.ull.es\/eventos\/225-aniversario-ull\/wp-json\/wp\/v2\/pages\/154"}],"collection":[{"href":"https:\/\/www.ull.es\/eventos\/225-aniversario-ull\/wp-json\/wp\/v2\/pages"}],"about":[{"href":"https:\/\/www.ull.es\/eventos\/225-aniversario-ull\/wp-json\/wp\/v2\/types\/page"}],"author":[{"embeddable":true,"href":"https:\/\/www.ull.es\/eventos\/225-aniversario-ull\/wp-json\/wp\/v2\/users\/14"}],"replies":[{"embeddable":true,"href":"https:\/\/www.ull.es\/eventos\/225-aniversario-ull\/wp-json\/wp\/v2\/comments?post=154"}],"version-history":[{"count":2,"href":"https:\/\/www.ull.es\/eventos\/225-aniversario-ull\/wp-json\/wp\/v2\/pages\/154\/revisions"}],"predecessor-version":[{"id":733,"href":"https:\/\/www.ull.es\/eventos\/225-aniversario-ull\/wp-json\/wp\/v2\/pages\/154\/revisions\/733"}],"wp:featuredmedia":[{"embeddable":true,"href":"https:\/\/www.ull.es\/eventos\/225-aniversario-ull\/wp-json\/"}],"wp:attachment":[{"href":"https:\/\/www.ull.es\/eventos\/225-aniversario-ull\/wp-json\/wp\/v2\/media?parent=154"}],"curies":[{"name":"wp","href":"https:\/\/api.w.org\/{rel}","templated":true}]}}