{"id":164,"date":"2017-04-17T12:18:43","date_gmt":"2017-04-17T12:18:43","guid":{"rendered":"http:\/\/bbtk.exposicion.ull.es\/225ull\/?page_id=164"},"modified":"2019-07-03T14:10:23","modified_gmt":"2019-07-03T12:10:23","slug":"una-universidad-sin-fronteras","status":"publish","type":"page","link":"https:\/\/www.ull.es\/eventos\/225-aniversario-ull\/una-universidad-sin-fronteras\/","title":{"rendered":"Una Universidad sin fronteras"},"content":{"rendered":"<p>[vc_row][vc_column width=\u00bb1\/6&#8243;][\/vc_column][vc_column width=\u00bb2\/3&#8243;][vc_column_text]<\/p>\n<h1>Una Universidad sin fronteras<\/h1>\n<p>[\/vc_column_text][vc_media_grid grid_id=\u00bbvc_gid:1562155724238-204f967d-3ba9-2&#8243; include=\u00bb686,681,682&#8243;][vc_empty_space height=\u00bb48px\u00bb][vc_column_text]<\/p>\n<blockquote><p>La firma de convenios con universidades y centros de investigaci\u00f3n extranjeros es parte fundamental de la Pol\u00edtica de Internacionalizaci\u00f3n de la ULL, que actualmente mantiene convenios activos con 452 instituciones en 62 pa\u00edses del mundo.<\/p><\/blockquote>\n<p><span style=\"font-weight: 400\">La actividad de la Universidad de La Laguna tiene una dimensi\u00f3n internacional que responde no solo al objetivo de promover la excelencia acad\u00e9mica a trav\u00e9s de la apertura de la instituci\u00f3n hacia la investigaci\u00f3n, la docencia y la cultura que se desarrolla en el extranjero, sino tambi\u00e9n al papel fundamental que, desde los a\u00f1os 90, han asumido las universidades espa\u00f1olas en materia de cooperaci\u00f3n al desarrollo y que ha propiciado la creaci\u00f3n de estructuras y actividades dirigidas a favorecer la solidaridad en los distintos sectores de la comunidad universitaria; desde la docencia y la investigaci\u00f3n, pasando por la asistencia t\u00e9cnica con otras instituciones, la cooperaci\u00f3n educativa y las actividades de sensibilizaci\u00f3n social, hasta los propios proyectos de cooperaci\u00f3n. <\/span><\/p>\n<p>En la actualidad, la ULL colabora con casi todos los continentes del mundo mediante la r\u00fabrica de convenios de movilidad, investigaci\u00f3n o cooperaci\u00f3n con otras instituciones universitarias y centros de investigaci\u00f3n, a la vez que se proyecta en el \u00e1mbito internacional, a trav\u00e9s de su Vicerrectorado de Internacionalizaci\u00f3n. Este \u00f3rgano realiza una labor transversal que comprende el establecimiento de relaciones con instituciones p\u00fablicas o privadas, la preparaci\u00f3n y seguimiento de convenios internacionales en materia educativa, cultural y cient\u00edfica, as\u00ed como la convocatoria y resoluci\u00f3n de ayudas y subvenciones en materia de relaciones internacionales, todo ello con el objetivo de promover la internacionalizaci\u00f3n de la docencia, los estudios, la investigaci\u00f3n y los servicios de la ULL.<\/p>\n<p>[\/vc_column_text][\/vc_column][vc_column width=\u00bb1\/6&#8243;][\/vc_column][\/vc_row]<\/p>\n","protected":false},"excerpt":{"rendered":"<p>[vc_row][vc_column width=\u00bb1\/6&#8243;][\/vc_column][vc_column width=\u00bb2\/3&#8243;][vc_column_text] Una Universidad sin fronteras [\/vc_column_text][vc_media_grid grid_id=\u00bbvc_gid:1562155724238-204f967d-3ba9-2&#8243; include=\u00bb686,681,682&#8243;][vc_empty_space height=\u00bb48px\u00bb][vc_column_text] La firma de convenios con universidades y centros de investigaci\u00f3n extranjeros es parte fundamental de la Pol\u00edtica de Internacionalizaci\u00f3n de la ULL, que actualmente mantiene convenios activos con 452 instituciones en 62 pa\u00edses del mundo. La actividad de la Universidad de La Laguna tiene&#8230;<\/p>\n","protected":false},"author":14,"featured_media":283,"parent":0,"menu_order":0,"comment_status":"closed","ping_status":"closed","template":"","meta":{"footnotes":""},"class_list":["post-164","page","type-page","status-publish","has-post-thumbnail","hentry"],"_links":{"self":[{"href":"https:\/\/www.ull.es\/eventos\/225-aniversario-ull\/wp-json\/wp\/v2\/pages\/164"}],"collection":[{"href":"https:\/\/www.ull.es\/eventos\/225-aniversario-ull\/wp-json\/wp\/v2\/pages"}],"about":[{"href":"https:\/\/www.ull.es\/eventos\/225-aniversario-ull\/wp-json\/wp\/v2\/types\/page"}],"author":[{"embeddable":true,"href":"https:\/\/www.ull.es\/eventos\/225-aniversario-ull\/wp-json\/wp\/v2\/users\/14"}],"replies":[{"embeddable":true,"href":"https:\/\/www.ull.es\/eventos\/225-aniversario-ull\/wp-json\/wp\/v2\/comments?post=164"}],"version-history":[{"count":2,"href":"https:\/\/www.ull.es\/eventos\/225-aniversario-ull\/wp-json\/wp\/v2\/pages\/164\/revisions"}],"predecessor-version":[{"id":744,"href":"https:\/\/www.ull.es\/eventos\/225-aniversario-ull\/wp-json\/wp\/v2\/pages\/164\/revisions\/744"}],"wp:featuredmedia":[{"embeddable":true,"href":"https:\/\/www.ull.es\/eventos\/225-aniversario-ull\/wp-json\/"}],"wp:attachment":[{"href":"https:\/\/www.ull.es\/eventos\/225-aniversario-ull\/wp-json\/wp\/v2\/media?parent=164"}],"curies":[{"name":"wp","href":"https:\/\/api.w.org\/{rel}","templated":true}]}}