{"id":49,"date":"2019-10-01T11:35:50","date_gmt":"2019-10-01T09:35:50","guid":{"rendered":"http:\/\/www.ull.es\/eventos\/africanismos\/?page_id=49"},"modified":"2019-10-02T14:53:18","modified_gmt":"2019-10-02T12:53:18","slug":"49-2","status":"publish","type":"page","link":"https:\/\/www.ull.es\/eventos\/africanismos\/49-2\/","title":{"rendered":"Eventos"},"content":{"rendered":"<p>[vc_row][vc_column width=\u00bb1\/6&#8243;][\/vc_column][vc_column width=\u00bb2\/3&#8243;][vc_column_text]<\/p>\n<h2>Eventos<\/h2>\n<p>[\/vc_column_text][vc_column_text]<\/p>\n<h5>Mi\u00e9rcoles, 2 de octubre de 2019, Hall de la Biblioteca de Guajara<\/h5>\n<p style=\"padding-left: 40px\">11.00 h. : <b>Inauguraci\u00f3n<\/b> de la exposici\u00f3n bibliogr\u00e1fica \u201c<i>Desorientados: el africanismo espa\u00f1ol y su archivo<\/i>\u201d.<\/p>\n<p style=\"padding-left: 40px\">11.30 h.: <b>Mesa Redonda<\/b> \u201c<i>El africanismo espa\u00f1ol<\/i>\u201d. Participan Carmen Marina Barreto Vargas, Domingo Gari-Montllor Hayek, Pablo Est\u00e9vez Hern\u00e1ndez y Nicol\u00e1s Mba Bee Nchama.<\/p>\n<h5><\/h5>\n<h5>Jueves, 3 de octubre de 2019 &#8211; Carrel 24 (2\u00aa planta) de la Biblioteca de Guajara<\/h5>\n<p style=\"padding-left: 40px\">18.30 h.: <b>Club de Lectura<\/b> \u201c<i>Las colonias africanas en la literatura. Alteridad y g\u00e9nero<\/i>\u201d, partiendo de la lectura de \u201c<i>La forja de un rebelde. II. La ruta<\/i>\u201d de\u00a0 Arturo Barea. Participan Pablo Est\u00e9vez Hern\u00e1ndez y Yasmina Romero Morales.<\/p>\n<p>&nbsp;<\/p>\n<p>Asimismo, el Instituto Universitario de Estudios de las Mujeres de la Universidad de La Laguna organiza el <b>Seminario de Investigaci\u00f3n Avanzada<\/b>: <i>La novela colonial hispanoafricana desde una perspectiva de g\u00e9nero: las autoras y sus textos, <\/i>que tendr\u00e1 lugar el <strong>jueves 10 de octubre de 2019<\/strong>, en el Sal\u00f3n de Grados de la secci\u00f3n de Filosof\u00eda (Facultad de Humanidades), dirigido por Yasmina Romero Morales y Esther Torrado Mart\u00edn-Palomino. El seminario contar\u00e1 con la presencia de profesorado experto e invitado de universidades extranjeras: Casablanca, Agadir y Amberes. <a href=\"https:\/\/sede.fg.ull.es\/es\/curso\/detalle\/a19030274\/la-novela-colonial-hispanoafricana-desde-una-perspectiva-de-genero-las-autoras-y-sus-textos\" target=\"_blank\" rel=\"noopener\">La matr\u00edcula es <em>online<\/em><\/a> y gratuita; se certificar\u00e1 la asistencia.<\/p>\n<div id=\"s3gt_translate_tooltip_mini\" class=\"s3gt_translate_tooltip_mini_box\" style=\"background: initial !important;border: initial !important;border-spacing: initial !important;border-collapse: initial !important;direction: ltr !important;font-weight: initial !important;height: initial !important;letter-spacing: initial !important;min-width: initial !important;max-width: initial !important;min-height: initial !important;max-height: initial !important;margin: auto !important;padding: initial !important;text-align: initial !important;width: initial !important;color: inherit !important;font-size: 13px !important;font-family: X-LocaleSpecific, sans-serif, Tahoma, Helvetica !important;line-height: 13px !important;vertical-align: top !important\">\n<div id=\"s3gt_translate_tooltip_mini_logo\" class=\"s3gt_translate_tooltip_mini\" title=\"Traducir texto seleccionado\"><\/div>\n<div id=\"s3gt_translate_tooltip_mini_sound\" class=\"s3gt_translate_tooltip_mini\" title=\"Escuchar\"><\/div>\n<div id=\"s3gt_translate_tooltip_mini_copy\" class=\"s3gt_translate_tooltip_mini\" title=\"Copiar texto al Portapapeles\"><\/div>\n<\/div>\n<div id=\"s3gt_translate_tooltip_mini\" class=\"s3gt_translate_tooltip_mini_box\" style=\"background: initial !important;border: initial !important;border-spacing: initial !important;border-collapse: initial !important;direction: ltr !important;font-weight: initial !important;height: initial !important;letter-spacing: initial !important;min-width: initial !important;max-width: initial !important;min-height: initial !important;max-height: initial !important;margin: auto !important;padding: initial !important;text-align: initial !important;width: initial !important;color: inherit !important;font-size: 13px !important;font-family: X-LocaleSpecific, sans-serif, Tahoma, Helvetica !important;line-height: 13px !important;vertical-align: top !important\">\n<div id=\"s3gt_translate_tooltip_mini_logo\" class=\"s3gt_translate_tooltip_mini\" title=\"Traducir texto seleccionado\"><\/div>\n<div id=\"s3gt_translate_tooltip_mini_sound\" class=\"s3gt_translate_tooltip_mini\" title=\"Escuchar\"><\/div>\n<div id=\"s3gt_translate_tooltip_mini_copy\" class=\"s3gt_translate_tooltip_mini\" title=\"Copiar texto al Portapapeles\"><\/div>\n<\/div>\n<p>[\/vc_column_text][\/vc_column][vc_column width=\u00bb1\/6&#8243;][\/vc_column][\/vc_row]<\/p>\n","protected":false},"excerpt":{"rendered":"<p>[vc_row][vc_column width=\u00bb1\/6&#8243;][\/vc_column][vc_column width=\u00bb2\/3&#8243;][vc_column_text] Eventos [\/vc_column_text][vc_column_text] Mi\u00e9rcoles, 2 de octubre de 2019, Hall de la Biblioteca de Guajara 11.00 h. : Inauguraci\u00f3n de la exposici\u00f3n bibliogr\u00e1fica \u201cDesorientados: el africanismo espa\u00f1ol y su archivo\u201d. 11.30 h.: Mesa Redonda \u201cEl africanismo espa\u00f1ol\u201d. Participan Carmen Marina Barreto Vargas, Domingo Gari-Montllor Hayek, Pablo Est\u00e9vez Hern\u00e1ndez y Nicol\u00e1s Mba Bee Nchama&#8230;.<\/p>\n","protected":false},"author":14,"featured_media":0,"parent":0,"menu_order":0,"comment_status":"closed","ping_status":"closed","template":"","meta":{"footnotes":""},"class_list":["post-49","page","type-page","status-publish","hentry"],"_links":{"self":[{"href":"https:\/\/www.ull.es\/eventos\/africanismos\/wp-json\/wp\/v2\/pages\/49"}],"collection":[{"href":"https:\/\/www.ull.es\/eventos\/africanismos\/wp-json\/wp\/v2\/pages"}],"about":[{"href":"https:\/\/www.ull.es\/eventos\/africanismos\/wp-json\/wp\/v2\/types\/page"}],"author":[{"embeddable":true,"href":"https:\/\/www.ull.es\/eventos\/africanismos\/wp-json\/wp\/v2\/users\/14"}],"replies":[{"embeddable":true,"href":"https:\/\/www.ull.es\/eventos\/africanismos\/wp-json\/wp\/v2\/comments?post=49"}],"version-history":[{"count":11,"href":"https:\/\/www.ull.es\/eventos\/africanismos\/wp-json\/wp\/v2\/pages\/49\/revisions"}],"predecessor-version":[{"id":137,"href":"https:\/\/www.ull.es\/eventos\/africanismos\/wp-json\/wp\/v2\/pages\/49\/revisions\/137"}],"wp:attachment":[{"href":"https:\/\/www.ull.es\/eventos\/africanismos\/wp-json\/wp\/v2\/media?parent=49"}],"curies":[{"name":"wp","href":"https:\/\/api.w.org\/{rel}","templated":true}]}}