{"id":56,"date":"2019-10-01T11:46:09","date_gmt":"2019-10-01T09:46:09","guid":{"rendered":"http:\/\/www.ull.es\/eventos\/africanismos\/?page_id=56"},"modified":"2019-10-01T15:13:57","modified_gmt":"2019-10-01T13:13:57","slug":"56-2","status":"publish","type":"page","link":"https:\/\/www.ull.es\/eventos\/africanismos\/56-2\/","title":{"rendered":"Visitas guiadas"},"content":{"rendered":"<p>[vc_row][vc_column width=\u00bb1\/6&#8243;][\/vc_column][vc_column width=\u00bb2\/3&#8243;][vc_column_text]<\/p>\n<h2>Visitas guiadas<\/h2>\n<p>Se pueden solicitar visitas guiadas a la exposici\u00f3n. Estas visitas se realizar\u00e1n para grupos con un m\u00ednimo de 10 personas y un m\u00e1ximo de 20. Las peticiones individuales o de grupos m\u00e1s reducidos se agrupar\u00e1n hasta alcanzar el m\u00ednimo requerido.\u00a0 Indique en el formulario el d\u00eda y la hora que mejor le convenga. La Biblioteca se pondr\u00e1 en contacto con usted para confirmar la actividad.<\/p>\n<div id=\"s3gt_translate_tooltip_mini\" class=\"s3gt_translate_tooltip_mini_box\" style=\"background: initial !important;border: initial !important;border-spacing: initial !important;border-collapse: initial !important;direction: ltr !important;font-weight: initial !important;height: initial !important;letter-spacing: initial !important;min-width: initial !important;max-width: initial !important;min-height: initial !important;max-height: initial !important;margin: auto !important;padding: initial !important;text-align: initial !important;width: initial !important;color: inherit !important;font-size: 13px !important;font-family: X-LocaleSpecific, sans-serif, Tahoma, Helvetica !important;line-height: 13px !important;vertical-align: top !important\">\n<div id=\"s3gt_translate_tooltip_mini_logo\" class=\"s3gt_translate_tooltip_mini\" title=\"Traducir texto seleccionado\"><\/div>\n<div id=\"s3gt_translate_tooltip_mini_sound\" class=\"s3gt_translate_tooltip_mini\" title=\"Escuchar\"><\/div>\n<div id=\"s3gt_translate_tooltip_mini_copy\" class=\"s3gt_translate_tooltip_mini\" title=\"Copiar texto al Portapapeles\"><\/div>\n<\/div>\n<p>[\/vc_column_text][vc_btn title=\u00bbSolicitud de visita guiada\u00bb link=\u00bburl:https%3A%2F%2Fdocs.google.com%2Fforms%2Fd%2Fe%2F1FAIpQLScuUNu0WkLgbDvzOA1jIU1tj2C9odzU&#8211;yRm1DC4dGNwSvFFQ%2Fviewform%3Fformkey%3DdDJQbTk4UHFiT1JMU29NWnVnUjdWNFE6MQ%23gid%3D0||target:%20_blank|\u00bb][\/vc_column][vc_column width=\u00bb1\/6&#8243;][\/vc_column][\/vc_row]<\/p>\n","protected":false},"excerpt":{"rendered":"<p>[vc_row][vc_column width=\u00bb1\/6&#8243;][\/vc_column][vc_column width=\u00bb2\/3&#8243;][vc_column_text] Visitas guiadas Se pueden solicitar visitas guiadas a la exposici\u00f3n. Estas visitas se realizar\u00e1n para grupos con un m\u00ednimo de 10 personas y un m\u00e1ximo de 20. Las peticiones individuales o de grupos m\u00e1s reducidos se agrupar\u00e1n hasta alcanzar el m\u00ednimo requerido.\u00a0 Indique en el formulario el d\u00eda y la hora que&#8230;<\/p>\n","protected":false},"author":14,"featured_media":0,"parent":0,"menu_order":0,"comment_status":"closed","ping_status":"closed","template":"","meta":{"footnotes":""},"class_list":["post-56","page","type-page","status-publish","hentry"],"_links":{"self":[{"href":"https:\/\/www.ull.es\/eventos\/africanismos\/wp-json\/wp\/v2\/pages\/56"}],"collection":[{"href":"https:\/\/www.ull.es\/eventos\/africanismos\/wp-json\/wp\/v2\/pages"}],"about":[{"href":"https:\/\/www.ull.es\/eventos\/africanismos\/wp-json\/wp\/v2\/types\/page"}],"author":[{"embeddable":true,"href":"https:\/\/www.ull.es\/eventos\/africanismos\/wp-json\/wp\/v2\/users\/14"}],"replies":[{"embeddable":true,"href":"https:\/\/www.ull.es\/eventos\/africanismos\/wp-json\/wp\/v2\/comments?post=56"}],"version-history":[{"count":5,"href":"https:\/\/www.ull.es\/eventos\/africanismos\/wp-json\/wp\/v2\/pages\/56\/revisions"}],"predecessor-version":[{"id":127,"href":"https:\/\/www.ull.es\/eventos\/africanismos\/wp-json\/wp\/v2\/pages\/56\/revisions\/127"}],"wp:attachment":[{"href":"https:\/\/www.ull.es\/eventos\/africanismos\/wp-json\/wp\/v2\/media?parent=56"}],"curies":[{"name":"wp","href":"https:\/\/api.w.org\/{rel}","templated":true}]}}