{"id":1064,"date":"2025-02-12T11:13:56","date_gmt":"2025-02-12T11:13:56","guid":{"rendered":"https:\/\/www.ull.es\/eventos\/agua-y-vida\/?page_id=1064"},"modified":"2025-02-25T13:18:07","modified_gmt":"2025-02-25T13:18:07","slug":"de-las-entranas-de-la-tierra","status":"publish","type":"page","link":"https:\/\/www.ull.es\/eventos\/agua-y-vida\/de-las-entranas-de-la-tierra\/","title":{"rendered":"De las entra\u00f1as de la tierra"},"content":{"rendered":"<p>[vc_row gap=\u00bb35&#8243; equal_height=\u00bbyes\u00bb content_placement=\u00bbbottom\u00bb css=\u00bb.vc_custom_1727692271162{background-position: center !important;background-repeat: no-repeat !important;background-size: cover !important;}\u00bb][vc_column width=\u00bb1\/3&#8243;][vc_single_image image=\u00bb995&#8243; img_size=\u00bbmedium\u00bb][\/vc_column][vc_column width=\u00bb2\/3&#8243;][\/vc_column][\/vc_row][vc_row gap=\u00bb35&#8243; equal_height=\u00bbyes\u00bb content_placement=\u00bbbottom\u00bb css=\u00bb.vc_custom_1739368341559{background-image: url(http:\/\/www.ull.es\/eventos\/agua-y-vida\/wp-content\/uploads\/sites\/63\/2025\/02\/Fincas-de-platanera-en-la-zona-de-la-Rambla-de-Castro-1900-1905-Fuente-FEDAC-Fragmento-de-la-imagen-completa-original.jpg?id=1104) !important;background-position: center !important;background-repeat: no-repeat !important;background-size: contain !important;}\u00bb][vc_column width=\u00bb1\/3&#8243; el_class=\u00bbslider_portada\u00bb][vc_empty_space height=\u00bb600&#8243;][\/vc_column][vc_column width=\u00bb2\/3&#8243;][\/vc_column][\/vc_row][vc_row gap=\u00bb35&#8243; content_placement=\u00bbtop\u00bb css=\u00bb.vc_custom_1727692820016{padding-right: 90px !important;padding-left: 90px !important;background-color: #ffffff !important;}\u00bb][vc_column width=\u00bb1\/3&#8243;][vc_separator color=\u00bbcustom\u00bb accent_color=\u00bb#8e8e8e\u00bb][vc_empty_space][vc_custom_heading source=\u00bbpost_title\u00bb font_container=\u00bbtag:h1|font_size:1.8em|text_align:left|color:%23f15046|line_height:100%25&#8243; google_fonts=\u00bbfont_family:Roboto%3A100%2C100italic%2C300%2C300italic%2Cregular%2Citalic%2C500%2C500italic%2C700%2C700italic%2C900%2C900italic|font_style:300%20light%20regular%3A300%3Anormal\u00bb][vc_separator color=\u00bbcustom\u00bb accent_color=\u00bb#8e8e8e\u00bb][vc_empty_space][\/vc_column][vc_column width=\u00bb2\/3&#8243;][vc_separator][vc_empty_space][vc_custom_heading text=\u00bbMuchos son los pueblos de esta provincia que tienen agua en abundancia: estos son ricos; pero son m\u00e1s los que careciendo de agua viven en la miseria, en el abandono, en la incultura; y es necesario hacer que desaparezca la pereza que entumece nuestros miembros y trabajar por la muy necesitada repoblaci\u00f3n de los montes y por la perforaci\u00f3n de pozos artesianos para obtener con \u00e9xito el engrandecimiento y bienestar de Canarias.<br \/>\nEn distintos puntos de esta provincia se ha practicado con \u00e9xito el alumbramiento de aguas por medio de la perforaci\u00f3n de pozos; y esto, que representa para el pueblo que antes viv\u00eda sumido en la miseria, un porvenir risue\u00f1o, es de gran necesidad que todos lo sepan, \u00e9 imitemos todos el laudable proceder de estos pueblos\u00bb font_container=\u00bbtag:div|text_align:left\u00bb google_fonts=\u00bbfont_family:Playfair%20Display%3Aregular%2Citalic%2C700%2C700italic%2C900%2C900italic|font_style:400%20regular%3A400%3Anormal\u00bb el_class=\u00bbcita\u00bb][vc_empty_space][vc_column_text]<\/p>\n<p style=\"text-align: right\"><em>La Gaceta de Tenerife<\/em>, 24 de junio de 1912<\/p>\n<p>[\/vc_column_text][vc_empty_space][vc_separator color=\u00bbcustom\u00bb accent_color=\u00bb#8e8e8e\u00bb][vc_column_text]En el siglo XX, los pueblos de Tenerife que la naturaleza hab\u00eda dotado de agua o cuyos habitantes la hab\u00edan buscado con esfuerzo e ingenio eran m\u00e1s pr\u00f3speros que aquellos que carec\u00edan de ella. La clave, en t\u00e9rminos modernos, para lograr el mayor crecimiento econ\u00f3mico y bienestar social estaba en la obtenci\u00f3n de dicho bien, extray\u00e9ndolo de las entra\u00f1as de la tierra. El agua significaba progreso, futuro, vida.[\/vc_column_text][vc_empty_space][vc_media_grid grid_id=\u00bbvc_gid:1740489235753-6229ed8d-429a-6&#8243; include=\u00bb1107,1103,1101&#8243;][vc_empty_space][vc_column_text]A comienzos de ese siglo, a la perforaci\u00f3n de pozos tradicionales y galer\u00edas-naciente, le sigui\u00f3 la de galer\u00edas convencionales (m\u00e1s profundas). Estas se iniciaron en la dorsal NE de la isla y en un contexto marcado por el desconocimiento hidrogeol\u00f3gico generalizado y notables carencias t\u00e9cnicas. Gracias a estas captaciones, el volumen de agua disponible aument\u00f3, aunque a\u00fan de forma limitada, destin\u00e1ndose, preferentemente, al desarrollo de las zonas de regad\u00edo.<\/p>\n<p>Fue a partir de los a\u00f1os cuarenta cuando los trabajos de obtenci\u00f3n de agua subterr\u00e1nea, a trav\u00e9s de galer\u00edas convencionales y, m\u00e1s tarde, pozos, aumentaron de manera espectacular y se extendieron por gran parte del territorio. La mitad del siglo XX constituy\u00f3 una etapa clave en la historia del agua y la econom\u00eda en Tenerife, ya que fue el momento a partir del cual se extrajo la mayor cantidad de agua de sus entra\u00f1as. En paralelo, en la isla se iban proyectando y ejecutando, adem\u00e1s, numerosas infraestructuras hidr\u00e1ulicas (canales, embalses y un sinf\u00edn de peque\u00f1as actuaciones ).<\/p>\n<p>Es importante subrayar que la labor de sacar agua del subsuelo se realiz\u00f3 gracias al esfuerzo de trabajadores que dejaron en ello su salud (o su vida) y que permanec\u00edan mucho tiempo alejados de sus familias. Asimismo, se llev\u00f3 a cabo, principalmente, con los ahorros de hombres y mujeres humildes (peque\u00f1os agricultores, emigrantes retornados, etc.) que ve\u00edan en esa inversi\u00f3n la manera de poder regar las tierras, mantener a sus seres queridos y dejar una herencia. Por desgracia, no todas las galer\u00edas encontraron el preciado bien, por lo que el dinero y las ilusiones de muchas de estas personas quedaron enterrados con ellas.<\/p>\n<p>Hasta los comienzos de los noventa, la gesti\u00f3n del agua la llevaron a cabo casi en solitario organizaciones locales privadas; unas de car\u00e1cter hist\u00f3rico (como es el caso de los Heredamientos) y otras m\u00e1s recientes vinculadas a la perforaci\u00f3n de galer\u00edas y pozos: las comunidades de aguas. El papel de la Administraci\u00f3n Hidr\u00e1ulica (estatal hasta los a\u00f1os ochenta) fue secundario; este estaba centrado, primordialmente, en lo relacionado con las autorizaciones y permisos. Por aquel entonces, no hab\u00eda pol\u00edtica de aguas ni planificaci\u00f3n hidrol\u00f3gica, sino una situaci\u00f3n en la que los distintos actores h\u00eddricos buscaban el recurso h\u00eddrico del subsuelo de la isla y lo pon\u00edan en uso all\u00ed donde se consideraba que era m\u00e1s rentable, interviniendo en ello los mercados de agua. La Ley de Aguas de 1990 supuso un punto de inflexi\u00f3n en esta situaci\u00f3n.<\/p>\n<p>En conclusi\u00f3n, la b\u00fasqueda de agua en Tenerife estuvo motivada, como factor principal, por la rentabilidad de los cultivos de exportaci\u00f3n, el motor econ\u00f3mico de la isla hasta la irrupci\u00f3n del turismo en los sesenta. Obtener agua subterr\u00e1nea permit\u00eda cultivar pl\u00e1tanos y tomates, y ello significaba prosperidad. As\u00ed, la superficie de regad\u00edo se fue extendiendo poco a poco por las costas y median\u00edas bajas de Tenerife, llegando incluso a ser superior en la vertiente sur en 1973: el 51,21% frente al 48,78% (MOP-UNESCO, 1975, III: 9).[\/vc_column_text][vc_empty_space][vc_separator color=\u00bbcustom\u00bb accent_color=\u00bb#8e8e8e\u00bb][vc_column_text el_class=\u00bbsmall\u00bb]<\/p>\n<p style=\"text-align: right\">Imagen superior: Fincas de platanera en la Rambla de Castro (1900-1905). Fuente: FEDAC.<\/p>\n<p>[\/vc_column_text][\/vc_column][\/vc_row][vc_row gap=\u00bb30&#8243; css=\u00bb.vc_custom_1727697933407{padding-right: 90px !important;padding-left: 90px !important;background-color: #ffffff !important;}\u00bb][vc_column width=\u00bb1\/3&#8243;][vc_separator color=\u00bbcustom\u00bb accent_color=\u00bb#8e8e8e\u00bb][\/vc_column][vc_column width=\u00bb2\/3&#8243;][vc_separator color=\u00bbcustom\u00bb accent_color=\u00bb#8e8e8e\u00bb][vc_custom_heading text=\u00bbReferencias y fuentes\u00bb font_container=\u00bbtag:h6|font_size:1.2em|text_align:left\u00bb google_fonts=\u00bbfont_family:Roboto%3A100%2C100italic%2C300%2C300italic%2Cregular%2Citalic%2C500%2C500italic%2C700%2C700italic%2C900%2C900italic|font_style:300%20light%20regular%3A300%3Anormal\u00bb][vc_empty_space][vc_column_text el_class=\u00bbfuentes\u00bb]APHI. 1989. Plan Hidrol\u00f3gico Insular de Tenerife. Avance: Bases para el planeamiento hidrogeol\u00f3gico. Santa Cruz de Tenerife: Cabildo Insular de Tenerife.<\/p>\n<p>Braojos Ruiz, Juan Jos\u00e9. 2023. Alumbramientos, agotamientos y fracasos. En los 175 a\u00f1os de historia de las galer\u00edas de Tenerife. Santa Cruz de Tenerife: Consejo Insular de Aguas de Tenerife, C\u00e1mara Insular de Aguas de Tenerife, Colegio de Ingenieros de Obras P\u00fablicas de Santa Cruz de Tenerife.<\/p>\n<p>Hoyos-Lim\u00f3n Gil, Adolfo. 2022. Apuntes sobre agua y sociedad en Tenerife. Santa Cruz de Tenerife: Consejo Insular de Aguas de Tenerife, Colegio de Ingenieros de Caminos, Canales y Puertos, C\u00e1mara Insular de Aguas de Tenerife.<\/p>\n<p>MOP-UNESCO. 1975. Estudio cient\u00edfico de los recursos de agua en las Islas Canarias (SPA 69\/515). Vol. III (provincia de Santa Cruz de Tenerife). Madrid: Ministerio de Obras P\u00fablicas. Direcci\u00f3n General de Obras Hidr\u00e1ulicas. Programa de las Naciones Unidas para el Desarrollo (UNESCO).<\/p>\n<p>Quirantes, Francisco. 1981. El regad\u00edo en Canarias. Santa Cruz de Tenerife: Editorial Interinsular Canaria y Departamento de Geograf\u00eda\/Universidad de La Laguna.<\/p>\n<p>Rodr\u00edguez Brito, Wladimiro. 1986. La agricultura de exportaci\u00f3n en Canarias (1940-1980). Santa Cruz de Tenerife: Consejer\u00eda de Agricultura y Pesca\/Gobierno de Canarias.<\/p>\n<p>Santamarta Cerezal, Juan Carlos. 2018. El aprovechamiento tradicional de las aguas subterr\u00e1neas en las Islas Canarias. Santa Cruz de Tenerife: Fundaci\u00f3n CajaCanarias.[\/vc_column_text][\/vc_column][\/vc_row][vc_row gap=\u00bb30&#8243; css=\u00bb.vc_custom_1727697933407{padding-right: 90px !important;padding-left: 90px !important;background-color: #ffffff !important;}\u00bb][vc_column width=\u00bb1\/3&#8243;][vc_separator color=\u00bbcustom\u00bb accent_color=\u00bb#8e8e8e\u00bb][\/vc_column][vc_column width=\u00bb2\/3&#8243;][vc_separator color=\u00bbcustom\u00bb accent_color=\u00bb#8e8e8e\u00bb][\/vc_column][\/vc_row][vc_row gap=\u00bb30&#8243; css=\u00bb.vc_custom_1727697933407{padding-right: 90px !important;padding-left: 90px !important;background-color: #ffffff !important;}\u00bb][vc_column width=\u00bb1\/3&#8243;][\/vc_column][vc_column width=\u00bb2\/3&#8243;][vc_row_inner][vc_column_inner width=\u00bb1\/3&#8243;][vc_single_image image=\u00bb1050&#8243; alignment=\u00bbcenter\u00bb onclick=\u00bbcustom_link\u00bb img_link_target=\u00bb_blank\u00bb link=\u00bbhttps:\/\/www.ull.es\/\u00bb][\/vc_column_inner][vc_column_inner width=\u00bb1\/3&#8243;][vc_single_image image=\u00bb1049&#8243; alignment=\u00bbcenter\u00bb onclick=\u00bbcustom_link\u00bb img_link_target=\u00bb_blank\u00bb link=\u00bbhttps:\/\/www.aguastenerife.org\/\u00bb][\/vc_column_inner][vc_column_inner width=\u00bb1\/3&#8243;][vc_single_image image=\u00bb1055&#8243; alignment=\u00bbcenter\u00bb onclick=\u00bbcustom_link\u00bb img_link_target=\u00bb_blank\u00bb link=\u00bbhttps:\/\/www.camaradeaguas.com\/\u00bb][\/vc_column_inner][\/vc_row_inner][vc_separator color=\u00bbcustom\u00bb accent_color=\u00bb#8e8e8e\u00bb][\/vc_column][\/vc_row]<\/p>\n","protected":false},"excerpt":{"rendered":"<p>[vc_row gap=\u00bb35&#8243; equal_height=\u00bbyes\u00bb content_placement=\u00bbbottom\u00bb css=\u00bb.vc_custom_1727692271162{background-position: center !important;background-repeat: no-repeat !important;background-size: cover !important;}\u00bb][vc_column width=\u00bb1\/3&#8243;][vc_single_image image=\u00bb995&#8243; img_size=\u00bbmedium\u00bb][\/vc_column][vc_column width=\u00bb2\/3&#8243;][\/vc_column][\/vc_row][vc_row gap=\u00bb35&#8243; equal_height=\u00bbyes\u00bb content_placement=\u00bbbottom\u00bb css=\u00bb.vc_custom_1739368341559{background-image: url(http:\/\/www.ull.es\/eventos\/agua-y-vida\/wp-content\/uploads\/sites\/63\/2025\/02\/Fincas-de-platanera-en-la-zona-de-la-Rambla-de-Castro-1900-1905-Fuente-FEDAC-Fragmento-de-la-imagen-completa-original.jpg?id=1104) !important;background-position: center !important;background-repeat: no-repeat !important;background-size: contain !important;}\u00bb][vc_column width=\u00bb1\/3&#8243; el_class=\u00bbslider_portada\u00bb][vc_empty_space height=\u00bb600&#8243;][\/vc_column][vc_column width=\u00bb2\/3&#8243;][\/vc_column][\/vc_row][vc_row gap=\u00bb35&#8243; content_placement=\u00bbtop\u00bb css=\u00bb.vc_custom_1727692820016{padding-right: 90px !important;padding-left: 90px !important;background-color: #ffffff !important;}\u00bb][vc_column width=\u00bb1\/3&#8243;][vc_separator color=\u00bbcustom\u00bb accent_color=\u00bb#8e8e8e\u00bb][vc_empty_space][vc_custom_heading source=\u00bbpost_title\u00bb font_container=\u00bbtag:h1|font_size:1.8em|text_align:left|color:%23f15046|line_height:100%25&#8243; google_fonts=\u00bbfont_family:Roboto%3A100%2C100italic%2C300%2C300italic%2Cregular%2Citalic%2C500%2C500italic%2C700%2C700italic%2C900%2C900italic|font_style:300%20light%20regular%3A300%3Anormal\u00bb][vc_separator color=\u00bbcustom\u00bb accent_color=\u00bb#8e8e8e\u00bb][vc_empty_space][\/vc_column][vc_column width=\u00bb2\/3&#8243;][vc_separator][vc_empty_space][vc_custom_heading text=\u00bbMuchos son los pueblos de esta&#8230;<\/p>\n","protected":false},"author":14,"featured_media":0,"parent":0,"menu_order":0,"comment_status":"closed","ping_status":"closed","template":"templates\/template-no-title.php","meta":{"footnotes":""},"class_list":["post-1064","page","type-page","status-publish","hentry"],"_links":{"self":[{"href":"https:\/\/www.ull.es\/eventos\/agua-y-vida\/wp-json\/wp\/v2\/pages\/1064"}],"collection":[{"href":"https:\/\/www.ull.es\/eventos\/agua-y-vida\/wp-json\/wp\/v2\/pages"}],"about":[{"href":"https:\/\/www.ull.es\/eventos\/agua-y-vida\/wp-json\/wp\/v2\/types\/page"}],"author":[{"embeddable":true,"href":"https:\/\/www.ull.es\/eventos\/agua-y-vida\/wp-json\/wp\/v2\/users\/14"}],"replies":[{"embeddable":true,"href":"https:\/\/www.ull.es\/eventos\/agua-y-vida\/wp-json\/wp\/v2\/comments?post=1064"}],"version-history":[{"count":9,"href":"https:\/\/www.ull.es\/eventos\/agua-y-vida\/wp-json\/wp\/v2\/pages\/1064\/revisions"}],"predecessor-version":[{"id":1252,"href":"https:\/\/www.ull.es\/eventos\/agua-y-vida\/wp-json\/wp\/v2\/pages\/1064\/revisions\/1252"}],"wp:attachment":[{"href":"https:\/\/www.ull.es\/eventos\/agua-y-vida\/wp-json\/wp\/v2\/media?parent=1064"}],"curies":[{"name":"wp","href":"https:\/\/api.w.org\/{rel}","templated":true}]}}