{"id":111,"date":"2016-04-20T05:46:56","date_gmt":"2016-04-20T05:46:56","guid":{"rendered":"http:\/\/bbtk.exposicion.ull.es\/alvarezrixo\/?page_id=111"},"modified":"2020-01-13T10:32:58","modified_gmt":"2020-01-13T09:32:58","slug":"rixo-historiador-periodista-y-divulgador","status":"publish","type":"page","link":"https:\/\/www.ull.es\/eventos\/alvarez-rixo\/rixo-historiador-periodista-y-divulgador\/","title":{"rendered":"Rixo historiador: periodista y divulgador"},"content":{"rendered":"<p>[vc_row full_width=\u00bbstretch_row_content\u00bb][vc_column width=\u00bb1\/6&#8243;][\/vc_column][vc_column width=\u00bb2\/3&#8243;][vc_column_text]<\/p>\n<h2>Rixo historiador: periodista y divulgador<\/h2>\n<p>[\/vc_column_text][vc_column_text]La producci\u00f3n period\u00edstica tiene especial importancia dentro del conjunto de su obra. Sus art\u00edculos en la prensa isle\u00f1a son muy abundantes en el per\u00edodo 1839-1868. Las primeras contribuciones aparecen en<em> El Conservador<\/em> y <em>El Isle\u00f1o <\/em>de Santa Cruz de Tenerife, y est\u00e1n firmadas con el seud\u00f3nimo \u00abEl Guanche Tabengor\u00bb, que m\u00e1s tarde cambia por el de \u00abA. de Taoro\u00bb en sus trabajos publicados en <em>El Teide<\/em> y <em>Daguerrotipo<\/em>. \u00c1lvarez Rixo utiliza seud\u00f3nimos porque est\u00e1 \u00abpersuadido por experiencia que los moradores de los pueblos cortos pierden la ilusi\u00f3n y buena voluntad desoyendo las ideas \u00fatiles desde que perciben las suministra uno de sus mismos modestos conciudadanos\u00bb, aunque en contribuciones posteriores a 1850 &#8211;mayoritariamente en el tinerfe\u00f1o <em>Eco del Comercio<\/em> y en <em>El Time<\/em> palmero&#8211; suele figurar su nombre de modo completo o con siglas.<br \/>\nLa prensa tiene para \u00c1lvarez Rixo notables ventajas: es un medio r\u00e1pido de comunicaci\u00f3n social que llega a numerosos destinatarios, y al que se puede confiar una obra en la seguridad de que quedar\u00e1 preservada, al contrario de lo que ocurre con el trabajo manuscrito. Y, as\u00ed, en la introducci\u00f3n de su <em>Cuadro hist\u00f3rico de las Islas Canarias<\/em>, reconoce que comenz\u00f3 a publicar en el peri\u00f3dico <em>Daguerrotipo <\/em>la relaci\u00f3n de acontecimientos en Gran Canaria \u201cconsiderando que diseminada ya dicha relaci\u00f3n por todas las Islas por medio de la imprenta, si mi manuscrito pereciese, podr\u00edan sobrevivir algunos ejemplares del citado peri\u00f3dico, donde ser\u00edan los hechos sabidos de los que nos sucedan.\u00bb<\/p>\n<blockquote><p>\u00bfCu\u00e1l es la finalidad de sus manuscritos? Jos\u00e9 Agust\u00edn \u00c1lvarez Rixo est\u00e1 convencido del poder transformador del conocimiento y de que este debe basarse en el establecimiento de una estrecha relaci\u00f3n entre las novedades y las tradiciones \u00fatiles.<\/p><\/blockquote>\n<p>[\/vc_column_text][vc_empty_space][vc_media_grid grid_id=\u00bbvc_gid:1578907908551-0ad1e1ea-dbcd-3&#8243; include=\u00bb366,367,368&#8243;][\/vc_column][vc_column width=\u00bb1\/6&#8243;][\/vc_column][\/vc_row]<\/p>\n","protected":false},"excerpt":{"rendered":"<p>[vc_row full_width=\u00bbstretch_row_content\u00bb][vc_column width=\u00bb1\/6&#8243;][\/vc_column][vc_column width=\u00bb2\/3&#8243;][vc_column_text] Rixo historiador: periodista y divulgador [\/vc_column_text][vc_column_text]La producci\u00f3n period\u00edstica tiene especial importancia dentro del conjunto de su obra. Sus art\u00edculos en la prensa isle\u00f1a son muy abundantes en el per\u00edodo 1839-1868. Las primeras contribuciones aparecen en El Conservador y El Isle\u00f1o de Santa Cruz de Tenerife, y est\u00e1n firmadas con el seud\u00f3nimo&#8230;<\/p>\n","protected":false},"author":14,"featured_media":0,"parent":0,"menu_order":0,"comment_status":"closed","ping_status":"closed","template":"","meta":{"footnotes":""},"class_list":["post-111","page","type-page","status-publish","hentry"],"_links":{"self":[{"href":"https:\/\/www.ull.es\/eventos\/alvarez-rixo\/wp-json\/wp\/v2\/pages\/111"}],"collection":[{"href":"https:\/\/www.ull.es\/eventos\/alvarez-rixo\/wp-json\/wp\/v2\/pages"}],"about":[{"href":"https:\/\/www.ull.es\/eventos\/alvarez-rixo\/wp-json\/wp\/v2\/types\/page"}],"author":[{"embeddable":true,"href":"https:\/\/www.ull.es\/eventos\/alvarez-rixo\/wp-json\/wp\/v2\/users\/14"}],"replies":[{"embeddable":true,"href":"https:\/\/www.ull.es\/eventos\/alvarez-rixo\/wp-json\/wp\/v2\/comments?post=111"}],"version-history":[{"count":2,"href":"https:\/\/www.ull.es\/eventos\/alvarez-rixo\/wp-json\/wp\/v2\/pages\/111\/revisions"}],"predecessor-version":[{"id":556,"href":"https:\/\/www.ull.es\/eventos\/alvarez-rixo\/wp-json\/wp\/v2\/pages\/111\/revisions\/556"}],"wp:attachment":[{"href":"https:\/\/www.ull.es\/eventos\/alvarez-rixo\/wp-json\/wp\/v2\/media?parent=111"}],"curies":[{"name":"wp","href":"https:\/\/api.w.org\/{rel}","templated":true}]}}

<p>[vc_row full_width=»stretch_row_content»][vc_column width=»1/6&#8243;][/vc_column][vc_column width=»2/3&#8243;][vc_column_text]</p>
<h2>Rixo historiador: periodista y divulgador</h2>
<p>[/vc_column_text][vc_column_text]La producción periodística tiene especial importancia dentro del conjunto de su obra. Sus artículos en la prensa isleña son muy abundantes en el período 1839-1868. Las primeras contribuciones aparecen en<em> El Conservador</em> y <em>El Isleño </em>de Santa Cruz de Tenerife, y están firmadas con el seudónimo «El Guanche Tabengor», que más tarde cambia por el de «A. de Taoro» en sus trabajos publicados en <em>El Teide</em> y <em>Daguerrotipo</em>. Álvarez Rixo utiliza seudónimos porque está «persuadido por experiencia que los moradores de los pueblos cortos pierden la ilusión y buena voluntad desoyendo las ideas útiles desde que perciben las suministra uno de sus mismos modestos conciudadanos», aunque en contribuciones posteriores a 1850 &#8211;mayoritariamente en el tinerfeño <em>Eco del Comercio</em> y en <em>El Time</em> palmero&#8211; suele figurar su nombre de modo completo o con siglas.<br />
La prensa tiene para Álvarez Rixo notables ventajas: es un medio rápido de comunicación social que llega a numerosos destinatarios, y al que se puede confiar una obra en la seguridad de que quedará preservada, al contrario de lo que ocurre con el trabajo manuscrito. Y, así, en la introducción de su <em>Cuadro histórico de las Islas Canarias</em>, reconoce que comenzó a publicar en el periódico <em>Daguerrotipo </em>la relación de acontecimientos en Gran Canaria “considerando que diseminada ya dicha relación por todas las Islas por medio de la imprenta, si mi manuscrito pereciese, podrían sobrevivir algunos ejemplares del citado periódico, donde serían los hechos sabidos de los que nos sucedan.»</p>
<blockquote><p>¿Cuál es la finalidad de sus manuscritos? José Agustín Álvarez Rixo está convencido del poder transformador del conocimiento y de que este debe basarse en el establecimiento de una estrecha relación entre las novedades y las tradiciones útiles.</p></blockquote>
<p>[/vc_column_text][vc_empty_space][vc_media_grid grid_id=»vc_gid:1578907908551-0ad1e1ea-dbcd-3&#8243; include=»366,367,368&#8243;][/vc_column][vc_column width=»1/6&#8243;][/vc_column][/vc_row]</p>

<p>[vc_row full_width=»stretch_row_content»][vc_column width=»1/6&#8243;][/vc_column][vc_column width=»2/3&#8243;][vc_column_text] Rixo historiador: periodista y divulgador [/vc_column_text][vc_column_text]La producción periodística tiene especial importancia dentro del conjunto de su obra. Sus artículos en la prensa isleña son muy abundantes en el período 1839-1868. Las primeras contribuciones aparecen en El Conservador y El Isleño de Santa Cruz de Tenerife, y están firmadas con el seudónimo&#8230;</p>
