{"id":152,"date":"2016-04-21T20:04:24","date_gmt":"2016-04-21T20:04:24","guid":{"rendered":"http:\/\/bbtk.exposicion.ull.es\/alvarezrixo\/?page_id=152"},"modified":"2021-05-11T11:03:38","modified_gmt":"2021-05-11T09:03:38","slug":"ediciones-de-sus-obras","status":"publish","type":"page","link":"https:\/\/www.ull.es\/eventos\/alvarez-rixo\/ediciones-de-sus-obras\/","title":{"rendered":"Ediciones de sus obras"},"content":{"rendered":"<p>[vc_row full_width=\u00bbstretch_row_content\u00bb][vc_column width=\u00bb1\/6&#8243;][\/vc_column][vc_column width=\u00bb2\/3&#8243;][vc_column_text]<\/p>\n<h2>Ediciones de sus obras<\/h2>\n<p>[\/vc_column_text][vc_column_text]<a href=\"http:\/\/absysnetweb.bbtk.ull.es\/cgi-bin\/abnetopac?TITN=79610\" target=\"_blank\" rel=\"noopener\" target=\"_blank\" rel=\"noopener\"><i>Anales del Puerto de la Cruz de la Orotava: 1701-1872<\/i><\/a><i>. <\/i>Introducci\u00f3n M\u00aa Teresa Nore\u00f1a Salto. Tenerife: Cabildo Insular; Puerto de la Cruz: Ayuntamiento, 1994.<\/p>\n<p>[Biograf\u00eda de Mar\u00eda Joaquina Viera y Clavijo] En Viera y Clavijo, Mar\u00eda Joaquina. <a href=\"http:\/\/absysnetweb.bbtk.ull.es\/cgi-bin\/abnetopac?TITN=255791\" target=\"_blank\" rel=\"noopener\" target=\"_blank\" rel=\"noopener\"><i>Poes\u00eda<\/i><\/a>. Santa Cruz de Tenerife: Idea: Instituto Canario de la Mujer, 2003.<\/p>\n<p><a href=\"http:\/\/absysnetweb.bbtk.ull.es\/cgi-bin\/abnetopac?TITN=149336\" target=\"_blank\" rel=\"noopener\" target=\"_blank\" rel=\"noopener\"><i>Cuadro hist\u00f3rico de estas Islas Canarias durante cuatro a\u00f1os, de 1808 a 1812<\/i>.<\/a> Pr\u00f3logo de S. Ben\u00edtez Padilla. Las Palmas de Gran Canaria: Gabinete Literario, 1955.<\/p>\n<p><a href=\"http:\/\/absysnetweb.bbtk.ull.es\/cgi-bin\/abnetopac?TITN=292045\" target=\"_blank\" rel=\"noopener\" target=\"_blank\" rel=\"noopener\"><i>Cuentos de la Torre del \u00c1guila: recuerdo de las 48 horas de alojamiento en ella, en el mes de mayo de 1815, escrita por uno de los alojados<\/i>.<\/a> Lanzarote: Cabildo, Servicio de Publicaciones, 2003.<\/p>\n<p><a href=\"http:\/\/absysnetweb.bbtk.ull.es\/cgi-bin\/abnetopac?TITN=292045\" target=\"_blank\" rel=\"noopener\" target=\"_blank\" rel=\"noopener\"><i>Historia de dos puertos canarios<\/i>.<\/a> Estudio, introducci\u00f3n y notas Manuel Torres Stinga. Arrecife: Ayuntamiento: Cabildo de Lanzarote, 2003.<\/p>\n<p><a href=\"http:\/\/absysnetweb.bbtk.ull.es\/cgi-bin\/abnetopac?TITN=292045\" target=\"_blank\" rel=\"noopener\" target=\"_blank\" rel=\"noopener\"><i>Historia del Puerto de Arrecife en la Isla de Lanzarote, una de las Canarias<\/i>.<\/a> Pr\u00f3logo de Enrique Romeu Palazuelos. Santa Cruz de Tenerife: Cabildo Insular de Tenerife, Aula de Cultura, 1982.<\/p>\n<p><a href=\"http:\/\/absysnetweb.bbtk.ull.es\/cgi-bin\/abnetopac?TITN=292045\" target=\"_blank\" rel=\"noopener\" target=\"_blank\" rel=\"noopener\"><i>Lenguaje de los antiguos isle\u00f1os.<\/i><\/a> Edici\u00f3n con estudio y notas por Carmen D\u00edaz Alay\u00f3n y Antonio Tejera Gaspar. Puerto de la Cruz: Ayuntamiento; La Laguna: Centro de la Cultura Popular Canaria, 1991.<\/p>\n<p><a href=\"http:\/\/absysnetweb.bbtk.ull.es\/cgi-bin\/abnetopac?TITN=292045\" target=\"_blank\" rel=\"noopener\" target=\"_blank\" rel=\"noopener\"><i>M\u00e1scaras<\/i><\/a>. Edici\u00f3n e introducci\u00f3n de Jos\u00e9 Antonio Ramos Arteaga; edici\u00f3n del facs\u00edmile al cuidado de Ferm\u00edn Dom\u00ednguez Santana. La Laguna: Seminario de Estudios Teatrales de la Universidad de La Laguna, 2009.<\/p>\n<p><a href=\"http:\/\/absysnetweb.bbtk.ull.es\/cgi-bin\/abnetopac?TITN=292045\" target=\"_blank\" rel=\"noopener\" target=\"_blank\" rel=\"noopener\"><i>Noticias biogr\u00e1ficas de algunos isle\u00f1os canarios<\/i><\/a>. Estudio cr\u00edtico Manuel Hern\u00e1ndez Gonz\u00e1lez. Santa Cruz de Tenerife: Idea, 2008.<\/p>\n<p><a href=\"http:\/\/absysnetweb.bbtk.ull.es\/cgi-bin\/abnetopac?TITN=292045\" target=\"_blank\" rel=\"noopener\" target=\"_blank\" rel=\"noopener\"><i>Voces, frases y proverbios provinciales de nuestras Islas Canarias con sus derivaciones, significados y aplicaciones.<\/i><\/a> Edici\u00f3n con estudio introductorio, notas e \u00edndice por Carmen D\u00edaz Alay\u00f3n y Francisco Javier Castillo. La Laguna : Instituto de Estudios Canarios, 1992.[\/vc_column_text][\/vc_column][vc_column width=\u00bb1\/6&#8243;][\/vc_column][\/vc_row]<\/p>\n","protected":false},"excerpt":{"rendered":"<p>[vc_row full_width=\u00bbstretch_row_content\u00bb][vc_column width=\u00bb1\/6&#8243;][\/vc_column][vc_column width=\u00bb2\/3&#8243;][vc_column_text] Ediciones de sus obras [\/vc_column_text][vc_column_text]Anales del Puerto de la Cruz de la Orotava: 1701-1872. Introducci\u00f3n M\u00aa Teresa Nore\u00f1a Salto. Tenerife: Cabildo Insular; Puerto de la Cruz: Ayuntamiento, 1994. [Biograf\u00eda de Mar\u00eda Joaquina Viera y Clavijo] En Viera y Clavijo, Mar\u00eda Joaquina. Poes\u00eda. Santa Cruz de Tenerife: Idea: Instituto Canario de la&#8230;<\/p>\n","protected":false},"author":14,"featured_media":0,"parent":0,"menu_order":0,"comment_status":"closed","ping_status":"closed","template":"","meta":{"footnotes":""},"class_list":["post-152","page","type-page","status-publish","hentry"],"_links":{"self":[{"href":"https:\/\/www.ull.es\/eventos\/alvarez-rixo\/wp-json\/wp\/v2\/pages\/152"}],"collection":[{"href":"https:\/\/www.ull.es\/eventos\/alvarez-rixo\/wp-json\/wp\/v2\/pages"}],"about":[{"href":"https:\/\/www.ull.es\/eventos\/alvarez-rixo\/wp-json\/wp\/v2\/types\/page"}],"author":[{"embeddable":true,"href":"https:\/\/www.ull.es\/eventos\/alvarez-rixo\/wp-json\/wp\/v2\/users\/14"}],"replies":[{"embeddable":true,"href":"https:\/\/www.ull.es\/eventos\/alvarez-rixo\/wp-json\/wp\/v2\/comments?post=152"}],"version-history":[{"count":5,"href":"https:\/\/www.ull.es\/eventos\/alvarez-rixo\/wp-json\/wp\/v2\/pages\/152\/revisions"}],"predecessor-version":[{"id":598,"href":"https:\/\/www.ull.es\/eventos\/alvarez-rixo\/wp-json\/wp\/v2\/pages\/152\/revisions\/598"}],"wp:attachment":[{"href":"https:\/\/www.ull.es\/eventos\/alvarez-rixo\/wp-json\/wp\/v2\/media?parent=152"}],"curies":[{"name":"wp","href":"https:\/\/api.w.org\/{rel}","templated":true}]}}

<p>[vc_row full_width=»stretch_row_content»][vc_column width=»1/6&#8243;][/vc_column][vc_column width=»2/3&#8243;][vc_column_text]</p>
<h2>Ediciones de sus obras</h2>
<p>[/vc_column_text][vc_column_text]<a href="http://absysnetweb.bbtk.ull.es/cgi-bin/abnetopac?TITN=79610" target="_blank" rel="noopener" target="_blank" rel="noopener"><i>Anales del Puerto de la Cruz de la Orotava: 1701-1872</i></a><i>. </i>Introducción Mª Teresa Noreña Salto. Tenerife: Cabildo Insular; Puerto de la Cruz: Ayuntamiento, 1994.</p>
<p>[Biografía de María Joaquina Viera y Clavijo] En Viera y Clavijo, María Joaquina. <a href="http://absysnetweb.bbtk.ull.es/cgi-bin/abnetopac?TITN=255791" target="_blank" rel="noopener" target="_blank" rel="noopener"><i>Poesía</i></a>. Santa Cruz de Tenerife: Idea: Instituto Canario de la Mujer, 2003.</p>
<p><a href="http://absysnetweb.bbtk.ull.es/cgi-bin/abnetopac?TITN=149336" target="_blank" rel="noopener" target="_blank" rel="noopener"><i>Cuadro histórico de estas Islas Canarias durante cuatro años, de 1808 a 1812</i>.</a> Prólogo de S. Benítez Padilla. Las Palmas de Gran Canaria: Gabinete Literario, 1955.</p>
<p><a href="http://absysnetweb.bbtk.ull.es/cgi-bin/abnetopac?TITN=292045" target="_blank" rel="noopener" target="_blank" rel="noopener"><i>Cuentos de la Torre del Águila: recuerdo de las 48 horas de alojamiento en ella, en el mes de mayo de 1815, escrita por uno de los alojados</i>.</a> Lanzarote: Cabildo, Servicio de Publicaciones, 2003.</p>
<p><a href="http://absysnetweb.bbtk.ull.es/cgi-bin/abnetopac?TITN=292045" target="_blank" rel="noopener" target="_blank" rel="noopener"><i>Historia de dos puertos canarios</i>.</a> Estudio, introducción y notas Manuel Torres Stinga. Arrecife: Ayuntamiento: Cabildo de Lanzarote, 2003.</p>
<p><a href="http://absysnetweb.bbtk.ull.es/cgi-bin/abnetopac?TITN=292045" target="_blank" rel="noopener" target="_blank" rel="noopener"><i>Historia del Puerto de Arrecife en la Isla de Lanzarote, una de las Canarias</i>.</a> Prólogo de Enrique Romeu Palazuelos. Santa Cruz de Tenerife: Cabildo Insular de Tenerife, Aula de Cultura, 1982.</p>
<p><a href="http://absysnetweb.bbtk.ull.es/cgi-bin/abnetopac?TITN=292045" target="_blank" rel="noopener" target="_blank" rel="noopener"><i>Lenguaje de los antiguos isleños.</i></a> Edición con estudio y notas por Carmen Díaz Alayón y Antonio Tejera Gaspar. Puerto de la Cruz: Ayuntamiento; La Laguna: Centro de la Cultura Popular Canaria, 1991.</p>
<p><a href="http://absysnetweb.bbtk.ull.es/cgi-bin/abnetopac?TITN=292045" target="_blank" rel="noopener" target="_blank" rel="noopener"><i>Máscaras</i></a>. Edición e introducción de José Antonio Ramos Arteaga; edición del facsímile al cuidado de Fermín Domínguez Santana. La Laguna: Seminario de Estudios Teatrales de la Universidad de La Laguna, 2009.</p>
<p><a href="http://absysnetweb.bbtk.ull.es/cgi-bin/abnetopac?TITN=292045" target="_blank" rel="noopener" target="_blank" rel="noopener"><i>Noticias biográficas de algunos isleños canarios</i></a>. Estudio crítico Manuel Hernández González. Santa Cruz de Tenerife: Idea, 2008.</p>
<p><a href="http://absysnetweb.bbtk.ull.es/cgi-bin/abnetopac?TITN=292045" target="_blank" rel="noopener" target="_blank" rel="noopener"><i>Voces, frases y proverbios provinciales de nuestras Islas Canarias con sus derivaciones, significados y aplicaciones.</i></a> Edición con estudio introductorio, notas e índice por Carmen Díaz Alayón y Francisco Javier Castillo. La Laguna : Instituto de Estudios Canarios, 1992.[/vc_column_text][/vc_column][vc_column width=»1/6&#8243;][/vc_column][/vc_row]</p>

<p>[vc_row full_width=»stretch_row_content»][vc_column width=»1/6&#8243;][/vc_column][vc_column width=»2/3&#8243;][vc_column_text] Ediciones de sus obras [/vc_column_text][vc_column_text]Anales del Puerto de la Cruz de la Orotava: 1701-1872. Introducción Mª Teresa Noreña Salto. Tenerife: Cabildo Insular; Puerto de la Cruz: Ayuntamiento, 1994. [Biografía de María Joaquina Viera y Clavijo] En Viera y Clavijo, María Joaquina. Poesía. Santa Cruz de Tenerife: Idea: Instituto Canario de la&#8230;</p>
