{"id":276,"date":"2016-04-28T10:37:27","date_gmt":"2016-04-28T10:37:27","guid":{"rendered":"http:\/\/bbtk.exposicion.ull.es\/alvarezrixo\/?page_id=276"},"modified":"2021-05-11T13:46:45","modified_gmt":"2021-05-11T11:46:45","slug":"catalogo","status":"publish","type":"page","link":"https:\/\/www.ull.es\/eventos\/alvarez-rixo\/catalogo\/","title":{"rendered":"Cat\u00e1logos"},"content":{"rendered":"<p>[vc_row full_width=\u00bbstretch_row\u00bb][vc_column][vc_column_text]<\/p>\n<h2>Cat\u00e1logos<\/h2>\n<p>[\/vc_column_text][vc_column_text]<a href=\"http:\/\/riull.ull.es\/xmlui\/handle\/915\/2133\" target=\"_blank\" rel=\"noopener\" target=\"_blank\" rel=\"noopener\">Accede al documento pdf del Cat\u00e1logo de la exposici\u00f3n<\/a><br \/>\n<a href=\"http:\/\/absysnetweb.bbtk.ull.es\/cgi-bin\/abnetopac?ACC=DOSEARCH&amp;xsqf99=(APBULL.JAAR).t910.\" target=\"_blank\" rel=\"noopener\" target=\"_blank\" rel=\"noopener\">Accede al cat\u00e1logo del Archivo personal<\/a><br \/>\n<a href=\"https:\/\/absysnetweb.bbtk.ull.es\/cgi-bin\/abnetopac?ACC=DOSEARCH&amp;xsqf99=(Biblioteca%20Rixo).t940.\" target=\"_blank\" rel=\"noopener\" target=\"_blank\" rel=\"noopener\">Accede al cat\u00e1logo de la Biblioteca<\/a><\/p>\n<div id=\"s3gt_translate_tooltip_mini\" class=\"s3gt_translate_tooltip_mini_box\" style=\"background: initial !important;border: initial !important;border-spacing: initial !important;border-collapse: initial !important;direction: ltr !important;font-weight: initial !important;height: initial !important;letter-spacing: initial !important;min-width: initial !important;max-width: initial !important;min-height: initial !important;max-height: initial !important;margin: auto !important;padding: initial !important;text-align: initial !important;width: initial !important;color: inherit !important;font-size: 13px !important;font-family: X-LocaleSpecific, sans-serif, Tahoma, Helvetica !important;line-height: 13px !important;vertical-align: top !important\">\n<div id=\"s3gt_translate_tooltip_mini_logo\" class=\"s3gt_translate_tooltip_mini\" title=\"Traducir texto seleccionado\"><\/div>\n<div id=\"s3gt_translate_tooltip_mini_sound\" class=\"s3gt_translate_tooltip_mini\" title=\"Escuchar\"><\/div>\n<div id=\"s3gt_translate_tooltip_mini_copy\" class=\"s3gt_translate_tooltip_mini\" title=\"Copiar texto al Portapapeles\"><\/div>\n<\/div>\n<p>[\/vc_column_text][\/vc_column][\/vc_row]<\/p>\n","protected":false},"excerpt":{"rendered":"<p>[vc_row full_width=\u00bbstretch_row\u00bb][vc_column][vc_column_text] Cat\u00e1logos [\/vc_column_text][vc_column_text]Accede al documento pdf del Cat\u00e1logo de la exposici\u00f3n Accede al cat\u00e1logo del Archivo personal Accede al cat\u00e1logo de la Biblioteca [\/vc_column_text][\/vc_column][\/vc_row]<\/p>\n","protected":false},"author":14,"featured_media":0,"parent":0,"menu_order":0,"comment_status":"closed","ping_status":"closed","template":"","meta":{"footnotes":""},"class_list":["post-276","page","type-page","status-publish","hentry"],"_links":{"self":[{"href":"https:\/\/www.ull.es\/eventos\/alvarez-rixo\/wp-json\/wp\/v2\/pages\/276"}],"collection":[{"href":"https:\/\/www.ull.es\/eventos\/alvarez-rixo\/wp-json\/wp\/v2\/pages"}],"about":[{"href":"https:\/\/www.ull.es\/eventos\/alvarez-rixo\/wp-json\/wp\/v2\/types\/page"}],"author":[{"embeddable":true,"href":"https:\/\/www.ull.es\/eventos\/alvarez-rixo\/wp-json\/wp\/v2\/users\/14"}],"replies":[{"embeddable":true,"href":"https:\/\/www.ull.es\/eventos\/alvarez-rixo\/wp-json\/wp\/v2\/comments?post=276"}],"version-history":[{"count":19,"href":"https:\/\/www.ull.es\/eventos\/alvarez-rixo\/wp-json\/wp\/v2\/pages\/276\/revisions"}],"predecessor-version":[{"id":612,"href":"https:\/\/www.ull.es\/eventos\/alvarez-rixo\/wp-json\/wp\/v2\/pages\/276\/revisions\/612"}],"wp:attachment":[{"href":"https:\/\/www.ull.es\/eventos\/alvarez-rixo\/wp-json\/wp\/v2\/media?parent=276"}],"curies":[{"name":"wp","href":"https:\/\/api.w.org\/{rel}","templated":true}]}}

Catálogos

<p>[vc_row full_width=»stretch_row»][vc_column][vc_column_text]</p>
<h2>Catálogos</h2>
<p>[/vc_column_text][vc_column_text]<a href="http://riull.ull.es/xmlui/handle/915/2133" target="_blank" rel="noopener" target="_blank" rel="noopener">Accede al documento pdf del Catálogo de la exposición</a><br />
<a href="http://absysnetweb.bbtk.ull.es/cgi-bin/abnetopac?ACC=DOSEARCH&amp;xsqf99=(APBULL.JAAR).t910." target="_blank" rel="noopener" target="_blank" rel="noopener">Accede al catálogo del Archivo personal</a><br />
<a href="https://absysnetweb.bbtk.ull.es/cgi-bin/abnetopac?ACC=DOSEARCH&amp;xsqf99=(Biblioteca%20Rixo).t940." target="_blank" rel="noopener" target="_blank" rel="noopener">Accede al catálogo de la Biblioteca</a></p>
<div id="s3gt_translate_tooltip_mini" class="s3gt_translate_tooltip_mini_box" style="background: initial !important;border: initial !important;border-spacing: initial !important;border-collapse: initial !important;direction: ltr !important;font-weight: initial !important;height: initial !important;letter-spacing: initial !important;min-width: initial !important;max-width: initial !important;min-height: initial !important;max-height: initial !important;margin: auto !important;padding: initial !important;text-align: initial !important;width: initial !important;color: inherit !important;font-size: 13px !important;font-family: X-LocaleSpecific, sans-serif, Tahoma, Helvetica !important;line-height: 13px !important;vertical-align: top !important">
<div id="s3gt_translate_tooltip_mini_logo" class="s3gt_translate_tooltip_mini" title="Traducir texto seleccionado"></div>
<div id="s3gt_translate_tooltip_mini_sound" class="s3gt_translate_tooltip_mini" title="Escuchar"></div>
<div id="s3gt_translate_tooltip_mini_copy" class="s3gt_translate_tooltip_mini" title="Copiar texto al Portapapeles"></div>
</div>
<p>[/vc_column_text][/vc_column][/vc_row]</p>

<p>[vc_row full_width=»stretch_row»][vc_column][vc_column_text] Catálogos [/vc_column_text][vc_column_text]Accede al documento pdf del Catálogo de la exposición Accede al catálogo del Archivo personal Accede al catálogo de la Biblioteca [/vc_column_text][/vc_column][/vc_row]</p>
