{"id":543,"date":"2020-01-13T10:16:16","date_gmt":"2020-01-13T09:16:16","guid":{"rendered":"http:\/\/www.ull.es\/eventos\/alvarez-rixo\/?page_id=543"},"modified":"2020-01-13T10:33:46","modified_gmt":"2020-01-13T09:33:46","slug":"543-2","status":"publish","type":"page","link":"https:\/\/www.ull.es\/eventos\/alvarez-rixo\/543-2\/","title":{"rendered":"Idea de progreso y conocimiento"},"content":{"rendered":"<p>[vc_row full_width=\u00bbstretch_row_content\u00bb][vc_column width=\u00bb1\/6&#8243;][\/vc_column][vc_column width=\u00bb2\/3&#8243;][vc_column_text]<\/p>\n<h2>Idea de progreso y conocimiento<\/h2>\n<p>[\/vc_column_text][vc_column_text]La transmisi\u00f3n del conocimiento, la conservaci\u00f3n de las fuentes p\u00fablicas y privadas, y la perdurabilidad de la obra son una preocupaci\u00f3n constante en la vida y los trabajos de \u00c1lvarez Rixo. Esta raz\u00f3n le decide a organizar el archivo municipal al ser nombrado alcalde real del Puerto de la Cruz en el a\u00f1o 1828. Tambi\u00e9n se\u00f1ala con insistencia lo perjudicial que resulta impedir que \u00ablas personas patri\u00f3ticas y curiosas\u00bb saquen copias de los documentos p\u00fablicos. \u00c9l conf\u00eda en que al estar en varias manos podr\u00e1n servir de algo a la posteridad y cree necesario estimular su propagaci\u00f3n en lugar de impedirla o dificultarla.<\/p>\n<p>Su posici\u00f3n en relaci\u00f3n con el trabajo hist\u00f3rico se sustenta en tres principios espec\u00edficos: lo verdadero como asunto y objeto de an\u00e1lisis, la adecuada preparaci\u00f3n del historiador y el valor intr\u00ednseco de todos los materiales. Estos principios est\u00e1n impl\u00edcitos en el conjunto de su obra y en algunos momentos aparecen rotundamente expresados:<\/p>\n<blockquote><p>\u00ab\u2026tuve ocasi\u00f3n de notar la falta extraordinaria de recuerdo de mis paisanos en materias p\u00fablicas, como tambi\u00e9n el escandaloso descuido con que se custodiaban los papeles del archivo municipal, siendo motivo para dificultar y confundir cualesquiera investigaciones que a veces era preciso hacer [\u2026]. Para evitar esto en lo posible resolv\u00ed arreglar el archivo; y prevalido de mi autoridad, hice reponer en \u00e9l algunos documentos del mismo que supe andaban diseminados en varias manos; y al paso que iba coordinando y repasando folio por folio los libros y cuadernos, fui formando una curiosa apuntaci\u00f3n de cuanto me pareci\u00f3 m\u00e1s notable, principalmente en materias gubernativas.\u201d<\/p>\n<p>\u00abLa primera obligaci\u00f3n del que historia ha de ser decir la verdad sin pasi\u00f3n y sin lisonja aunque por ello tal vez se disgusten algunas personas\u2026\u00bb<\/p>\n<p>\u00abInfinitas faltas tendr\u00e1 esta obrita; mas considerada su cla\u00adse de materiales hist\u00f3ricos, posee el m\u00e9rito mayor, cual es ser verdaderos todos los hechos que refiere. \u201c<\/p><\/blockquote>\n<p>[\/vc_column_text][vc_empty_space][vc_media_grid grid_id=\u00bbvc_gid:1578907760342-cb8de073-d49f-4&#8243; include=\u00bb369,334&#8243;][\/vc_column][vc_column width=\u00bb1\/6&#8243;][\/vc_column][\/vc_row]<\/p>\n","protected":false},"excerpt":{"rendered":"<p>[vc_row full_width=\u00bbstretch_row_content\u00bb][vc_column width=\u00bb1\/6&#8243;][\/vc_column][vc_column width=\u00bb2\/3&#8243;][vc_column_text] Idea de progreso y conocimiento [\/vc_column_text][vc_column_text]La transmisi\u00f3n del conocimiento, la conservaci\u00f3n de las fuentes p\u00fablicas y privadas, y la perdurabilidad de la obra son una preocupaci\u00f3n constante en la vida y los trabajos de \u00c1lvarez Rixo. Esta raz\u00f3n le decide a organizar el archivo municipal al ser nombrado alcalde real del&#8230;<\/p>\n","protected":false},"author":14,"featured_media":0,"parent":0,"menu_order":0,"comment_status":"closed","ping_status":"closed","template":"","meta":{"footnotes":""},"class_list":["post-543","page","type-page","status-publish","hentry"],"_links":{"self":[{"href":"https:\/\/www.ull.es\/eventos\/alvarez-rixo\/wp-json\/wp\/v2\/pages\/543"}],"collection":[{"href":"https:\/\/www.ull.es\/eventos\/alvarez-rixo\/wp-json\/wp\/v2\/pages"}],"about":[{"href":"https:\/\/www.ull.es\/eventos\/alvarez-rixo\/wp-json\/wp\/v2\/types\/page"}],"author":[{"embeddable":true,"href":"https:\/\/www.ull.es\/eventos\/alvarez-rixo\/wp-json\/wp\/v2\/users\/14"}],"replies":[{"embeddable":true,"href":"https:\/\/www.ull.es\/eventos\/alvarez-rixo\/wp-json\/wp\/v2\/comments?post=543"}],"version-history":[{"count":5,"href":"https:\/\/www.ull.es\/eventos\/alvarez-rixo\/wp-json\/wp\/v2\/pages\/543\/revisions"}],"predecessor-version":[{"id":553,"href":"https:\/\/www.ull.es\/eventos\/alvarez-rixo\/wp-json\/wp\/v2\/pages\/543\/revisions\/553"}],"wp:attachment":[{"href":"https:\/\/www.ull.es\/eventos\/alvarez-rixo\/wp-json\/wp\/v2\/media?parent=543"}],"curies":[{"name":"wp","href":"https:\/\/api.w.org\/{rel}","templated":true}]}}

<p>[vc_row full_width=»stretch_row_content»][vc_column width=»1/6&#8243;][/vc_column][vc_column width=»2/3&#8243;][vc_column_text]</p>
<h2>Idea de progreso y conocimiento</h2>
<p>[/vc_column_text][vc_column_text]La transmisión del conocimiento, la conservación de las fuentes públicas y privadas, y la perdurabilidad de la obra son una preocupación constante en la vida y los trabajos de Álvarez Rixo. Esta razón le decide a organizar el archivo municipal al ser nombrado alcalde real del Puerto de la Cruz en el año 1828. También señala con insistencia lo perjudicial que resulta impedir que «las personas patrióticas y curiosas» saquen copias de los documentos públicos. Él confía en que al estar en varias manos podrán servir de algo a la posteridad y cree necesario estimular su propagación en lugar de impedirla o dificultarla.</p>
<p>Su posición en relación con el trabajo histórico se sustenta en tres principios específicos: lo verdadero como asunto y objeto de análisis, la adecuada preparación del historiador y el valor intrínseco de todos los materiales. Estos principios están implícitos en el conjunto de su obra y en algunos momentos aparecen rotundamente expresados:</p>
<blockquote><p>«…tuve ocasión de notar la falta extraordinaria de recuerdo de mis paisanos en materias públicas, como también el escandaloso descuido con que se custodiaban los papeles del archivo municipal, siendo motivo para dificultar y confundir cualesquiera investigaciones que a veces era preciso hacer […]. Para evitar esto en lo posible resolví arreglar el archivo; y prevalido de mi autoridad, hice reponer en él algunos documentos del mismo que supe andaban diseminados en varias manos; y al paso que iba coordinando y repasando folio por folio los libros y cuadernos, fui formando una curiosa apuntación de cuanto me pareció más notable, principalmente en materias gubernativas.”</p>
<p>«La primera obligación del que historia ha de ser decir la verdad sin pasión y sin lisonja aunque por ello tal vez se disgusten algunas personas…»</p>
<p>«Infinitas faltas tendrá esta obrita; mas considerada su cla­se de materiales históricos, posee el mérito mayor, cual es ser verdaderos todos los hechos que refiere. “</p></blockquote>
<p>[/vc_column_text][vc_empty_space][vc_media_grid grid_id=»vc_gid:1578907760342-cb8de073-d49f-4&#8243; include=»369,334&#8243;][/vc_column][vc_column width=»1/6&#8243;][/vc_column][/vc_row]</p>

<p>[vc_row full_width=»stretch_row_content»][vc_column width=»1/6&#8243;][/vc_column][vc_column width=»2/3&#8243;][vc_column_text] Idea de progreso y conocimiento [/vc_column_text][vc_column_text]La transmisión del conocimiento, la conservación de las fuentes públicas y privadas, y la perdurabilidad de la obra son una preocupación constante en la vida y los trabajos de Álvarez Rixo. Esta razón le decide a organizar el archivo municipal al ser nombrado alcalde real del&#8230;</p>
