{"id":557,"date":"2020-01-13T10:38:40","date_gmt":"2020-01-13T09:38:40","guid":{"rendered":"http:\/\/www.ull.es\/eventos\/alvarez-rixo\/?page_id=557"},"modified":"2021-05-11T11:00:53","modified_gmt":"2021-05-11T09:00:53","slug":"la-isla-las-islas-su-gran-preocupacion","status":"publish","type":"page","link":"https:\/\/www.ull.es\/eventos\/alvarez-rixo\/la-isla-las-islas-su-gran-preocupacion\/","title":{"rendered":"La isla, las islas: su gran preocupaci\u00f3n"},"content":{"rendered":"<p>[vc_row full_width=\u00bbstretch_row_content\u00bb][vc_column width=\u00bb1\/6&#8243;][\/vc_column][vc_column width=\u00bb2\/3&#8243;][vc_column_text]<\/p>\n<h2>La isla, las islas: su gran preocupaci\u00f3n<\/h2>\n<p>[\/vc_column_text][vc_media_grid element_width=\u00bb3&#8243; grid_id=\u00bbvc_gid:1620723595338-8d92a01b-11f0-0&#8243; include=\u00bb558,559,560,561&#8243;][vc_empty_space][vc_column_text]\u00c1lvarez Rixo manifiesta una preocupaci\u00f3n constante y sincera hacia su tierra. Sus escritos y sus actos reflejan este hecho y constatan su concepci\u00f3n de Canarias como una entidad unitaria, no solamente a niveles geogr\u00e1ficos, sino tambi\u00e9n administrativa y culturalmente. A trav\u00e9s de su obra se muestra como un perfecto conocedor de las virtudes y de las debilidades de los isle\u00f1os; y en numerosas ocasiones no deja de recordar los males que la ignorancia, la falta de previsi\u00f3n y el desinter\u00e9s, entre otras actitudes negativas, producen en el desarrollo general del Archipi\u00e9lago y en el progreso particular de sus pueblos y habitantes. Sus comentarios en este sentido son frecuentes:<\/p>\n<blockquote><p>\u00abEn tonter\u00edas de lujo, son diligentes nuestros paisanos; mas en imitar las conveniencias civiles de otros paisajes, nada.\u00bb<\/p><\/blockquote>\n<blockquote><p>\u00abEs prurito peculiar de los isle\u00f1os, que relatan cuantas menudencias ata\u00f1en a sus convecinos, no obstante que las dem\u00e1s cosas del pa\u00eds son bien pocos los que las cuentan con mediana inteligencia.\u00bb<\/p><\/blockquote>\n<blockquote><p>\u00abRegularmente en las Canarias todo lo p\u00fablico empieza de modo halag\u00fce\u00f1o que recrea y da esperanzas de la continuaci\u00f3n de lo bueno; pero al mejor del tiempo entra la pereza, o sobreviene la discordia, y quedan las cosas a medias.\u00bb<\/p><\/blockquote>\n<p>Tambi\u00e9n se manifiesta contra los gobernantes y autoridades por su responsabilidad en el estado de las cosas, como cuando comenta las ventajas del comercio con la cercana costa africana y de la pesca en este caladero, oportunamente advertidas por los consejeros comerciales del rey de Francia, pero:<\/p>\n<blockquote><p>\u00abLos magnates y mezquinos gobernantes de las islas, creyendo esto inferior a su esfera, han mostrado su necedad e ineptitud para fomentar al pa\u00eds que los sostiene\u2026 quiz\u00e1 venga un d\u00eda que todo se cumple y entonces los extranjeros que todo lo perfeccionan tambi\u00e9n nos proveer\u00e1n del pescado, as\u00ed como nos proveen hasta de las camisas que vestimos.\u00bb<\/p><\/blockquote>\n<p>De la misma forma, en relaci\u00f3n con el comercio de la barrilla y sus desaprovechadas posibilidades, \u00c1lvarez Rixo se\u00f1ala:<\/p>\n<blockquote><p>\u00abSe puede venir en conocimiento de la ninguna protecci\u00f3n con que el Gobierno espa\u00f1ol mira este pa\u00eds, y de la ignorancia en que est\u00e1 de las f\u00e1ciles ventajas que de \u00e9l se podr\u00edan sacar en manos de un pueblo inteligente e industrioso.\u00bb<\/p><\/blockquote>\n<p>Pero \u00c1lvarez Rixo nunca lleva su cr\u00edtica hasta l\u00edmites \u00e1cidos, la emplea para se\u00f1alar los errores y aporta soluciones y alternativas racionales. Ello se advierte claramente en los t\u00edtulos de algunas de sus contribuciones: <em>C\u00f3mo podr\u00eda hermosearse la campi\u00f1a de Santa Cruz; Caminos vecinales. En qu\u00e9 ha consistido y todav\u00eda consiste la indolencia y abandono en que generalmente se encuentran. Observaci\u00f3n que puede contribuir para su remedio<\/em>, etc.<\/p>\n<blockquote><p>\u00c1lvarez Rixo se indigna ante el desconocimiento de la historia de las islas, el desinter\u00e9s por conocerla, la falta de datos para construirla y el que no se tomasen las medidas precisas para evitar la p\u00e9rdida, la fragmentaci\u00f3n y la dispersi\u00f3n de la escasa documentaci\u00f3n existente.<\/p><\/blockquote>\n<p>Nada de la realidad canaria escapa a la atenci\u00f3n de \u00c1lvarez Rixo: las controversias pol\u00edticas, la cada d\u00eda m\u00e1s enconada cuesti\u00f3n del pleito insular, las costumbres isle\u00f1as, las culturas abor\u00edgenes, las caracter\u00edsticas de las hablas del Archipi\u00e9lago, los cultivos y el comercio, la cultura y la educaci\u00f3n, las v\u00edas y caminos. Como vemos, \u00e9l constituye la memoria de su tiempo. Y tambi\u00e9n su conciencia.[\/vc_column_text][\/vc_column][vc_column width=\u00bb1\/6&#8243;][\/vc_column][\/vc_row]<\/p>\n","protected":false},"excerpt":{"rendered":"<p>[vc_row full_width=\u00bbstretch_row_content\u00bb][vc_column width=\u00bb1\/6&#8243;][\/vc_column][vc_column width=\u00bb2\/3&#8243;][vc_column_text] La isla, las islas: su gran preocupaci\u00f3n [\/vc_column_text][vc_media_grid element_width=\u00bb3&#8243; grid_id=\u00bbvc_gid:1620723595338-8d92a01b-11f0-0&#8243; include=\u00bb558,559,560,561&#8243;][vc_empty_space][vc_column_text]\u00c1lvarez Rixo manifiesta una preocupaci\u00f3n constante y sincera hacia su tierra. Sus escritos y sus actos reflejan este hecho y constatan su concepci\u00f3n de Canarias como una entidad unitaria, no solamente a niveles geogr\u00e1ficos, sino tambi\u00e9n administrativa y culturalmente. A trav\u00e9s&#8230;<\/p>\n","protected":false},"author":14,"featured_media":0,"parent":0,"menu_order":0,"comment_status":"closed","ping_status":"closed","template":"","meta":{"footnotes":""},"class_list":["post-557","page","type-page","status-publish","hentry"],"_links":{"self":[{"href":"https:\/\/www.ull.es\/eventos\/alvarez-rixo\/wp-json\/wp\/v2\/pages\/557"}],"collection":[{"href":"https:\/\/www.ull.es\/eventos\/alvarez-rixo\/wp-json\/wp\/v2\/pages"}],"about":[{"href":"https:\/\/www.ull.es\/eventos\/alvarez-rixo\/wp-json\/wp\/v2\/types\/page"}],"author":[{"embeddable":true,"href":"https:\/\/www.ull.es\/eventos\/alvarez-rixo\/wp-json\/wp\/v2\/users\/14"}],"replies":[{"embeddable":true,"href":"https:\/\/www.ull.es\/eventos\/alvarez-rixo\/wp-json\/wp\/v2\/comments?post=557"}],"version-history":[{"count":3,"href":"https:\/\/www.ull.es\/eventos\/alvarez-rixo\/wp-json\/wp\/v2\/pages\/557\/revisions"}],"predecessor-version":[{"id":597,"href":"https:\/\/www.ull.es\/eventos\/alvarez-rixo\/wp-json\/wp\/v2\/pages\/557\/revisions\/597"}],"wp:attachment":[{"href":"https:\/\/www.ull.es\/eventos\/alvarez-rixo\/wp-json\/wp\/v2\/media?parent=557"}],"curies":[{"name":"wp","href":"https:\/\/api.w.org\/{rel}","templated":true}]}}

La isla, las islas: su gran preocupación

<p>[vc_row full_width=»stretch_row_content»][vc_column width=»1/6&#8243;][/vc_column][vc_column width=»2/3&#8243;][vc_column_text]</p>
<h2>La isla, las islas: su gran preocupación</h2>
<p>[/vc_column_text][vc_media_grid element_width=»3&#8243; grid_id=»vc_gid:1620723595338-8d92a01b-11f0-0&#8243; include=»558,559,560,561&#8243;][vc_empty_space][vc_column_text]Álvarez Rixo manifiesta una preocupación constante y sincera hacia su tierra. Sus escritos y sus actos reflejan este hecho y constatan su concepción de Canarias como una entidad unitaria, no solamente a niveles geográficos, sino también administrativa y culturalmente. A través de su obra se muestra como un perfecto conocedor de las virtudes y de las debilidades de los isleños; y en numerosas ocasiones no deja de recordar los males que la ignorancia, la falta de previsión y el desinterés, entre otras actitudes negativas, producen en el desarrollo general del Archipiélago y en el progreso particular de sus pueblos y habitantes. Sus comentarios en este sentido son frecuentes:</p>
<blockquote><p>«En tonterías de lujo, son diligentes nuestros paisanos; mas en imitar las conveniencias civiles de otros paisajes, nada.»</p></blockquote>
<blockquote><p>«Es prurito peculiar de los isleños, que relatan cuantas menudencias atañen a sus convecinos, no obstante que las demás cosas del país son bien pocos los que las cuentan con mediana inteligencia.»</p></blockquote>
<blockquote><p>«Regularmente en las Canarias todo lo público empieza de modo halagüeño que recrea y da esperanzas de la continuación de lo bueno; pero al mejor del tiempo entra la pereza, o sobreviene la discordia, y quedan las cosas a medias.»</p></blockquote>
<p>También se manifiesta contra los gobernantes y autoridades por su responsabilidad en el estado de las cosas, como cuando comenta las ventajas del comercio con la cercana costa africana y de la pesca en este caladero, oportunamente advertidas por los consejeros comerciales del rey de Francia, pero:</p>
<blockquote><p>«Los magnates y mezquinos gobernantes de las islas, creyendo esto inferior a su esfera, han mostrado su necedad e ineptitud para fomentar al país que los sostiene… quizá venga un día que todo se cumple y entonces los extranjeros que todo lo perfeccionan también nos proveerán del pescado, así como nos proveen hasta de las camisas que vestimos.»</p></blockquote>
<p>De la misma forma, en relación con el comercio de la barrilla y sus desaprovechadas posibilidades, Álvarez Rixo señala:</p>
<blockquote><p>«Se puede venir en conocimiento de la ninguna protección con que el Gobierno español mira este país, y de la ignorancia en que está de las fáciles ventajas que de él se podrían sacar en manos de un pueblo inteligente e industrioso.»</p></blockquote>
<p>Pero Álvarez Rixo nunca lleva su crítica hasta límites ácidos, la emplea para señalar los errores y aporta soluciones y alternativas racionales. Ello se advierte claramente en los títulos de algunas de sus contribuciones: <em>Cómo podría hermosearse la campiña de Santa Cruz; Caminos vecinales. En qué ha consistido y todavía consiste la indolencia y abandono en que generalmente se encuentran. Observación que puede contribuir para su remedio</em>, etc.</p>
<blockquote><p>Álvarez Rixo se indigna ante el desconocimiento de la historia de las islas, el desinterés por conocerla, la falta de datos para construirla y el que no se tomasen las medidas precisas para evitar la pérdida, la fragmentación y la dispersión de la escasa documentación existente.</p></blockquote>
<p>Nada de la realidad canaria escapa a la atención de Álvarez Rixo: las controversias políticas, la cada día más enconada cuestión del pleito insular, las costumbres isleñas, las culturas aborígenes, las características de las hablas del Archipiélago, los cultivos y el comercio, la cultura y la educación, las vías y caminos. Como vemos, él constituye la memoria de su tiempo. Y también su conciencia.[/vc_column_text][/vc_column][vc_column width=»1/6&#8243;][/vc_column][/vc_row]</p>

<p>[vc_row full_width=»stretch_row_content»][vc_column width=»1/6&#8243;][/vc_column][vc_column width=»2/3&#8243;][vc_column_text] La isla, las islas: su gran preocupación [/vc_column_text][vc_media_grid element_width=»3&#8243; grid_id=»vc_gid:1620723595338-8d92a01b-11f0-0&#8243; include=»558,559,560,561&#8243;][vc_empty_space][vc_column_text]Álvarez Rixo manifiesta una preocupación constante y sincera hacia su tierra. Sus escritos y sus actos reflejan este hecho y constatan su concepción de Canarias como una entidad unitaria, no solamente a niveles geográficos, sino también administrativa y culturalmente. A través&#8230;</p>
