{"id":91,"date":"2016-04-15T13:14:28","date_gmt":"2016-04-15T13:14:28","guid":{"rendered":"http:\/\/bbtk.exposicion.ull.es\/alvarezrixo\/?page_id=91"},"modified":"2020-01-13T14:26:02","modified_gmt":"2020-01-13T13:26:02","slug":"exposicion","status":"publish","type":"page","link":"https:\/\/www.ull.es\/eventos\/alvarez-rixo\/exposicion\/","title":{"rendered":"Exposici\u00f3n"},"content":{"rendered":"<p>[vc_row full_width=\u00bbstretch_row_content\u00bb][vc_column width=\u00bb1\/6&#8243;][\/vc_column][vc_column width=\u00bb2\/3&#8243;][vc_column_text]<\/p>\n<h2><em>\u00c1lvarez Rixo: Escribir para no olvidar<\/em><\/h2>\n<p>[\/vc_column_text][vc_column_text]<em>\u00c1lvarez Rixo: Escribir para no olvidar<\/em> es el t\u00edtulo de la exposici\u00f3n bibliogr\u00e1fica y documental conmemorativa del D\u00eda del Libro 2016 que se muestra en la Biblioteca General y de Humanidades de la Universidad de La Laguna.<\/p>\n<p>En el a\u00f1o 2014, los herederos de Jos\u00e9 Agust\u00edn \u00c1lvarez Rixo (Puerto de la Cruz, 1796-1883) donaron a la Biblioteca de la Universidad de La Laguna el archivo y la biblioteca de su antepasado. Este legado ha supuesto, sin duda, un enriquecimiento incalculable de su patrimonio documental y abre nuevas v\u00edas a la investigaci\u00f3n.<\/p>\n<p>Con esta muestra se quiere dar a conocer la gran labor que realiz\u00f3 \u00c1lvarez Rixo como historiador, cronista, dibujante, fil\u00f3logo, dramaturgo, novelista y pol\u00edtico comprometido. Como se ha dicho en alguna ocasi\u00f3n, gracias a \u00e9l se conocen mejor la sociedad, las costumbres, la lengua y la historia del siglo XIX en Canarias.<\/p>\n<p>La exposici\u00f3n se ha estructurado en ocho apartados que recorren todas las actividades y trabajos de nuestro homenajeado: Claves biogr\u00e1ficas; Estudios hist\u00f3ricos y arqueol\u00f3gicos; Idea de progreso y conocimiento; Aportaciones ling\u00fc\u00edsticas; Literatura, teatro y tradiciones; Su faceta art\u00edstica; Curiosidades y Su librer\u00eda.[\/vc_column_text][\/vc_column][vc_column width=\u00bb1\/6&#8243;][\/vc_column][\/vc_row]<\/p>\n","protected":false},"excerpt":{"rendered":"<p>[vc_row full_width=\u00bbstretch_row_content\u00bb][vc_column width=\u00bb1\/6&#8243;][\/vc_column][vc_column width=\u00bb2\/3&#8243;][vc_column_text] \u00c1lvarez Rixo: Escribir para no olvidar [\/vc_column_text][vc_column_text]\u00c1lvarez Rixo: Escribir para no olvidar es el t\u00edtulo de la exposici\u00f3n bibliogr\u00e1fica y documental conmemorativa del D\u00eda del Libro 2016 que se muestra en la Biblioteca General y de Humanidades de la Universidad de La Laguna. En el a\u00f1o 2014, los herederos de Jos\u00e9&#8230;<\/p>\n","protected":false},"author":14,"featured_media":0,"parent":0,"menu_order":0,"comment_status":"closed","ping_status":"closed","template":"","meta":{"footnotes":""},"class_list":["post-91","page","type-page","status-publish","hentry"],"_links":{"self":[{"href":"https:\/\/www.ull.es\/eventos\/alvarez-rixo\/wp-json\/wp\/v2\/pages\/91"}],"collection":[{"href":"https:\/\/www.ull.es\/eventos\/alvarez-rixo\/wp-json\/wp\/v2\/pages"}],"about":[{"href":"https:\/\/www.ull.es\/eventos\/alvarez-rixo\/wp-json\/wp\/v2\/types\/page"}],"author":[{"embeddable":true,"href":"https:\/\/www.ull.es\/eventos\/alvarez-rixo\/wp-json\/wp\/v2\/users\/14"}],"replies":[{"embeddable":true,"href":"https:\/\/www.ull.es\/eventos\/alvarez-rixo\/wp-json\/wp\/v2\/comments?post=91"}],"version-history":[{"count":5,"href":"https:\/\/www.ull.es\/eventos\/alvarez-rixo\/wp-json\/wp\/v2\/pages\/91\/revisions"}],"predecessor-version":[{"id":575,"href":"https:\/\/www.ull.es\/eventos\/alvarez-rixo\/wp-json\/wp\/v2\/pages\/91\/revisions\/575"}],"wp:attachment":[{"href":"https:\/\/www.ull.es\/eventos\/alvarez-rixo\/wp-json\/wp\/v2\/media?parent=91"}],"curies":[{"name":"wp","href":"https:\/\/api.w.org\/{rel}","templated":true}]}}

Exposición

<p>[vc_row full_width=»stretch_row_content»][vc_column width=»1/6&#8243;][/vc_column][vc_column width=»2/3&#8243;][vc_column_text]</p>
<h2><em>Álvarez Rixo: Escribir para no olvidar</em></h2>
<p>[/vc_column_text][vc_column_text]<em>Álvarez Rixo: Escribir para no olvidar</em> es el título de la exposición bibliográfica y documental conmemorativa del Día del Libro 2016 que se muestra en la Biblioteca General y de Humanidades de la Universidad de La Laguna.</p>
<p>En el año 2014, los herederos de José Agustín Álvarez Rixo (Puerto de la Cruz, 1796-1883) donaron a la Biblioteca de la Universidad de La Laguna el archivo y la biblioteca de su antepasado. Este legado ha supuesto, sin duda, un enriquecimiento incalculable de su patrimonio documental y abre nuevas vías a la investigación.</p>
<p>Con esta muestra se quiere dar a conocer la gran labor que realizó Álvarez Rixo como historiador, cronista, dibujante, filólogo, dramaturgo, novelista y político comprometido. Como se ha dicho en alguna ocasión, gracias a él se conocen mejor la sociedad, las costumbres, la lengua y la historia del siglo XIX en Canarias.</p>
<p>La exposición se ha estructurado en ocho apartados que recorren todas las actividades y trabajos de nuestro homenajeado: Claves biográficas; Estudios históricos y arqueológicos; Idea de progreso y conocimiento; Aportaciones lingüísticas; Literatura, teatro y tradiciones; Su faceta artística; Curiosidades y Su librería.[/vc_column_text][/vc_column][vc_column width=»1/6&#8243;][/vc_column][/vc_row]</p>

<p>[vc_row full_width=»stretch_row_content»][vc_column width=»1/6&#8243;][/vc_column][vc_column width=»2/3&#8243;][vc_column_text] Álvarez Rixo: Escribir para no olvidar [/vc_column_text][vc_column_text]Álvarez Rixo: Escribir para no olvidar es el título de la exposición bibliográfica y documental conmemorativa del Día del Libro 2016 que se muestra en la Biblioteca General y de Humanidades de la Universidad de La Laguna. En el año 2014, los herederos de José&#8230;</p>
