{"id":96,"date":"2016-04-20T05:24:41","date_gmt":"2016-04-20T05:24:41","guid":{"rendered":"http:\/\/bbtk.exposicion.ull.es\/alvarezrixo\/?page_id=96"},"modified":"2021-05-11T14:14:59","modified_gmt":"2021-05-11T12:14:59","slug":"enlaces-de-interes","status":"publish","type":"page","link":"https:\/\/www.ull.es\/eventos\/alvarez-rixo\/enlaces-de-interes\/","title":{"rendered":"Enlaces de inter\u00e9s"},"content":{"rendered":"<p>[vc_row][vc_column width=\u00bb1\/6&#8243;][\/vc_column][vc_column width=\u00bb2\/3&#8243;][vc_column_text]<\/p>\n<h1>Enlaces de inter\u00e9s<\/h1>\n<p>[\/vc_column_text][vc_column_text]<a href=\"http:\/\/www.puertodelacruz.es\/historia\/personalidades-ilustres\/\" target=\"_blank\" rel=\"noopener\" target=\"_blank\" rel=\"noopener\">Ayuntamiento del Puerto de la Cruz. Personalidades ilustres<\/a><\/p>\n<p><a href=\"http:\/\/www.bienmesabe.org\/noticia\/2012\/Mayo\/alvarez-rixo-jose-agustin-1796-1883\" target=\"_blank\" rel=\"noopener\" target=\"_blank\" rel=\"noopener\">Bienmesabe: Revista Digital<\/a><\/p>\n<p><a href=\"https:\/\/racba.es\/museo-historico-virtual\/jose-agustin-alvarez-rixo\/\" target=\"_blank\" rel=\"noopener\" target=\"_blank\" rel=\"noopener\">Real Academia Canaria de Bellas Artes de San Miguel Arc\u00e1ngel (Santa Cruz de Tenerife)<\/a><\/p>\n<p><a href=\"https:\/\/es.wikipedia.org\/wiki\/Jos%C3%A9_Agust%C3%ADn_%C3%81lvarez_Rixo\" target=\"_blank\" rel=\"noopener\" target=\"_blank\" rel=\"noopener\">Wikipedia. Jos\u00e9 Agust\u00edn \u00c1lvarez Rixo<\/a><\/p>\n<hr \/>\n<h2>Instituciones en Canarias donde se pueden encontrar documentos o referencias sobre Jos\u00e9 Agust\u00edn \u00c1lvarez Rixo<\/h2>\n<p><a href=\"http:\/\/www.academiacanarialengua.org\/\" target=\"_blank\" rel=\"noopener\" target=\"_blank\" rel=\"noopener\">Academia Canaria de La Lengua<\/a><\/p>\n<p><a href=\"http:\/\/www.gobiernodecanarias.org\/cultura\/archivosantacruzdetenerife\/\" target=\"_blank\" rel=\"noopener\" target=\"_blank\" rel=\"noopener\">Archivo Hist\u00f3rico Provincial de Santa Cruz de Tenerife<\/a><\/p>\n<p><a href=\"http:\/\/www.laorotava.es\/\" target=\"_blank\" rel=\"noopener\" target=\"_blank\" rel=\"noopener\">Ayuntamiento de La Orotava. Archivo Municipal<\/a><\/p>\n<p><a href=\"https:\/\/www.bibliotecaspublicas.es\/santacruztenerife\/\" target=\"_blank\" rel=\"noopener\" target=\"_blank\" rel=\"noopener\">Biblioteca P\u00fablica Municipal de Santa Cruz de Tenerife<\/a><\/p>\n<p><a href=\"http:\/\/www.elmuseocanario.com\/\" target=\"_blank\" rel=\"noopener\" target=\"_blank\" rel=\"noopener\">El Museo Canario (Las Palmas de Gran Canaria)<\/a><\/p>\n<p><a href=\"http:\/\/www.iecan.org\/\" target=\"_blank\" rel=\"noopener\" target=\"_blank\" rel=\"noopener\">Instituto de Estudios Canarios (La Laguna)<\/a><\/p>\n<p><a href=\"http:\/\/www.rseapt.com\/es\/archivo\/fondo-documental\" target=\"_blank\" rel=\"noopener\" target=\"_blank\" rel=\"noopener\">Real Sociedad Econ\u00f3mica de Amigos del Pa\u00eds de Tenerife (La Laguna)<\/a>[\/vc_column_text][\/vc_column][vc_column width=\u00bb1\/6&#8243;][\/vc_column][\/vc_row]<\/p>\n","protected":false},"excerpt":{"rendered":"<p>[vc_row][vc_column width=\u00bb1\/6&#8243;][\/vc_column][vc_column width=\u00bb2\/3&#8243;][vc_column_text] Enlaces de inter\u00e9s [\/vc_column_text][vc_column_text]Ayuntamiento del Puerto de la Cruz. Personalidades ilustres Bienmesabe: Revista Digital Real Academia Canaria de Bellas Artes de San Miguel Arc\u00e1ngel (Santa Cruz de Tenerife) Wikipedia. Jos\u00e9 Agust\u00edn \u00c1lvarez Rixo Instituciones en Canarias donde se pueden encontrar documentos o referencias sobre Jos\u00e9 Agust\u00edn \u00c1lvarez Rixo Academia Canaria de La&#8230;<\/p>\n","protected":false},"author":14,"featured_media":0,"parent":0,"menu_order":0,"comment_status":"closed","ping_status":"closed","template":"","meta":{"footnotes":""},"class_list":["post-96","page","type-page","status-publish","hentry"],"_links":{"self":[{"href":"https:\/\/www.ull.es\/eventos\/alvarez-rixo\/wp-json\/wp\/v2\/pages\/96"}],"collection":[{"href":"https:\/\/www.ull.es\/eventos\/alvarez-rixo\/wp-json\/wp\/v2\/pages"}],"about":[{"href":"https:\/\/www.ull.es\/eventos\/alvarez-rixo\/wp-json\/wp\/v2\/types\/page"}],"author":[{"embeddable":true,"href":"https:\/\/www.ull.es\/eventos\/alvarez-rixo\/wp-json\/wp\/v2\/users\/14"}],"replies":[{"embeddable":true,"href":"https:\/\/www.ull.es\/eventos\/alvarez-rixo\/wp-json\/wp\/v2\/comments?post=96"}],"version-history":[{"count":7,"href":"https:\/\/www.ull.es\/eventos\/alvarez-rixo\/wp-json\/wp\/v2\/pages\/96\/revisions"}],"predecessor-version":[{"id":621,"href":"https:\/\/www.ull.es\/eventos\/alvarez-rixo\/wp-json\/wp\/v2\/pages\/96\/revisions\/621"}],"wp:attachment":[{"href":"https:\/\/www.ull.es\/eventos\/alvarez-rixo\/wp-json\/wp\/v2\/media?parent=96"}],"curies":[{"name":"wp","href":"https:\/\/api.w.org\/{rel}","templated":true}]}}

Enlaces de interés

<p>[vc_row][vc_column width=»1/6&#8243;][/vc_column][vc_column width=»2/3&#8243;][vc_column_text]</p>
<h1>Enlaces de interés</h1>
<p>[/vc_column_text][vc_column_text]<a href="http://www.puertodelacruz.es/historia/personalidades-ilustres/" target="_blank" rel="noopener" target="_blank" rel="noopener">Ayuntamiento del Puerto de la Cruz. Personalidades ilustres</a></p>
<p><a href="http://www.bienmesabe.org/noticia/2012/Mayo/alvarez-rixo-jose-agustin-1796-1883" target="_blank" rel="noopener" target="_blank" rel="noopener">Bienmesabe: Revista Digital</a></p>
<p><a href="https://racba.es/museo-historico-virtual/jose-agustin-alvarez-rixo/" target="_blank" rel="noopener" target="_blank" rel="noopener">Real Academia Canaria de Bellas Artes de San Miguel Arcángel (Santa Cruz de Tenerife)</a></p>
<p><a href="https://es.wikipedia.org/wiki/Jos%C3%A9_Agust%C3%ADn_%C3%81lvarez_Rixo" target="_blank" rel="noopener" target="_blank" rel="noopener">Wikipedia. José Agustín Álvarez Rixo</a></p>
<hr />
<h2>Instituciones en Canarias donde se pueden encontrar documentos o referencias sobre José Agustín Álvarez Rixo</h2>
<p><a href="http://www.academiacanarialengua.org/" target="_blank" rel="noopener" target="_blank" rel="noopener">Academia Canaria de La Lengua</a></p>
<p><a href="http://www.gobiernodecanarias.org/cultura/archivosantacruzdetenerife/" target="_blank" rel="noopener" target="_blank" rel="noopener">Archivo Histórico Provincial de Santa Cruz de Tenerife</a></p>
<p><a href="http://www.laorotava.es/" target="_blank" rel="noopener" target="_blank" rel="noopener">Ayuntamiento de La Orotava. Archivo Municipal</a></p>
<p><a href="https://www.bibliotecaspublicas.es/santacruztenerife/" target="_blank" rel="noopener" target="_blank" rel="noopener">Biblioteca Pública Municipal de Santa Cruz de Tenerife</a></p>
<p><a href="http://www.elmuseocanario.com/" target="_blank" rel="noopener" target="_blank" rel="noopener">El Museo Canario (Las Palmas de Gran Canaria)</a></p>
<p><a href="http://www.iecan.org/" target="_blank" rel="noopener" target="_blank" rel="noopener">Instituto de Estudios Canarios (La Laguna)</a></p>
<p><a href="http://www.rseapt.com/es/archivo/fondo-documental" target="_blank" rel="noopener" target="_blank" rel="noopener">Real Sociedad Económica de Amigos del País de Tenerife (La Laguna)</a>[/vc_column_text][/vc_column][vc_column width=»1/6&#8243;][/vc_column][/vc_row]</p>

<p>[vc_row][vc_column width=»1/6&#8243;][/vc_column][vc_column width=»2/3&#8243;][vc_column_text] Enlaces de interés [/vc_column_text][vc_column_text]Ayuntamiento del Puerto de la Cruz. Personalidades ilustres Bienmesabe: Revista Digital Real Academia Canaria de Bellas Artes de San Miguel Arcángel (Santa Cruz de Tenerife) Wikipedia. José Agustín Álvarez Rixo Instituciones en Canarias donde se pueden encontrar documentos o referencias sobre José Agustín Álvarez Rixo Academia Canaria de La&#8230;</p>
