{"id":1907,"date":"2025-09-22T09:36:40","date_gmt":"2025-09-22T09:36:40","guid":{"rendered":"https:\/\/www.ull.es\/eventos\/andres-sanchez-robayna\/?page_id=1907"},"modified":"2025-09-24T09:14:25","modified_gmt":"2025-09-24T09:14:25","slug":"critica-y-ensayo-el-ministerio-de-la-palabra","status":"publish","type":"page","link":"https:\/\/www.ull.es\/eventos\/andres-sanchez-robayna\/critica-y-ensayo-el-ministerio-de-la-palabra\/","title":{"rendered":"Cr\u00edtica y ensayo: el ministerio de la palabra"},"content":{"rendered":"<p>[vc_row css=\u00bb.vc_custom_1758526499690{margin-left: 0px !important;background-position: center !important;background-repeat: no-repeat !important;background-size: contain !important;}\u00bb el_class=\u00bbcontenido\u00bb][vc_column width=\u00bb1\/2&#8243;][vc_row_inner content_placement=\u00bbmiddle\u00bb][vc_column_inner width=\u00bb1\/6&#8243;][vc_single_image image=\u00bb1854&#8243; img_size=\u00bbfull\u00bb style=\u00bbvc_box_rounded\u00bb onclick=\u00bbcustom_link\u00bb link=\u00bbhttps:\/\/www.ull.es\/eventos\/andres-sanchez-robayna\u00bb][\/vc_column_inner][vc_column_inner width=\u00bb5\/6&#8243;][vc_custom_heading text=\u00bbAndr\u00e9s S\u00e1nchez Robayna\u00bb font_container=\u00bbtag:div|text_align:left|color:%23424242&#8243; google_fonts=\u00bbfont_family:Cardo%3Aregular%2Citalic%2C700|font_style:700%20bold%20regular%3A700%3Anormal\u00bb link=\u00bburl:https%3A%2F%2Fwww.ull.es%2Feventos%2Fandres-sanchez-robayna\u00bb][vc_custom_heading text=\u00bbo el libro del mundo\u00bb font_container=\u00bbtag:div|text_align:left|color:%23424242|line_height:.5em\u00bb google_fonts=\u00bbfont_family:Cardo%3Aregular%2Citalic%2C700|font_style:400%20italic%3A400%3Aitalic\u00bb link=\u00bburl:https%3A%2F%2Fwww.ull.es%2Feventos%2Fandres-sanchez-robayna\u00bb][\/vc_column_inner][\/vc_row_inner][vc_separator][vc_empty_space][\/vc_column][vc_column width=\u00bb1\/2&#8243;][\/vc_column][\/vc_row][vc_row css=\u00bb.vc_custom_1758525327658{margin-left: 0px !important;background-position: center !important;background-repeat: no-repeat !important;background-size: contain !important;}\u00bb][vc_column width=\u00bb1\/2&#8243;][vc_empty_space height=\u00bb16px\u00bb][vc_custom_heading source=\u00bbpost_title\u00bb font_container=\u00bbtag:h1|font_size:5em|text_align:left|color:%23424242|line_height:1.2em\u00bb google_fonts=\u00bbfont_family:Cardo%3Aregular%2Citalic%2C700|font_style:400%20italic%3A400%3Aitalic\u00bb][\/vc_column][vc_column width=\u00bb1\/2&#8243;][\/vc_column][\/vc_row][vc_row gap=\u00bb35&#8243; css=\u00bb.vc_custom_1758705232347{margin-left: 0px !important;background-image: url(http:\/\/www.ull.es\/eventos\/andres-sanchez-robayna\/wp-content\/uploads\/sites\/67\/2025\/09\/poema2.png?id=1864) !important;background-position: center !important;background-repeat: no-repeat !important;background-size: contain !important;}\u00bb][vc_column width=\u00bb1\/2&#8243;][vc_custom_heading text=\u00bbCarlos Brito D\u00edaz\u00bb font_container=\u00bbtag:h3|font_size:1em|text_align:left|color:%23424242&#8243; google_fonts=\u00bbfont_family:Cardo%3Aregular%2Citalic%2C700|font_style:700%20bold%20regular%3A700%3Anormal\u00bb][vc_separator][vc_empty_space height=\u00bb16px\u00bb][vc_column_text]En conversaci\u00f3n c\u00f3mplice con su obra po\u00e9tica y con su labor editora, Andr\u00e9s S\u00e1nchez Robayna desarroll\u00f3 una sustancial trayectoria cient\u00edfica centrada en tres ejes esenciales: los estudios canarios, los Siglos de Oro y la poes\u00eda modernista y de vanguardia, en transparente \u00f3smosis investigadora. Siguiendo la estela de Alejandro Cioranescu, revitaliz\u00f3 a autores de la tradici\u00f3n \u00e1urea insular necesitados de un an\u00e1lisis convergente con las po\u00e9ticas de su siglo y en consonancia con una interpretaci\u00f3n integradora que rehu\u00eda los localismos: sus <em>Estudios sobre Cairasco de Figueroa<\/em> (1992) despertaron la atenci\u00f3n cr\u00edtica hacia un poeta apenas le\u00eddo y comprendido y contribuyeron a definir la intersecci\u00f3n creativa entre el Renacimiento y el Barroco y el signo ret\u00f3rico de la tradici\u00f3n insular en los versos y autos teatrales del autor m\u00e1s universal del Siglo de Oro en las Islas. Este trabajo fue el preludio del ensayo <em>Pedro \u00c1lvarez de Lugo y la moral\u00edstica del Barroco<\/em> (1993), ilustrador del panorama de la prosa did\u00e1ctica de Quevedo a Polo de Medina, en cuya trayectoria se instala el poeta palmero del siglo xvii, cuyo texto in\u00e9dito <em>Apolog\u00eda so\u00f1ada<\/em> aparece como ap\u00e9ndice del ensayo cr\u00edtico que compone el cuaderno complementario de la edici\u00f3n facs\u00edmil en rescate de su tratado moral <em>Convalecencia del alma<\/em> [1689]. Dos a\u00f1os antes hab\u00eda publicado (1991) un estudio y edici\u00f3n del comentario inconcluso que \u00c1lvarez de Lugo hab\u00eda realizado del <em>Primero sue\u00f1o<\/em> de sor Juana In\u00e9s de la Cruz, donde se alumbra el palimpsesto cardinal de la investigaci\u00f3n sobre el autor al que consagr\u00f3 trabajos de referencia en la comunidad cient\u00edfica internacional: G\u00f3ngora, alfa y omega de sus indagaciones y referente est\u00e9tico al que siempre volver\u00e1.<\/p>\n<p>Sus tempranos <em>Tres estudios sobre G\u00f3ngora<\/em> (1983), ampliados en <em>Silva gongorina<\/em> (1993), desatan un fervor cr\u00edtico por el cordob\u00e9s que desembocan en sus posteriores <em>Nuevas cuestiones gongorinas (G\u00f3ngora y el gongorismo)<\/em> (2018), resultado de una lectura centrada en los textos y en la recepci\u00f3n e influencia posterior del poeta hacia Europa y Am\u00e9rica, coordenadas ya tratadas previamente en vol\u00famenes colectivos (<em>Literatura y territorio<\/em> [2010] y <em>G\u00f3ngora. La estrella inextinguible<\/em> [2012]).<\/p>\n<p>Su otro eje de rotaci\u00f3n cr\u00edtica fue la poes\u00eda modernista y de vanguardia: alfa y omega de su trayectoria fue el autor objeto de su tesis doctoral, Alonso Quesada, al que regres\u00f3 editando su <em>Obra po\u00e9tica<\/em> (2025), su \u00faltima contribuci\u00f3n cient\u00edfica. Coordin\u00f3 el volumen de ensayos <em>Canarias. Las vanguardias hist\u00f3ricas<\/em> (1992), crisol de un sagaz conjunto de investigadores y puesta al d\u00eda de la hora insular en relaci\u00f3n con el panorama internacional de los ismos.<\/p>\n<p>Junto a las investigaciones de naturaleza acad\u00e9mica, Andr\u00e9s S\u00e1nchez Robayna aport\u00f3 un considerable conjunto de ensayos, g\u00e9nero al que dot\u00f3 de profundidad reflexiva y rica intertextualidad, a los que denomin\u00f3 \u00abtentativas cr\u00edticas\u00bb, y que se perfilan como cuadernos de bit\u00e1cora intelectual o <em>diarios<\/em> donde se puede rastrear el cronograma de sus m\u00faltiples lecturas e intereses filos\u00f3ficos, art\u00edsticos, literarios o musicales, en un di\u00e1logo incesante y convergente aliado del pensamiento plural e integrador. <em>La luz negra<\/em> (1985) recoge los diez primeros a\u00f1os de sus ensayos y notas primerizas en torno a la \u00abconstelaci\u00f3n [de] la poes\u00eda, la traducci\u00f3n [y] la pintura\u00bb, que ser\u00e1n constantes de su itinerario intelectual. A este le siguieron <em>La sombra del mundo<\/em> (1999), <em>Deseo, imagen, lugar de la palabra<\/em> (2008), que prolonga la estela de los anteriores, <em>Cuaderno de las islas<\/em> (2011) y <em>Variaciones sobre el vaso de agua<\/em> (2015), en torno a la fortuna literaria de ambos t\u00f3picos, <em>Jorge Oramas o el tiempo suspendido<\/em> (2018), exquisita meditaci\u00f3n sobre el vanguardismo indigenista del pintor grancanario, <em>Borrador de la vela y la llama<\/em> (2022), antolog\u00eda po\u00e9tica y pl\u00e1stica de la vieja vanitas, y <em>Las ruinas y la rosa<\/em> (2024), cuaderno en libertad de fantas\u00edas, caprichos, apuntes, notas eruditas, aforismos, recuerdos, homenajes, evocaciones y acotaciones.<\/p>\n<p>S\u00e1nchez Robayna compil\u00f3 apuntes de diversa naturaleza que denomin\u00f3 \u00abNotas de mesa\u00bb, exhibidas en esta exposici\u00f3n, y que dan fe de la apabullante actividad y del rigor minucioso de quien quiso anotar y reescribir el mundo como el libro infinito de Mallarm\u00e9, Val\u00e9ry o Borges.[\/vc_column_text][vc_empty_space][vc_separator][vc_empty_space height=\u00bb16px\u00bb][vc_row_inner][vc_column_inner width=\u00bb1\/2&#8243;][vc_btn title=\u00bbLa poes\u00eda y los diarios: el mar del que venimos\u00bb style=\u00bboutline-custom\u00bb outline_custom_color=\u00bb#919191&#8243; outline_custom_hover_background=\u00bbrgba(255,216,0,0.41)\u00bb outline_custom_hover_text=\u00bb#000000&#8243; size=\u00bbsm\u00bb i_icon_fontawesome=\u00bbfas fa-angle-left\u00bb add_icon=\u00bbtrue\u00bb link=\u00bburl:https%3A%2F%2Fwww.ull.es%2Feventos%2Fandres-sanchez-robayna%2Fla-poesia-y-los-diarios-el-mar-del-que-venimos%2F|title:La%20poes%C3%ADa%20y%20los%20diarios%3A%20el%20mar%20del%20que%20venimos\u00bb][\/vc_column_inner][vc_column_inner width=\u00bb1\/2&#8243;][vc_btn title=\u00bbEditar. Hacer el mundo\u00bb style=\u00bboutline-custom\u00bb outline_custom_color=\u00bb#919191&#8243; outline_custom_hover_background=\u00bbrgba(255,216,0,0.41)\u00bb outline_custom_hover_text=\u00bb#000000&#8243; size=\u00bbsm\u00bb i_align=\u00bbright\u00bb i_icon_fontawesome=\u00bbfas fa-angle-right\u00bb add_icon=\u00bbtrue\u00bb link=\u00bburl:https%3A%2F%2Fwww.ull.es%2Feventos%2Fandres-sanchez-robayna%2F1923-2%2F|title:Editar.%20Hacer%20el%20mundo\u00bb][\/vc_column_inner][\/vc_row_inner][\/vc_column][vc_column width=\u00bb1\/2&#8243; css=\u00bb.vc_custom_1758525800835{margin-left: 35px !important;}\u00bb][vc_custom_heading text=\u00bb0&#8243; font_container=\u00bbtag:h3|font_size:1em|text_align:left|color:%23ffffff\u00bb google_fonts=\u00bbfont_family:Cardo%3Aregular%2Citalic%2C700|font_style:700%20bold%20regular%3A700%3Anormal\u00bb][vc_separator][vc_custom_heading text=\u00bbEl hombre busca \u2014y se busca\u2014 en<br \/>\nla iluminaci\u00f3n de tinta, en la luz negra.\u00bb font_container=\u00bbtag:h3|font_size:1.5em|text_align:left|color:%23424242&#8243; google_fonts=\u00bbfont_family:Cardo%3Aregular%2Citalic%2C700|font_style:400%20italic%3A400%3Aitalic\u00bb][vc_column_text]<\/p>\n<p style=\"padding-left: 40px;\"><em>La luz negra<\/em> (1999)<\/p>\n<p>[\/vc_column_text][vc_empty_space height=\u00bb72px\u00bb][vc_separator][vc_single_image image=\u00bb1908&#8243; img_size=\u00bbmedium\u00bb add_caption=\u00bbyes\u00bb style=\u00bbvc_box_rounded\u00bb onclick=\u00bblink_image\u00bb el_class=\u00bbfoto-panel\u00bb][vc_empty_space][vc_separator][vc_empty_space height=\u00bb16px\u00bb][vc_btn title=\u00bbLibros en exposici\u00f3n\u00bb style=\u00bboutline-custom\u00bb outline_custom_color=\u00bb#919191&#8243; outline_custom_hover_background=\u00bbrgba(255,216,0,0.41)\u00bb outline_custom_hover_text=\u00bb#000000&#8243; size=\u00bbsm\u00bb i_align=\u00bbright\u00bb i_icon_fontawesome=\u00bbfas fa-angle-right\u00bb add_icon=\u00bbtrue\u00bb link=\u00bburl:https%3A%2F%2Fabsysnetweb.bbtk.ull.es%2Fcgi-bin%2Fabnetopac%3FACC%3DDOSEARCH%26xsqf99%3D(2025EXPIASR%2520investigador).t950.|title:Libros%20en%20exposici%C3%B3n|target:_blank\u00bb][\/vc_column][\/vc_row]<\/p>\n","protected":false},"excerpt":{"rendered":"<p>[vc_row css=\u00bb.vc_custom_1758526499690{margin-left: 0px !important;background-position: center !important;background-repeat: no-repeat !important;background-size: contain !important;}\u00bb el_class=\u00bbcontenido\u00bb][vc_column width=\u00bb1\/2&#8243;][vc_row_inner content_placement=\u00bbmiddle\u00bb][vc_column_inner width=\u00bb1\/6&#8243;][vc_single_image image=\u00bb1854&#8243; img_size=\u00bbfull\u00bb style=\u00bbvc_box_rounded\u00bb onclick=\u00bbcustom_link\u00bb link=\u00bbhttps:\/\/www.ull.es\/eventos\/andres-sanchez-robayna\u00bb][\/vc_column_inner][vc_column_inner width=\u00bb5\/6&#8243;][vc_custom_heading text=\u00bbAndr\u00e9s S\u00e1nchez Robayna\u00bb font_container=\u00bbtag:div|text_align:left|color:%23424242&#8243; google_fonts=\u00bbfont_family:Cardo%3Aregular%2Citalic%2C700|font_style:700%20bold%20regular%3A700%3Anormal\u00bb link=\u00bburl:https%3A%2F%2Fwww.ull.es%2Feventos%2Fandres-sanchez-robayna\u00bb][vc_custom_heading text=\u00bbo el libro del mundo\u00bb font_container=\u00bbtag:div|text_align:left|color:%23424242|line_height:.5em\u00bb google_fonts=\u00bbfont_family:Cardo%3Aregular%2Citalic%2C700|font_style:400%20italic%3A400%3Aitalic\u00bb link=\u00bburl:https%3A%2F%2Fwww.ull.es%2Feventos%2Fandres-sanchez-robayna\u00bb][\/vc_column_inner][\/vc_row_inner][vc_separator][vc_empty_space][\/vc_column][vc_column width=\u00bb1\/2&#8243;][\/vc_column][\/vc_row][vc_row css=\u00bb.vc_custom_1758525327658{margin-left: 0px !important;background-position: center !important;background-repeat: no-repeat !important;background-size: contain !important;}\u00bb][vc_column width=\u00bb1\/2&#8243;][vc_empty_space height=\u00bb16px\u00bb][vc_custom_heading source=\u00bbpost_title\u00bb font_container=\u00bbtag:h1|font_size:5em|text_align:left|color:%23424242|line_height:1.2em\u00bb google_fonts=\u00bbfont_family:Cardo%3Aregular%2Citalic%2C700|font_style:400%20italic%3A400%3Aitalic\u00bb][\/vc_column][vc_column width=\u00bb1\/2&#8243;][\/vc_column][\/vc_row][vc_row gap=\u00bb35&#8243; css=\u00bb.vc_custom_1758705232347{margin-left: 0px !important;background-image: url(http:\/\/www.ull.es\/eventos\/andres-sanchez-robayna\/wp-content\/uploads\/sites\/67\/2025\/09\/poema2.png?id=1864)&#8230;<\/p>\n","protected":false},"author":14,"featured_media":0,"parent":0,"menu_order":0,"comment_status":"closed","ping_status":"closed","template":"templates\/template-no-title.php","meta":{"footnotes":""},"class_list":["post-1907","page","type-page","status-publish","hentry"],"_links":{"self":[{"href":"https:\/\/www.ull.es\/eventos\/andres-sanchez-robayna\/wp-json\/wp\/v2\/pages\/1907"}],"collection":[{"href":"https:\/\/www.ull.es\/eventos\/andres-sanchez-robayna\/wp-json\/wp\/v2\/pages"}],"about":[{"href":"https:\/\/www.ull.es\/eventos\/andres-sanchez-robayna\/wp-json\/wp\/v2\/types\/page"}],"author":[{"embeddable":true,"href":"https:\/\/www.ull.es\/eventos\/andres-sanchez-robayna\/wp-json\/wp\/v2\/users\/14"}],"replies":[{"embeddable":true,"href":"https:\/\/www.ull.es\/eventos\/andres-sanchez-robayna\/wp-json\/wp\/v2\/comments?post=1907"}],"version-history":[{"count":9,"href":"https:\/\/www.ull.es\/eventos\/andres-sanchez-robayna\/wp-json\/wp\/v2\/pages\/1907\/revisions"}],"predecessor-version":[{"id":1910,"href":"https:\/\/www.ull.es\/eventos\/andres-sanchez-robayna\/wp-json\/wp\/v2\/pages\/1907\/revisions\/1910"}],"wp:attachment":[{"href":"https:\/\/www.ull.es\/eventos\/andres-sanchez-robayna\/wp-json\/wp\/v2\/media?parent=1907"}],"curies":[{"name":"wp","href":"https:\/\/api.w.org\/{rel}","templated":true}]}}