{"id":2023,"date":"2025-09-23T11:37:25","date_gmt":"2025-09-23T11:37:25","guid":{"rendered":"https:\/\/www.ull.es\/eventos\/andres-sanchez-robayna\/?page_id=2023"},"modified":"2025-09-30T09:49:01","modified_gmt":"2025-09-30T09:49:01","slug":"inicio","status":"publish","type":"page","link":"https:\/\/www.ull.es\/eventos\/andres-sanchez-robayna\/","title":{"rendered":"Inicio"},"content":{"rendered":"<p>[vc_row][vc_column][vc_empty_space height=\u00bb64px\u00bb][\/vc_column][\/vc_row][vc_row][vc_column width=\u00bb1\/3&#8243; css=\u00bb.vc_custom_1758706816999{border-top-width: 1px !important;padding-right: 50px !important;background-position: center !important;background-repeat: no-repeat !important;background-size: contain !important;border-top-color: #dbdbdb !important;border-top-style: solid !important;}\u00bb][vc_empty_space height=\u00bb16px\u00bb][vc_column_text]<em>Andr\u00e9s S\u00e1nchez Robayna o el libro del mundo<\/em> es una exposici\u00f3n bibliogr\u00e1fica en homenaje al catedr\u00e1tico de la Universidad de La Laguna. La muestra, organizada por la Biblioteca Universitaria en colaboraci\u00f3n con el Departamento de Filolog\u00eda Espa\u00f1ola, recoge su obra po\u00e9tica, cr\u00edtica, ensay\u00edstica, editora, traductora y acad\u00e9mica, adem\u00e1s de documentos manuscritos y fotograf\u00edas procedentes de su archivo personal. La exposici\u00f3n estar\u00e1 abierta al p\u00fablico desde el 24 de septiembre hasta el 30 de octubre de 2025.[\/vc_column_text][vc_empty_space height=\u00bb16px\u00bb][\/vc_column][vc_column width=\u00bb1\/3&#8243;][vc_single_image image=\u00bb2029&#8243; img_size=\u00bbfull\u00bb][\/vc_column][vc_column width=\u00bb1\/3&#8243;][vc_single_image image=\u00bb2030&#8243; img_size=\u00bbfull\u00bb][\/vc_column][\/vc_row][vc_row][vc_column][vc_separator][\/vc_column][\/vc_row][vc_row][vc_column width=\u00bb1\/5&#8243;][\/vc_column][vc_column width=\u00bb1\/5&#8243;][\/vc_column][vc_column width=\u00bb1\/5&#8243;][vc_empty_space][vc_custom_heading text=\u00bbCon la colaboraci\u00f3n de:\u00bb font_container=\u00bbtag:p|font_size:14|text_align:left\u00bb use_theme_fonts=\u00bbyes\u00bb][vc_single_image image=\u00bb2119&#8243; img_size=\u00bbmedium\u00bb][\/vc_column][vc_column width=\u00bb1\/5&#8243;][\/vc_column][vc_column width=\u00bb1\/5&#8243;][\/vc_column][\/vc_row]<\/p>\n","protected":false},"excerpt":{"rendered":"<p>[vc_row][vc_column][vc_empty_space height=\u00bb64px\u00bb][\/vc_column][\/vc_row][vc_row][vc_column width=\u00bb1\/3&#8243; css=\u00bb.vc_custom_1758706816999{border-top-width: 1px !important;padding-right: 50px !important;background-position: center !important;background-repeat: no-repeat !important;background-size: contain !important;border-top-color: #dbdbdb !important;border-top-style: solid !important;}\u00bb][vc_empty_space height=\u00bb16px\u00bb][vc_column_text]Andr\u00e9s S\u00e1nchez Robayna o el libro del mundo es una exposici\u00f3n bibliogr\u00e1fica en homenaje al catedr\u00e1tico de la Universidad de La Laguna. La muestra, organizada por la Biblioteca Universitaria en colaboraci\u00f3n con el Departamento de Filolog\u00eda Espa\u00f1ola,&#8230;<\/p>\n","protected":false},"author":14,"featured_media":0,"parent":0,"menu_order":0,"comment_status":"closed","ping_status":"closed","template":"templates\/template-no-title.php","meta":{"footnotes":""},"class_list":["post-2023","page","type-page","status-publish","hentry"],"_links":{"self":[{"href":"https:\/\/www.ull.es\/eventos\/andres-sanchez-robayna\/wp-json\/wp\/v2\/pages\/2023"}],"collection":[{"href":"https:\/\/www.ull.es\/eventos\/andres-sanchez-robayna\/wp-json\/wp\/v2\/pages"}],"about":[{"href":"https:\/\/www.ull.es\/eventos\/andres-sanchez-robayna\/wp-json\/wp\/v2\/types\/page"}],"author":[{"embeddable":true,"href":"https:\/\/www.ull.es\/eventos\/andres-sanchez-robayna\/wp-json\/wp\/v2\/users\/14"}],"replies":[{"embeddable":true,"href":"https:\/\/www.ull.es\/eventos\/andres-sanchez-robayna\/wp-json\/wp\/v2\/comments?post=2023"}],"version-history":[{"count":19,"href":"https:\/\/www.ull.es\/eventos\/andres-sanchez-robayna\/wp-json\/wp\/v2\/pages\/2023\/revisions"}],"predecessor-version":[{"id":2120,"href":"https:\/\/www.ull.es\/eventos\/andres-sanchez-robayna\/wp-json\/wp\/v2\/pages\/2023\/revisions\/2120"}],"wp:attachment":[{"href":"https:\/\/www.ull.es\/eventos\/andres-sanchez-robayna\/wp-json\/wp\/v2\/media?parent=2023"}],"curies":[{"name":"wp","href":"https:\/\/api.w.org\/{rel}","templated":true}]}}