{"id":477,"date":"2018-02-01T21:28:02","date_gmt":"2018-02-01T21:28:02","guid":{"rendered":"http:\/\/www.ull.es\/eventos\/apune2018\/?page_id=477"},"modified":"2018-02-01T21:51:58","modified_gmt":"2018-02-01T21:51:58","slug":"instituciones-confirmadas","status":"publish","type":"page","link":"https:\/\/www.ull.es\/eventos\/apune2018\/instituciones-confirmadas\/","title":{"rendered":"Instituciones confirmadas"},"content":{"rendered":"<p>[vc_row full_width=\u00bbstretch_row_content_no_spaces\u00bb css=\u00bb.vc_custom_1517521526987{background-image: url(http:\/\/www.ull.es\/eventos\/apune2018\/wp-content\/uploads\/sites\/3\/2017\/07\/EventoULL_CabeceraPrograma.jpg?id=103) !important;}\u00bb][vc_column][vc_empty_space height=\u00bb300px\u00bb css=\u00bb.vc_custom_1517521640794{background-image: url(http:\/\/www.ull.es\/eventos\/apune2018\/wp-content\/uploads\/sites\/3\/2017\/07\/EventoULL_CabeceraPrograma.jpg?id=103) !important;}\u00bb][\/vc_column][\/vc_row][vc_row][vc_column][\/vc_column][\/vc_row][vc_row][vc_column][vc_column_text]<\/p>\n<h4 style=\"text-align: center\"><strong>Instituciones que han confirmado\u00a0su participaci\u00f3n<\/strong><\/h4>\n<h6 style=\"text-align: center\"><strong>1.- Instituciones asociadas<\/strong><\/h6>\n<p style=\"text-align: center\">Spanish Institute for Global Education<\/p>\n<p style=\"text-align: center\">Suffolk University<\/p>\n<p style=\"text-align: center\">UDIMA<\/p>\n<p style=\"text-align: center\">Universidad Aut\u00f3noma de Madrid<\/p>\n<p style=\"text-align: center\">Universidad de Cantabria<\/p>\n<p style=\"text-align: center\">Universidad Carlos III de Madrid<\/p>\n<p style=\"text-align: center\">Universidad Cat\u00f3lica de Murcia<\/p>\n<p style=\"text-align: center\">Universidad Cat\u00f3lica de Valencia<\/p>\n<p style=\"text-align: center\">Universidad de la Laguna<\/p>\n<p style=\"text-align: center\">Universidad de Las Palmas de Gran Canarias<\/p>\n<p style=\"text-align: center\">Universidad de Loyola Andaluc\u00eda<\/p>\n<p style=\"text-align: center\">Universidad de Valladolid<\/p>\n<p style=\"text-align: center\">Universidad de Zaragoza<\/p>\n<p style=\"text-align: center\">Universitat Pompeu Fabra<\/p>\n<p style=\"text-align: center\">Universitat de Val\u00e8ncia<\/p>\n<p>&nbsp;<\/p>\n<h6 style=\"text-align: center\"><strong>2.-\u00a0Programas miembros<\/strong><\/h6>\n<p style=\"text-align: center\"><strong><em>BARCELONA<\/em><\/strong><\/p>\n<p style=\"text-align: center\">Council on International Educational Exchange (CIEE) \u2013 Barcelona Study Center<\/p>\n<p style=\"text-align: center\">Institute for the International Education of Students (IES) Barcelona Trinity College<\/p>\n<p style=\"text-align: center\"><strong><em>BILBAO<\/em><\/strong><\/p>\n<p style=\"text-align: center\">University Studies Abroad Consortium (USAC) Bilbao<\/p>\n<p style=\"text-align: center\"><strong><em>BURGOS<\/em><\/strong><\/p>\n<p style=\"text-align: center\">Boston University en la Universidad de Burgos<\/p>\n<p style=\"text-align: center\"><strong><em>C\u00d3RDOBA<\/em><\/strong><\/p>\n<p style=\"text-align: center\">Boston University en la Universidad de Burgos<\/p>\n<p style=\"text-align: center\">PRESHCO<\/p>\n<p style=\"text-align: center\"><strong><em>GRANADA<\/em><\/strong><\/p>\n<p style=\"text-align: center\">California State University<\/p>\n<p style=\"text-align: center\">Institute for the International Education of Students (IES) Granada<\/p>\n<p style=\"text-align: center\"><strong><em>MADRID<\/em><\/strong><\/p>\n<p style=\"text-align: center\">American University<\/p>\n<p style=\"text-align: center\">Boston College in Madrid<\/p>\n<p style=\"text-align: center\">Boston University<\/p>\n<p style=\"text-align: center\">Bowling Green State University<\/p>\n<p style=\"text-align: center\">California State University<\/p>\n<p style=\"text-align: center\">Council on International Educational Exchange (CIEE) \u2013 Madrid<\/p>\n<p style=\"text-align: center\">George Washington University<\/p>\n<p style=\"text-align: center\">Georgetown University en Madrid<\/p>\n<p style=\"text-align: center\">Institute for the International Education of Students (IES) Madrid<\/p>\n<p style=\"text-align: center\">Johns Hopkins University, The<\/p>\n<p style=\"text-align: center\">Marist College<\/p>\n<p style=\"text-align: center\">Middlebury College in Spain<\/p>\n<p style=\"text-align: center\">Stanford University<\/p>\n<p style=\"text-align: center\">SUNY Albany<\/p>\n<p style=\"text-align: center\">Universities of Indiana, Purdue, Wisconsin<\/p>\n<p style=\"text-align: center\">University of California, Madrid, Universidad Carlos III de Madrid<\/p>\n<p style=\"text-align: center\">Universidad Complutense de Madrid<\/p>\n<p style=\"text-align: center\">University of California- Davis<\/p>\n<p style=\"text-align: center\">University of New Haven<\/p>\n<p style=\"text-align: center\">University de San Diego<\/p>\n<p style=\"text-align: center\">University Studies Abroad Consortium (USAC) Madrid<\/p>\n<p style=\"text-align: center\">PRESHCO<\/p>\n<p style=\"text-align: center\"><strong><em>OVIEDO<\/em><\/strong><\/p>\n<p style=\"text-align: center\">AHA International (Oviedo)<\/p>\n<p style=\"text-align: center\"><strong><em>SALAMANCA<\/em><\/strong><\/p>\n<p style=\"text-align: center\">Bryant University- University of Salamanca<\/p>\n<p style=\"text-align: center\">Colby College en Salamanca<\/p>\n<p style=\"text-align: center\">Emory University of Salamanca Program<\/p>\n<p style=\"text-align: center\">Georgetown University in Salamanca<\/p>\n<p style=\"text-align: center\">Institute for the International Education of Students (IES) Salamanca<\/p>\n<p style=\"text-align: center\"><strong>SAN SEBASTI\u00c1N<\/strong><\/p>\n<p style=\"text-align: center\">University Studies Abroad Consortium (USAC) San Sebastian<\/p>\n<p style=\"text-align: center\"><strong><em>SEVILLA<\/em><\/strong><\/p>\n<p style=\"text-align: center\">Consortium for Advanced Studies Abroad (CASA) en Sevilla<\/p>\n<p style=\"text-align: center\">Council on International Educational Exchange (CIEE) \u2013 Sevilla<\/p>\n<p style=\"text-align: center\">SUNY New Paltz \u2013 University of Sevilla<\/p>\n<p style=\"text-align: center\">Trinity Christian College Association<\/p>\n<p style=\"text-align: center\">University of New Haven<\/p>\n<p style=\"text-align: center\">University of North Carolina in Sevilla<\/p>\n<p style=\"text-align: center\"><strong><em>VALENCIA<\/em><\/strong><\/p>\n<p style=\"text-align: center\">Berklee College of Music<\/p>\n<p style=\"text-align: center\">University Studies Abroad Consortium (USAC) Valencia<\/p>\n<p>[\/vc_column_text][\/vc_column][\/vc_row]<\/p>\n","protected":false},"excerpt":{"rendered":"<p>[vc_row full_width=\u00bbstretch_row_content_no_spaces\u00bb css=\u00bb.vc_custom_1517521526987{background-image: url(http:\/\/www.ull.es\/eventos\/apune2018\/wp-content\/uploads\/sites\/3\/2017\/07\/EventoULL_CabeceraPrograma.jpg?id=103) !important;}\u00bb][vc_column][vc_empty_space height=\u00bb300px\u00bb css=\u00bb.vc_custom_1517521640794{background-image: url(http:\/\/www.ull.es\/eventos\/apune2018\/wp-content\/uploads\/sites\/3\/2017\/07\/EventoULL_CabeceraPrograma.jpg?id=103) !important;}\u00bb][\/vc_column][\/vc_row][vc_row][vc_column][\/vc_column][\/vc_row][vc_row][vc_column][vc_column_text] Instituciones que han confirmado\u00a0su participaci\u00f3n 1.- Instituciones asociadas Spanish Institute for Global Education Suffolk University UDIMA Universidad Aut\u00f3noma de Madrid Universidad de Cantabria Universidad Carlos III de Madrid Universidad Cat\u00f3lica de Murcia Universidad Cat\u00f3lica de Valencia Universidad de la Laguna Universidad de Las Palmas de Gran&#8230;<\/p>\n","protected":false},"author":2,"featured_media":0,"parent":0,"menu_order":0,"comment_status":"closed","ping_status":"closed","template":"templates\/template-frontpage.php","meta":{"footnotes":""},"class_list":["post-477","page","type-page","status-publish","hentry"],"_links":{"self":[{"href":"https:\/\/www.ull.es\/eventos\/apune2018\/wp-json\/wp\/v2\/pages\/477"}],"collection":[{"href":"https:\/\/www.ull.es\/eventos\/apune2018\/wp-json\/wp\/v2\/pages"}],"about":[{"href":"https:\/\/www.ull.es\/eventos\/apune2018\/wp-json\/wp\/v2\/types\/page"}],"author":[{"embeddable":true,"href":"https:\/\/www.ull.es\/eventos\/apune2018\/wp-json\/wp\/v2\/users\/2"}],"replies":[{"embeddable":true,"href":"https:\/\/www.ull.es\/eventos\/apune2018\/wp-json\/wp\/v2\/comments?post=477"}],"version-history":[{"count":11,"href":"https:\/\/www.ull.es\/eventos\/apune2018\/wp-json\/wp\/v2\/pages\/477\/revisions"}],"predecessor-version":[{"id":489,"href":"https:\/\/www.ull.es\/eventos\/apune2018\/wp-json\/wp\/v2\/pages\/477\/revisions\/489"}],"wp:attachment":[{"href":"https:\/\/www.ull.es\/eventos\/apune2018\/wp-json\/wp\/v2\/media?parent=477"}],"curies":[{"name":"wp","href":"https:\/\/api.w.org\/{rel}","templated":true}]}}