{"id":16,"date":"2018-05-25T11:25:18","date_gmt":"2018-05-25T11:25:18","guid":{"rendered":"http:\/\/www.ull.es\/eventos\/crue-gerencia\/?page_id=16"},"modified":"2018-06-12T12:47:04","modified_gmt":"2018-06-12T12:47:04","slug":"presentacion","status":"publish","type":"page","link":"https:\/\/www.ull.es\/eventos\/crue-gerencia\/presentacion\/","title":{"rendered":"Presentaci\u00f3n"},"content":{"rendered":"<p>[vc_row full_width=\u00bbstretch_row_content_no_spaces\u00bb css=\u00bb.vc_custom_1528807267880{padding-top: 253px !important;padding-bottom: 253px !important;background-image: url(http:\/\/www.ull.es\/eventos\/crue-gerencia\/wp-content\/uploads\/sites\/4\/2018\/06\/Imagen5.png?id=101) !important;background-position: center !important;background-repeat: no-repeat !important;background-size: cover !important;}\u00bb][vc_column][\/vc_column][\/vc_row][vc_row][vc_column][vc_empty_space height=\u00bb60px\u00bb][vc_custom_heading text=\u00bbPRESENTACI\u00d3N\u00bb font_container=\u00bbtag:h1|font_size:50px|text_align:left|color:%23000000|line_height:75px\u00bb google_fonts=\u00bbfont_family:Roboto%20Condensed%3A300%2C300italic%2Cregular%2Citalic%2C700%2C700italic|font_style:700%20bold%20regular%3A700%3Anormal\u00bb][\/vc_column][\/vc_row][vc_row][vc_column][vc_column_text]Bienvenidos a las <strong>XXXVI Jornadas de Gerencia Universitaria<\/strong>, una cita anual que congrega a los equipos de alta direcci\u00f3n de las universidades espa\u00f1olas y donde se debaten los principales retos a los que deben enfrentarse los centros de educaci\u00f3n superior del pa\u00eds en los pr\u00f3ximos a\u00f1os.<\/p>\n<p>La <a href=\"http:\/\/ull.es\" target=\"_blank\" rel=\"noopener\"><strong>Universidad de La Laguna<\/strong><\/a> tiene el placer de acoger la trig\u00e9simo sexta edici\u00f3n de este encuentro, cuyo lema es \u2018La adaptaci\u00f3n y gesti\u00f3n del cambio en el proceso de transformaci\u00f3n universitaria\u2019, y que tendr\u00e1 lugar los d\u00edas 24, 25 y 26 de octubre de 2018.<\/p>\n<p>Las universidades est\u00e1n viviendo momentos de profundos cambios, tanto en su misi\u00f3n como centros generadores de conocimiento como en la gesti\u00f3n de sus recursos y en el reforzamiento de su liderazgo. En estas Jornadas pretende abordarse diversos ejes que conforman parte de ese proceso de transformaci\u00f3n, tales como las nuevas competencias de los profesionales en las organizaciones del siglo XXI, la sostenibilidad de los campus universitarios, la captaci\u00f3n de talento o nuevas f\u00f3rmulas en la gesti\u00f3n de la investigaci\u00f3n, entre otras cuestiones.<\/p>\n<p>Esperamos que el programa, intenso y variado, sea del agrado de todos los asistentes y nos ayude en nuestra toma de decisiones. Es el momento de dar las gracias al equipo que ha trabajado en la realizaci\u00f3n de estas Jornadas, profesionales de esta casa de estudios que, una vez m\u00e1s, han demostrado su sobrada val\u00eda y compromiso con la instituci\u00f3n.<\/p>\n<h4><strong>Lida Patricia Pereira Saavedra<\/strong><\/h4>\n<p><strong>Gerente<\/strong>[\/vc_column_text][\/vc_column][\/vc_row][vc_row][vc_column][vc_btn title=\u00bbCONOCE NUESTRA UNIVERSIDAD\u00bb style=\u00bbflat\u00bb shape=\u00bbsquare\u00bb color=\u00bbblack\u00bb size=\u00bblg\u00bb align=\u00bbcenter\u00bb link=\u00bburl:https%3A%2F%2Fwww.ull.es%2Feventos%2Fcrue-gerencia%2Fla-universidad%2F|||\u00bb][\/vc_column][\/vc_row]<\/p>\n","protected":false},"excerpt":{"rendered":"<p>[vc_row full_width=\u00bbstretch_row_content_no_spaces\u00bb css=\u00bb.vc_custom_1528807267880{padding-top: 253px !important;padding-bottom: 253px !important;background-image: url(http:\/\/www.ull.es\/eventos\/crue-gerencia\/wp-content\/uploads\/sites\/4\/2018\/06\/Imagen5.png?id=101) !important;background-position: center !important;background-repeat: no-repeat !important;background-size: cover !important;}\u00bb][vc_column][\/vc_column][\/vc_row][vc_row][vc_column][vc_empty_space height=\u00bb60px\u00bb][vc_custom_heading text=\u00bbPRESENTACI\u00d3N\u00bb font_container=\u00bbtag:h1|font_size:50px|text_align:left|color:%23000000|line_height:75px\u00bb google_fonts=\u00bbfont_family:Roboto%20Condensed%3A300%2C300italic%2Cregular%2Citalic%2C700%2C700italic|font_style:700%20bold%20regular%3A700%3Anormal\u00bb][\/vc_column][\/vc_row][vc_row][vc_column][vc_column_text]Bienvenidos a las XXXVI Jornadas de Gerencia Universitaria, una cita anual que congrega a los equipos de alta direcci\u00f3n de las universidades espa\u00f1olas y donde se debaten los principales retos a los que deben enfrentarse los centros&#8230;<\/p>\n","protected":false},"author":1,"featured_media":0,"parent":0,"menu_order":0,"comment_status":"closed","ping_status":"closed","template":"templates\/template-frontpage.php","meta":{"footnotes":""},"class_list":["post-16","page","type-page","status-publish","hentry"],"_links":{"self":[{"href":"https:\/\/www.ull.es\/eventos\/crue-gerencia\/wp-json\/wp\/v2\/pages\/16"}],"collection":[{"href":"https:\/\/www.ull.es\/eventos\/crue-gerencia\/wp-json\/wp\/v2\/pages"}],"about":[{"href":"https:\/\/www.ull.es\/eventos\/crue-gerencia\/wp-json\/wp\/v2\/types\/page"}],"author":[{"embeddable":true,"href":"https:\/\/www.ull.es\/eventos\/crue-gerencia\/wp-json\/wp\/v2\/users\/1"}],"replies":[{"embeddable":true,"href":"https:\/\/www.ull.es\/eventos\/crue-gerencia\/wp-json\/wp\/v2\/comments?post=16"}],"version-history":[{"count":13,"href":"https:\/\/www.ull.es\/eventos\/crue-gerencia\/wp-json\/wp\/v2\/pages\/16\/revisions"}],"predecessor-version":[{"id":109,"href":"https:\/\/www.ull.es\/eventos\/crue-gerencia\/wp-json\/wp\/v2\/pages\/16\/revisions\/109"}],"wp:attachment":[{"href":"https:\/\/www.ull.es\/eventos\/crue-gerencia\/wp-json\/wp\/v2\/media?parent=16"}],"curies":[{"name":"wp","href":"https:\/\/api.w.org\/{rel}","templated":true}]}}