{"id":646,"date":"2018-11-02T10:55:57","date_gmt":"2018-11-02T10:55:57","guid":{"rendered":"http:\/\/www.ull.es\/eventos\/crue-gerencia\/?page_id=646"},"modified":"2018-11-04T19:07:58","modified_gmt":"2018-11-04T19:07:58","slug":"fotos","status":"publish","type":"page","link":"https:\/\/www.ull.es\/eventos\/crue-gerencia\/fotos\/","title":{"rendered":"Fotos"},"content":{"rendered":"<p>[vc_row][vc_column][vc_column_text][\/vc_column_text][\/vc_column][\/vc_row][vc_row][vc_column][vc_column_text]<\/p>\n<h2>D\u00eda 24 de octubre.<\/h2>\n<ul>\n<li><a href=\"https:\/\/drive.google.com\/open?id=13LfKk9Z804Y96aVU_SsnOothp541ukYH\" target=\"_blank\" rel=\"noopener\">Bienvenida a los asistentes y entrevistas a los participantes<\/a>.<\/li>\n<li><a href=\"https:\/\/drive.google.com\/open?id=1BMooY0jDKtShTB2HgXwkp9WOt8G6yH_X\" target=\"_blank\" rel=\"noopener\">Inauguraci\u00f3n de las jornadas<\/a>.<\/li>\n<li><a href=\"https:\/\/drive.google.com\/open?id=1XmcW_G0rQLDoS-yAl56J_VfYA38Pj9Df\" target=\"_blank\" rel=\"noopener\">Juan G\u00f3mez<\/a>.<\/li>\n<li><a href=\"https:\/\/drive.google.com\/open?id=1DxcAcKz-W5lSusenc0kyQ6on7Syg60tN\" target=\"_blank\" rel=\"noopener\">Jos\u00e9 Luis Fuentes<\/a>.<\/li>\n<li><a href=\"https:\/\/drive.google.com\/open?id=1KaID8u4Q1ciuWOMpKMJqFX22xy5jO1p2\" target=\"_blank\" rel=\"noopener\">Recepci\u00f3n en el Ayuntamiento de San Crist\u00f3bal de La Laguna<\/a>.<\/li>\n<li><a href=\"https:\/\/drive.google.com\/open?id=1e9gaI1rOlbs_eID2dxPav_hlsd5OFMC-\" target=\"_blank\" rel=\"noopener\">Visita guiada a la ciudad de San Crist\u00f3bal de La Laguna<\/a>.<\/li>\n<\/ul>\n<h2>D\u00eda 25 de octubre. Sesi\u00f3n de ma\u00f1ana.<\/h2>\n<h3>Mesa Redonda.\u00a0Captaci\u00f3n de recursos: v\u00edas alternativas de financiaci\u00f3n y toma de decisiones.<\/h3>\n<ul>\n<li><a href=\"https:\/\/drive.google.com\/open?id=1CufvTD_5I6cYqLShAJcmZGJP_erDhLI8\" target=\"_blank\" rel=\"noopener\">Jos\u00e9 Luis Rivero Ceballos.<\/a><\/li>\n<li><a href=\"https:\/\/drive.google.com\/open?id=1sT-nO0NYbOgNhyYZrraKtOD623Ij2Tap\" target=\"_blank\" rel=\"noopener\">Carmen P\u00e9rez Esparrels.<\/a><\/li>\n<li><a href=\"https:\/\/drive.google.com\/open?id=1qg6RAjrdhXZwNV-Oke9v1wkiy8NqyjfL\" target=\"_blank\" rel=\"noopener\">V\u00edctor S\u00e1nchez Bl\u00e1zquez.<\/a><\/li>\n<\/ul>\n<h3>Conferencia: Experiencia pr\u00e1ctica en el uso y aplicaci\u00f3n de la contabilidad anal\u00edtica.<\/h3>\n<ul>\n<li><a href=\"https:\/\/drive.google.com\/open?id=1-I3l0C-HtSkNCThWV-IlbLVCVSnxjtGE\" target=\"_blank\" rel=\"noopener\">Alberto Gil Costa.<\/a><\/li>\n<\/ul>\n<h3>Mesa Redonda. Afrontar la transformaci\u00f3n \u00bfes posible con los actuales sistemas de captaci\u00f3n y organizaci\u00f3n de recursos humanos?.<\/h3>\n<ul>\n<li><a href=\"https:\/\/drive.google.com\/open?id=1KUeT0-WEdVsWtHI48LVVlyE88XSXkdPq\" target=\"_blank\" rel=\"noopener\">Luc\u00eda Escapa Castro<\/a>.<\/li>\n<li><a href=\"https:\/\/drive.google.com\/open?id=1cHcDQNuYVTXj-JGQSDvSG2Fibp32_erg\" target=\"_blank\" rel=\"noopener\">Jorge Crespo Gonz\u00e1lez<\/a>.<\/li>\n<li><a href=\"https:\/\/drive.google.com\/open?id=117PmjH6P5QGQjy2e9n7ZHSW91tpfglLZ\" target=\"_blank\" rel=\"noopener\">Pedro Padilla Ruiz<\/a>.<\/li>\n<li><a href=\"https:\/\/drive.google.com\/open?id=1MpxHeuI39MGWwVV9FbivLuuR7WUoVQMO\" target=\"_blank\" rel=\"noopener\">Juan Jos\u00e9 Rodr\u00edguez Rodr\u00edguez<\/a>.<\/li>\n<li><a href=\"https:\/\/drive.google.com\/open?id=10CecYG7uNgBQS7w1fK44fVLI2mm8GsHq\" target=\"_blank\" rel=\"noopener\">Manuel Antonio Gahete Fern\u00e1ndez<\/a>.<\/li>\n<li><a href=\"https:\/\/drive.google.com\/open?id=1HvN-GB4poHmKSFc-0LnuewgkF4YTFIu3\" target=\"_blank\" rel=\"noopener\">Mesa redonda<\/a>.<\/li>\n<\/ul>\n<h2>D\u00eda 25 de octubre. Pleno de Gerentes.<\/h2>\n<ul>\n<li><a href=\"https:\/\/drive.google.com\/open?id=1wqptcE3-b4el8tKelw9XSq9cKZRonS8n\" target=\"_blank\" rel=\"noopener\">Pleno de Gerentes.<\/a><\/li>\n<\/ul>\n<h2>D\u00eda 25 de octubre. Panel A.\u00a0Contrataci\u00f3n, Gesti\u00f3n de Infraestructuras y Sostenibilidad.<\/h2>\n<h3>Mesa Redonda.\u00a0Contrataci\u00f3n p\u00fablica electr\u00f3nica: Experiencias y retos.<\/h3>\n<ul>\n<li><a href=\"https:\/\/drive.google.com\/open?id=1CnDnkDdXJ93KFO_ac-JBldZnB7D34hC3\" target=\"_blank\" rel=\"noopener\">Guillermo Y\u00e1nez.<\/a><\/li>\n<li><a href=\"https:\/\/drive.google.com\/open?id=1YcplSep45ckmwZuqcl4s9WeQJZfcRIEP\" target=\"_blank\" rel=\"noopener\">Isabel Puente.<\/a><\/li>\n<li><a href=\"https:\/\/drive.google.com\/open?id=1H1995GFukFcNFlJyKB1bqogBxnjKDYgT\" target=\"_blank\" rel=\"noopener\">Francisco Javier Garc\u00eda P\u00e9rez.<\/a><\/li>\n<\/ul>\n<h3>Mesa Redonda.\u00a0El car\u00e1cter social de la contrataci\u00f3n p\u00fablica, las cl\u00e1usulas sociales y los contratos reservados: repercusiones en el mercado.<\/h3>\n<ul>\n<li><a href=\"https:\/\/drive.google.com\/open?id=14GjRnXDF6FvZ7d3DSVY-7qZo0syNNzTn\" target=\"_blank\" rel=\"noopener\">Rub\u00e9n Mart\u00ednez Nieto.<\/a><\/li>\n<li><a href=\"https:\/\/drive.google.com\/open?id=1GZHSy817KX4okKy8VyLxFfabcojkyeXC\" target=\"_blank\" rel=\"noopener\">Javier \u00c1lvarez Pastor.<\/a><\/li>\n<li><a href=\"https:\/\/drive.google.com\/open?id=19RRhWTOijHGVuo0P_gK3ZX-SO-cGVhv3\" target=\"_blank\" rel=\"noopener\">Jaime Pintos Santiago.<\/a><\/li>\n<li><a href=\"https:\/\/drive.google.com\/open?id=1ltk96mDsgiklHPw5YJob6PPjxnQndJMm\" target=\"_blank\" rel=\"noopener\">Bernab\u00e9 Palac\u00edn S\u00e1enz.<\/a><\/li>\n<\/ul>\n<h3>Mesa Redonda.\u00a0Gesti\u00f3n de Infraestructuras y Sostenibilidad.<\/h3>\n<ul>\n<li><a href=\"https:\/\/drive.google.com\/open?id=1r-g8Z7obFoZrNDv2FvcF5W5gmGtqh16X\" target=\"_blank\" rel=\"noopener\">Cristina Mart\u00ed.<\/a><\/li>\n<li><a href=\"https:\/\/drive.google.com\/open?id=1eQRq2P75Y60ByIpDQgLH0uLcgpQLKOT0\" target=\"_blank\" rel=\"noopener\">Diego Broock Hijar.<\/a><\/li>\n<li><a href=\"https:\/\/drive.google.com\/open?id=1mzBeOlflw27GjbzRO9o7An5-pAFI9R70\" target=\"_blank\" rel=\"noopener\">Ana Bel\u00e9n R\u00edos Hilario.<\/a><\/li>\n<li><a href=\"https:\/\/drive.google.com\/open?id=1ENy78lqrXZVQ_D1m4lpUdTv8QRY_Elhq\" target=\"_blank\" rel=\"noopener\">Miguel \u00c1ngel Fern\u00e1ndez Matr\u00e1n.<\/a><\/li>\n<\/ul>\n<h2>D\u00eda 25 de octubre. Panel B.\u00a0Innovaci\u00f3n en la Gesti\u00f3n: la transformaci\u00f3n digital.<\/h2>\n<h3>\u00a0Mesa Redonda.\u00a0Gobernando y gestionando la transformaci\u00f3n digital.<\/h3>\n<ul>\n<li><a href=\"https:\/\/drive.google.com\/open?id=1gB0BfHFqUpblsij5ML6wT2vDldq-d8tW\" target=\"_blank\" rel=\"noopener\">Pedro Robledo.<\/a><\/li>\n<li><a href=\"https:\/\/drive.google.com\/open?id=17uegr6NAamRHR4zEJNf1kCxy--Nxk8QV\" target=\"_blank\" rel=\"noopener\">Javier Peris Montesinos.<\/a><\/li>\n<li><a href=\"https:\/\/drive.google.com\/open?id=1E0kc_Ybz8Y5FRN5MvP2WTCjdFOAtfeX8\" target=\"_blank\" rel=\"noopener\">Santiago Portela.<\/a><\/li>\n<\/ul>\n<h3>Mesa Redonda.\u00a0La Universidad como generadora de Talento 4.0.<\/h3>\n<ul>\n<li><a href=\"https:\/\/drive.google.com\/open?id=1X5aLSqFCxpd0xZvci5xJxfNF1I0yGAd5\" target=\"_blank\" rel=\"noopener\">Luis Fern\u00e1ndez Sanz.<\/a><\/li>\n<li><a href=\"https:\/\/drive.google.com\/open?id=1gdcdH-3b1xxvaRaAa6GCYG4gnBEHj_Ue\" target=\"_blank\" rel=\"noopener\">Manuel Area Moreira.<\/a><\/li>\n<li><a href=\"https:\/\/drive.google.com\/open?id=1BYaQa01ipvIxSVSsD8PMrHLEqapgEuZD\" target=\"_blank\" rel=\"noopener\">Berta Bernardo \u00c1lvarez.<\/a><\/li>\n<\/ul>\n<h3>Mesa Redonda.\u00a0Normativa y transformaci\u00f3n digital: la adaptaci\u00f3n de las universidades y su interoperabilidad con las Administraciones P\u00fablicas.<\/h3>\n<ul>\n<li><a href=\"https:\/\/drive.google.com\/open?id=1KZPdNOlUcwtYsL5u2yj4oEY1QRh_SgYU\" target=\"_blank\" rel=\"noopener\">Daniel S\u00e1nchez Mart\u00ednez.<\/a><\/li>\n<li><a href=\"https:\/\/drive.google.com\/open?id=1m8hMFUHlsDEmxDEaAFDaSWxTq9qpppsR\" target=\"_blank\" rel=\"noopener\">Manuel Rivera Segu\u00ed.<\/a><\/li>\n<li><a href=\"https:\/\/drive.google.com\/open?id=1FmcRaqZrT34eOrorJAWtMOfUrnR0pLj3\" target=\"_blank\" rel=\"noopener\">V\u00edctor Manuel Solla B\u00e1rcenas.<\/a><\/li>\n<\/ul>\n<h2>D\u00eda 25 de octubre.\u00a0Gesti\u00f3n de la investigaci\u00f3n, contrataci\u00f3n de investigadores, captaci\u00f3n de talento.<\/h2>\n<h3>Mesa Redonda.\u00a0Gesti\u00f3n de la investigaci\u00f3n.<\/h3>\n<ul>\n<li><a href=\"https:\/\/drive.google.com\/open?id=15-TfyqpEkjF576AEzTrGu01x-9aTLInE\" target=\"_blank\" rel=\"noopener\">Mar\u00eda del Carmen Pe\u00f1as Carral.<\/a><\/li>\n<li><a href=\"https:\/\/drive.google.com\/open?id=1JtHql3wHEAvIpxwAmjNSkO2r9_AV19cr\" target=\"_blank\" rel=\"noopener\">Elisa \u00c1lvarez-Bolado.<\/a><\/li>\n<li><a href=\"https:\/\/drive.google.com\/open?id=1Fo-NkCTRRWXZFgBCwCGkcrxaw8O4To3N\" target=\"_blank\" rel=\"noopener\">Miguel \u00c1ngel Guardia L\u00f3pez.<\/a><\/li>\n<\/ul>\n<h3>Mesa Redonda.\u00a0Gesti\u00f3n de subvenciones y recursos captados por investigaci\u00f3n.<\/h3>\n<ul>\n<li><a href=\"https:\/\/drive.google.com\/open?id=13LoRSBgRUFrjguDz_ZLJ--VYvSOWDe74\" target=\"_blank\" rel=\"noopener\">Santiago Romo Urroz.<\/a><\/li>\n<li><a href=\"https:\/\/drive.google.com\/open?id=1-GuAuhhHSwursYlxzTmkqBpOYaGZYVcq\" target=\"_blank\" rel=\"noopener\">Cecilia Hern\u00e1ndez Rodr\u00edguez.<\/a><\/li>\n<li><a href=\"https:\/\/drive.google.com\/open?id=1-fcwHIKaiSRySQaf6POijNcqPQ3fCMDt\" target=\"_blank\" rel=\"noopener\">Lourdes Armesto L\u00f3pez.<\/a><\/li>\n<\/ul>\n<h3>Mesa Redonda.\u00a0Captaci\u00f3n de talento investigador. Escalar puestos en los rankings.<\/h3>\n<ul>\n<li><a href=\"https:\/\/drive.google.com\/open?id=1HEToPJDk5hU0lRORkpZeM0qylBWRU4UZ\" target=\"_blank\" rel=\"noopener\">\u00cd\u00f1igo Atxutegi.<\/a><\/li>\n<li><a href=\"https:\/\/drive.google.com\/open?id=1oK4iB5ykaOFxVkCwJfXcQWR1oPjK-WSW\" target=\"_blank\" rel=\"noopener\">Pedro Toledo.<\/a><\/li>\n<li><a href=\"https:\/\/drive.google.com\/open?id=1C47zFjziJfYZEA_qhkpBL4cefLIqtTzo\" target=\"_blank\" rel=\"noopener\">Borja Izquierdo.<\/a><\/li>\n<\/ul>\n<h2>D\u00eda 25. Programa Social.<\/h2>\n<ul>\n<li><a href=\"https:\/\/drive.google.com\/open?id=1-3oFK_Swk-NUkXiG7JB8ZrdJndTQG3wB\" target=\"_blank\" rel=\"noopener\">Almuerzo.<\/a><\/li>\n<li><a href=\"https:\/\/drive.google.com\/open?id=14zDtUEUzhhf3YMY3TJFhU_FIwW2t5tqx\" target=\"_blank\" rel=\"noopener\">Visita guiada al Museo de la Naturaleza y el Hombre.<\/a><\/li>\n<\/ul>\n<h2>D\u00eda 26. Sesi\u00f3n de ma\u00f1ana.<\/h2>\n<ul>\n<li><a href=\"https:\/\/drive.google.com\/open?id=1USTvXr7BmDMjfmu1R1-2fv6iiSOXwYUZ\" target=\"_blank\" rel=\"noopener\">Recepci\u00f3n de los asistentes.<\/a><\/li>\n<\/ul>\n<h3>Mesa Redonda.\u00a0La gesti\u00f3n de la informaci\u00f3n, entre la protecci\u00f3n y la transparencia.<\/h3>\n<ul>\n<li><a href=\"https:\/\/drive.google.com\/open?id=1kdMnyCPTSZ0ImTNbBSIWMNzXa56_Sdff\" target=\"_blank\" rel=\"noopener\">Ricard Mart\u00ednez Mart\u00ednez.<\/a><\/li>\n<li><a href=\"https:\/\/drive.google.com\/open?id=1NuU94oqGNZoRzMbRAJVKlley5EsNBBrH\" target=\"_blank\" rel=\"noopener\">Francesc Sol\u00e9 Parellada.<\/a><\/li>\n<li><a href=\"https:\/\/drive.google.com\/open?id=1ws8Px0GAGoLug8plbS44ViX1ZkC7t1v4\" target=\"_blank\" rel=\"noopener\">Miguel \u00c1ngel Blanes Climent.<\/a><\/li>\n<li><a href=\"https:\/\/drive.google.com\/open?id=15ZmTg8heId-VD-P626MvDkSYhsktocRb\" target=\"_blank\" rel=\"noopener\">Mesa Redonda.<\/a><\/li>\n<\/ul>\n<h3>Descanso.<\/h3>\n<ul>\n<li><a href=\"https:\/\/drive.google.com\/open?id=1irU8m4KxQNbQkTfs3XrH3jj3yeesIUdE\" target=\"_blank\" rel=\"noopener\">Foto de grupo.<\/a><\/li>\n<li><a href=\"https:\/\/drive.google.com\/open?id=1GtvmAF42LgjZbASB7tAD-o-BeyLhwWrG\" target=\"_blank\" rel=\"noopener\">Descanso.<\/a><\/li>\n<\/ul>\n<h3>Clausura.<\/h3>\n<ul>\n<li><a href=\"https:\/\/drive.google.com\/open?id=1PufNCTInrjsThA_PWgeXVATvU0mKBLEC\" target=\"_blank\" rel=\"noopener\">Xavier Marcet.\u00a0<\/a><\/li>\n<li><a href=\"https:\/\/drive.google.com\/open?id=17LLpn5DQO8mQGyy5I_YH4AxLq09ImyoY\" target=\"_blank\" rel=\"noopener\">Clausura de las jornadas.<\/a><\/li>\n<\/ul>\n<p>&nbsp;<\/p>\n<p>[\/vc_column_text][\/vc_column][\/vc_row]<\/p>\n","protected":false},"excerpt":{"rendered":"<p>[vc_row][vc_column][vc_column_text][\/vc_column_text][\/vc_column][\/vc_row][vc_row][vc_column][vc_column_text] D\u00eda 24 de octubre. Bienvenida a los asistentes y entrevistas a los participantes. Inauguraci\u00f3n de las jornadas. Juan G\u00f3mez. Jos\u00e9 Luis Fuentes. Recepci\u00f3n en el Ayuntamiento de San Crist\u00f3bal de La Laguna. Visita guiada a la ciudad de San Crist\u00f3bal de La Laguna. D\u00eda 25 de octubre. Sesi\u00f3n de ma\u00f1ana. Mesa Redonda.\u00a0Captaci\u00f3n de recursos:&#8230;<\/p>\n","protected":false},"author":6,"featured_media":0,"parent":0,"menu_order":0,"comment_status":"closed","ping_status":"closed","template":"","meta":{"footnotes":""},"class_list":["post-646","page","type-page","status-publish","hentry"],"_links":{"self":[{"href":"https:\/\/www.ull.es\/eventos\/crue-gerencia\/wp-json\/wp\/v2\/pages\/646"}],"collection":[{"href":"https:\/\/www.ull.es\/eventos\/crue-gerencia\/wp-json\/wp\/v2\/pages"}],"about":[{"href":"https:\/\/www.ull.es\/eventos\/crue-gerencia\/wp-json\/wp\/v2\/types\/page"}],"author":[{"embeddable":true,"href":"https:\/\/www.ull.es\/eventos\/crue-gerencia\/wp-json\/wp\/v2\/users\/6"}],"replies":[{"embeddable":true,"href":"https:\/\/www.ull.es\/eventos\/crue-gerencia\/wp-json\/wp\/v2\/comments?post=646"}],"version-history":[{"count":9,"href":"https:\/\/www.ull.es\/eventos\/crue-gerencia\/wp-json\/wp\/v2\/pages\/646\/revisions"}],"predecessor-version":[{"id":682,"href":"https:\/\/www.ull.es\/eventos\/crue-gerencia\/wp-json\/wp\/v2\/pages\/646\/revisions\/682"}],"wp:attachment":[{"href":"https:\/\/www.ull.es\/eventos\/crue-gerencia\/wp-json\/wp\/v2\/media?parent=646"}],"curies":[{"name":"wp","href":"https:\/\/api.w.org\/{rel}","templated":true}]}}