{"id":1431,"date":"2025-04-21T10:43:05","date_gmt":"2025-04-21T10:43:05","guid":{"rendered":"https:\/\/www.ull.es\/eventos\/de-cocina-a-libros\/?page_id=1431"},"modified":"2025-04-22T09:12:03","modified_gmt":"2025-04-22T09:12:03","slug":"la-papa-y-la-batata","status":"publish","type":"page","link":"https:\/\/www.ull.es\/eventos\/de-cocina-a-libros\/la-papa-y-la-batata\/","title":{"rendered":"La papa y la batata"},"content":{"rendered":"<p>[vc_row gap=\u00bb35&#8243; equal_height=\u00bbyes\u00bb content_placement=\u00bbbottom\u00bb css=\u00bb.vc_custom_1727692271162{background-position: center !important;background-repeat: no-repeat !important;background-size: cover !important;}\u00bb][vc_column width=\u00bb1\/3&#8243;][vc_single_image image=\u00bb1312&#8243; img_size=\u00bbmedium\u00bb][\/vc_column][vc_column width=\u00bb2\/3&#8243;][\/vc_column][\/vc_row][vc_row gap=\u00bb35&#8243; content_placement=\u00bbtop\u00bb css=\u00bb.vc_custom_1727692820016{padding-right: 90px !important;padding-left: 90px !important;background-color: #ffffff !important;}\u00bb][vc_column width=\u00bb1\/3&#8243;][vc_separator][vc_custom_heading source=\u00bbpost_title\u00bb font_container=\u00bbtag:h1|font_size:1.8em|text_align:left|color:%23000000|line_height:100%25&#8243; google_fonts=\u00bbfont_family:Roboto%3A100%2C100italic%2C300%2C300italic%2Cregular%2Citalic%2C500%2C500italic%2C700%2C700italic%2C900%2C900italic|font_style:300%20light%20regular%3A300%3Anormal\u00bb][vc_column_text]<strong>Elena M\u00aa Rodr\u00edguez Rodr\u00edguez<\/strong>[\/vc_column_text][\/vc_column][vc_column width=\u00bb2\/3&#8243;][vc_separator][vc_column_text]La papa <i>Solanum tubersoum<\/i> L. fue introducida en Canarias hace m\u00e1s de 450 a\u00f1os, posiblemente procedente de Per\u00fa. La primera referencia documentada de su presencia en el archipi\u00e9lago data de 1567 (Hawkes y Francisco-Ortega, 1993), lo que sugiere que pudo\u00a0 haber llegado a Canarias antes que al resto de Europa. Su cultivo se adapt\u00f3 al medio edafo-climatol\u00f3gico de Canarias, desarrollando unas caracter\u00edsticas \u00fanicas y diferentes al resto de otras variedades. Este proceso de adaptaci\u00f3n dio como resultado una gran diversidad de papas, con m\u00e1s de 50 variedades locales, cada una con sus propios sabores, texturas y usos culinarios.[\/vc_column_text][vc_empty_space][vc_media_grid element_width=\u00bb12&#8243; grid_id=\u00bbvc_gid:1745313043260-0b079cf7-b4aa-10&#8243; include=\u00bb1427&#8243;][vc_empty_space][vc_column_text]Esas variedades de papas, conocidas como \u201cpapas antiguas\u201d (tambi\u00e9n como locales, tradicionales o de color) se convirtieron en el alimento b\u00e1sico de los canarios hasta el S. XIX. Sin embargo, con el tiempo fueron desplazadas por variedades de mayor rendimiento procedentes de Europa denominadas \u201cpapas blancas o de fuera\u201d, que poco recuerdan al tub\u00e9rculo\u00a0 original.<\/p>\n<p>A pesar de esto, en Canarias se pueden encontrar cultivos locales (<i>negra, bonita, colorada de baga, azucena, borralla, torrentas<\/i>,..) de aquellos tub\u00e9rculos primitivos que llegaron a las islas procedentes de Am\u00e9rica. Adem\u00e1s, suponen un importante patrimonio gen\u00e9tico de incalculable valor, que est\u00e1n protegidas mediante la denominaci\u00f3n de origen protegida de \u201cPapas Antiguas de Canarias\u201d desde el 2011 (Figura 1).<\/p>\n<p>Las \u201cpapas antiguas\u201d han formado parte esencial de la dieta b\u00e1sica de la poblaci\u00f3n canaria,\u00a0 y por ello est\u00e1n estrechamente vinculadas a nuestras tradiciones y a nuestra cultura. Son muy apreciadas en la gastronom\u00eda local y se consideran un ingrediente esencial de muchos platos tradicionales. Se caracterizan por su sabor intenso y su textura cremosa, lo que las hace ideales para preparar una gran variedad de platos, desde las cl\u00e1sicas \u00abpapas arrugadas\u00bb hasta guisos y potajes. Actualmente, asistimos a una revalorizaci\u00f3n de su potencial gastron\u00f3mico de la mano de la cocina de autor que ha descubierto su singularidad y calidad.<\/p>\n<p>La batata o boniato tambi\u00e9n proviene de Am\u00e9rica, llegando a Europa de la mano de Crist\u00f3bal Col\u00f3n en su primer viaje. En Canarias se cultivaron desde la primera mitad del siglo XV. Tenerife, la Palma y Lanzarote albergan una gran cantidad de variedades locales: <i>cubana, rajadilla<\/i>, <i>de Lanzarote, yema huevo, venturera, sierra morena,<\/i> etc., siendo el Parque Rural de Anaga una de las zonas con mayor diversidad de batatas en Tenerife.<\/p>\n<p>La batata forma parte de la cocina tradicional de isla, donde habitualmente se consume guisada como acompa\u00f1amiento de platos de carne y pescado; aunque tambi\u00e9n se utilizan en reposter\u00eda, sobre todo como relleno de las truchas, elaboradas a partir de una masa fina de harina, huevo y az\u00facar, rellena de batatas y almendras.[\/vc_column_text][vc_empty_space][vc_media_grid element_width=\u00bb3&#8243; grid_id=\u00bbvc_gid:1745313043261-d2adb30c-3609-3&#8243; include=\u00bb1421,1423,1424,1426&#8243;][vc_empty_space height=\u00bb64px\u00bb][vc_column_text]<\/p>\n<h2>Bibliograf\u00eda<\/h2>\n<p>CASA\u00d1AS RIVERO, R., et al. Chemical composition of eight cultivars of potatoes. Application of multivariate analysis. En l\u00ednea. <i>Acta Alimentaria<\/i>, 2009, 38 (4), pp. 405-414. ISSN 1588-2535. Disponible en: <a href=\"https:\/\/akjournals.com\/view\/journals\/066\/38\/4\/article-p405.xml\" target=\"_blank\" rel=\"noopener\">https:\/\/akjournals.com\/view\/journals\/066\/38\/4\/article-p405.xml<\/a>.\u00a0 [Consulta: 4-4-2025]<\/p>\n<p>CCBAT. Centro de Conservaci\u00f3n de la Biodiversidad Agr\u00edcola de Tenerife. En l\u00ednea. Disponible en: <a href=\"https:\/\/ccbat.es\/\" target=\"_blank\" rel=\"noopener\">https:\/\/ccbat.es\/<\/a>. [Consulta: 4-4-2025]<\/p>\n<p>Desiree Afonso Hern\u00e1ndez. Centro Conservaci\u00f3n de la Biodiversidad Agr\u00edcola de Tenerife.<\/p>\n<p>HAWKES, J.G., FRANCISCO-ORTEGA, J. The early history of the potato in Europe. En l\u00ednea. <i>Euphytica<\/i>, 1993, 70, 1-7, pp. 1-7. ISSN 0014-2336.<\/p>\n<p>ICCA. Instituto de Calidad Agroalimentaria. <i>Papas antiguas de Canarias<\/i>.\u00a0 En l\u00ednea. Disponible en: <a href=\"https:\/\/www.gobiernodecanarias.org\/agpsa\/icca\/temas\/productos_calidad\/papas\/\" target=\"_blank\" rel=\"noopener\">https:\/\/www.gobiernodecanarias.org\/agpsa\/icca\/temas\/productos_calidad\/papas\/<\/a>. [Consulta: 4-4-2025]<\/p>\n<p>MINISTERIO DE AGRICULTURA, PESCA Y ALIMENTACI\u00d3N. <i>Papas Antiguas de Canarias<\/i>. En l\u00ednea [2007]. Disponible en: <a href=\"https:\/\/papasantiguasdecanarias.org\/dop_normativa.php\" target=\"_blank\" rel=\"noopener\">https:\/\/papasantiguasdecanarias.org\/dop_normativa.php<\/a>. [Consulta: 4-4-2025]<\/p>\n<p>R\u00cdOS, D., et al. What is the Origin of the European potato? Evidence from Canary Island Landraces. En l\u00ednea. <i>Crop Science<\/i>, 2007, 47, 3, pp. 1271-1280. ISSN 1435-0653. Disponible en: <a href=\"https:\/\/acsess.onlinelibrary.wiley.com\/doi\/full\/10.2135\/cropsci2006.05.0336\" target=\"_blank\" rel=\"noopener\">https:\/\/acsess.onlinelibrary.wiley.com\/doi\/full\/10.2135\/cropsci2006.05.0336<\/a>. [Consulta: 4-4-2025]<\/p>\n<p>R\u00cdOS MESA, D. <i>Las Papas Antiguas de Tenerife. Introducci\u00f3n al cultivo y principales variedades<\/i>. En l\u00ednea. Tenerife: Centro Conservaci\u00f3n de la Biodiversidad Agr\u00edcola de Tenerife. Servicio T\u00e9cnico de Agricultura y Desarrollo Rural. Cabildo de Tenerife, 2012.ISBN: 978-84-15012-01-6. Disponible en:\u00a0 <a href=\"https:\/\/mdc.ulpgc.es\/s\/mdcte\/item\/269866\" target=\"_blank\" rel=\"noopener\">https:\/\/mdc.ulpgc.es\/s\/mdcte\/item\/269866<\/a>. [Consulta: 4-4-2025]<\/p>\n<p>RODR\u00cdGUEZ-GALD\u00d3N, B., et al. Influence of the cultivar on the organic acid and sugar composition of potatoes. En l\u00ednea. <i>Journal of the Science of Food and Agriculture<\/i>, 2010, 90, pp. 2301-2309. ISSN 1097-0010. Disponible en: <a href=\"https:\/\/scijournals.onlinelibrary.wiley.com\/doi\/10.1002\/jsfa.4086\" target=\"_blank\" rel=\"noopener\">https:\/\/scijournals.onlinelibrary.wiley.com\/doi\/10.1002\/jsfa.4086<\/a>. [Consulta: 4-4-2025]<\/p>\n<p>RODR\u00cdGUEZ-GALD\u00d3N, B., et al. Differentiation of potato cultivars experimentally cultivated based on their chemical composition and by applying linear discriminant analysis. En l\u00ednea. <i>Food Chemistry<\/i>, 2012, 133,4, pp. 1241-1248. ISSN 0308-8146. Disponible en: <a href=\"https:\/\/www.sciencedirect.com\/science\/article\/pii\/S030881461101449X\" target=\"_blank\" rel=\"noopener\">https:\/\/www.sciencedirect.com\/science\/article\/pii\/S030881461101449X<\/a>. [Consulta: 4-4-2025][\/vc_column_text][vc_empty_space][vc_row_inner][vc_column_inner width=\u00bb1\/2&#8243;][vc_btn title=\u00bbEnlace al cat\u00e1logo de la obra expuesta\u00bb style=\u00bbflat\u00bb link=\u00bburl:https%3A%2F%2Fabsysnetweb.bbtk.ull.es%2Fcgi-bin%2Fabnetopac%3FACC%3DDOSEARCH%26xsqf99%3D(2025EXPINUTRICION%20PapaBatata).t950.|target:_blank\u00bb][\/vc_column_inner][vc_column_inner width=\u00bb1\/2&#8243;][vc_btn title=\u00bbM\u00e1s informaci\u00f3n\u00bb style=\u00bbflat\u00bb link=\u00bburl:https%3A%2F%2Fabsysnetweb.bbtk.ull.es%2Fcgi-bin%2Fabnetopac%3FACC%3DDOSEARCH%26xsqf99%3D((BONIATO%20O%20BATATA%20O%20PAPA)%20Y%20(CULTIVO%20o%20COMERCI*)%20Y%20CANARIAS).T245%2CT505.|target:_blank\u00bb][\/vc_column_inner][\/vc_row_inner][\/vc_column][\/vc_row][vc_row gap=\u00bb30&#8243; css=\u00bb.vc_custom_1727697933407{padding-right: 90px !important;padding-left: 90px !important;background-color: #ffffff !important;}\u00bb][vc_column width=\u00bb1\/3&#8243;][vc_separator color=\u00bbcustom\u00bb accent_color=\u00bb#8e8e8e\u00bb][\/vc_column][vc_column width=\u00bb2\/3&#8243;][vc_separator color=\u00bbcustom\u00bb accent_color=\u00bb#8e8e8e\u00bb][vc_row_inner][vc_column_inner][vc_single_image image=\u00bb1316&#8243; alignment=\u00bbcenter\u00bb onclick=\u00bbcustom_link\u00bb img_link_target=\u00bb_blank\u00bb link=\u00bbhttps:\/\/www.ull.es\u00bb][\/vc_column_inner][\/vc_row_inner][vc_row_inner][vc_column_inner width=\u00bb1\/3&#8243;][vc_single_image image=\u00bb1332&#8243; alignment=\u00bbcenter\u00bb onclick=\u00bbcustom_link\u00bb img_link_target=\u00bb_blank\u00bb link=\u00bbhttps:\/\/www.museosdetenerife.org\/mha-museo-de-historia-y-antropologia\/museo\/presentacion\/\u00bb][\/vc_column_inner][vc_column_inner width=\u00bb1\/3&#8243;][vc_single_image image=\u00bb1320&#8243; alignment=\u00bbcenter\u00bb onclick=\u00bbcustom_link\u00bb img_link_target=\u00bb_blank\u00bb link=\u00bbhttps:\/\/www.casadelamiel.org\/es\u00bb][\/vc_column_inner][vc_column_inner width=\u00bb1\/3&#8243;][vc_single_image image=\u00bb1344&#8243; alignment=\u00bbcenter\u00bb onclick=\u00bbcustom_link\u00bb img_link_target=\u00bb_blank\u00bb link=\u00bbhttp:\/\/gastronomiatlantica.com\/\u00bb][\/vc_column_inner][\/vc_row_inner][\/vc_column][\/vc_row]<\/p>\n","protected":false},"excerpt":{"rendered":"<p>[vc_row gap=\u00bb35&#8243; equal_height=\u00bbyes\u00bb content_placement=\u00bbbottom\u00bb css=\u00bb.vc_custom_1727692271162{background-position: center !important;background-repeat: no-repeat !important;background-size: cover !important;}\u00bb][vc_column width=\u00bb1\/3&#8243;][vc_single_image image=\u00bb1312&#8243; img_size=\u00bbmedium\u00bb][\/vc_column][vc_column width=\u00bb2\/3&#8243;][\/vc_column][\/vc_row][vc_row gap=\u00bb35&#8243; content_placement=\u00bbtop\u00bb css=\u00bb.vc_custom_1727692820016{padding-right: 90px !important;padding-left: 90px !important;background-color: #ffffff !important;}\u00bb][vc_column width=\u00bb1\/3&#8243;][vc_separator][vc_custom_heading source=\u00bbpost_title\u00bb font_container=\u00bbtag:h1|font_size:1.8em|text_align:left|color:%23000000|line_height:100%25&#8243; google_fonts=\u00bbfont_family:Roboto%3A100%2C100italic%2C300%2C300italic%2Cregular%2Citalic%2C500%2C500italic%2C700%2C700italic%2C900%2C900italic|font_style:300%20light%20regular%3A300%3Anormal\u00bb][vc_column_text]Elena M\u00aa Rodr\u00edguez Rodr\u00edguez[\/vc_column_text][\/vc_column][vc_column width=\u00bb2\/3&#8243;][vc_separator][vc_column_text]La papa Solanum tubersoum L. fue introducida en Canarias hace m\u00e1s de 450 a\u00f1os, posiblemente procedente de Per\u00fa. La primera referencia documentada de su&#8230;<\/p>\n","protected":false},"author":14,"featured_media":0,"parent":0,"menu_order":0,"comment_status":"closed","ping_status":"closed","template":"templates\/template-no-title.php","meta":{"footnotes":""},"class_list":["post-1431","page","type-page","status-publish","hentry"],"_links":{"self":[{"href":"https:\/\/www.ull.es\/eventos\/de-cocina-a-libros\/wp-json\/wp\/v2\/pages\/1431"}],"collection":[{"href":"https:\/\/www.ull.es\/eventos\/de-cocina-a-libros\/wp-json\/wp\/v2\/pages"}],"about":[{"href":"https:\/\/www.ull.es\/eventos\/de-cocina-a-libros\/wp-json\/wp\/v2\/types\/page"}],"author":[{"embeddable":true,"href":"https:\/\/www.ull.es\/eventos\/de-cocina-a-libros\/wp-json\/wp\/v2\/users\/14"}],"replies":[{"embeddable":true,"href":"https:\/\/www.ull.es\/eventos\/de-cocina-a-libros\/wp-json\/wp\/v2\/comments?post=1431"}],"version-history":[{"count":3,"href":"https:\/\/www.ull.es\/eventos\/de-cocina-a-libros\/wp-json\/wp\/v2\/pages\/1431\/revisions"}],"predecessor-version":[{"id":1569,"href":"https:\/\/www.ull.es\/eventos\/de-cocina-a-libros\/wp-json\/wp\/v2\/pages\/1431\/revisions\/1569"}],"wp:attachment":[{"href":"https:\/\/www.ull.es\/eventos\/de-cocina-a-libros\/wp-json\/wp\/v2\/media?parent=1431"}],"curies":[{"name":"wp","href":"https:\/\/api.w.org\/{rel}","templated":true}]}}