{"id":1562,"date":"2025-04-22T09:05:41","date_gmt":"2025-04-22T09:05:41","guid":{"rendered":"https:\/\/www.ull.es\/eventos\/de-cocina-a-libros\/?page_id=1562"},"modified":"2025-04-22T09:09:16","modified_gmt":"2025-04-22T09:09:16","slug":"1562-2","status":"publish","type":"page","link":"https:\/\/www.ull.es\/eventos\/de-cocina-a-libros\/1562-2\/","title":{"rendered":"Alimentaci\u00f3n y salud en Canarias"},"content":{"rendered":"<p>[vc_row gap=\u00bb35&#8243; equal_height=\u00bbyes\u00bb content_placement=\u00bbbottom\u00bb css=\u00bb.vc_custom_1727692271162{background-position: center !important;background-repeat: no-repeat !important;background-size: cover !important;}\u00bb][vc_column width=\u00bb1\/3&#8243;][vc_single_image image=\u00bb1312&#8243; img_size=\u00bbmedium\u00bb][\/vc_column][vc_column width=\u00bb2\/3&#8243;][\/vc_column][\/vc_row][vc_row gap=\u00bb35&#8243; content_placement=\u00bbtop\u00bb css=\u00bb.vc_custom_1727692820016{padding-right: 90px !important;padding-left: 90px !important;background-color: #ffffff !important;}\u00bb][vc_column width=\u00bb1\/3&#8243;][vc_separator][vc_custom_heading source=\u00bbpost_title\u00bb font_container=\u00bbtag:h1|font_size:1.8em|text_align:left|color:%23000000|line_height:100%25&#8243; google_fonts=\u00bbfont_family:Roboto%3A100%2C100italic%2C300%2C300italic%2Cregular%2Citalic%2C500%2C500italic%2C700%2C700italic%2C900%2C900italic|font_style:300%20light%20regular%3A300%3Anormal\u00bb][vc_column_text]<strong>Mar\u00eda Magdalena Echezarreta L\u00f3pez<\/strong>[\/vc_column_text][\/vc_column][vc_column width=\u00bb2\/3&#8243;][vc_separator][vc_column_text]En la \u00e9poca prehisp\u00e1nica de Canarias, la dieta se basaba principalmente en vegetales, carnes y pescados que contribuyeron a la buena salud de la poblaci\u00f3n. Con la conquista del archipi\u00e9lago y el descubrimiento de Am\u00e9rica en 1492, se introdujeron nuevos alimentos que transformaron los h\u00e1bitos alimenticios. El choque cultural entre los abor\u00edgenes y los conquistadores europeos qued\u00f3 reflejado en la cr\u00f3nica normanda\u00a0 <i>Le Canarien<\/i> del siglo XV, que destacaba la fortaleza y robustez de los pobladores de las islas.<\/p>\n<p>La influencia de la alimentaci\u00f3n en la salud de los abor\u00edgenes ha sido analizada, entre otros, por historiadores como Juan Bosch Millares en <i>La medicina canaria en la \u00e9poca de la prehistoria<\/i> (1962). Leonardo Torriani en el siglo XVI resalta la relaci\u00f3n entre dieta y salud, mencionando la calidad del aire y una alimentaci\u00f3n poco variada pero equilibrada. Entre los siglos XVII y XVIII, estudios como los de Juan N\u00fa\u00f1ez de la Pe\u00f1a y Tom\u00e1s Mar\u00edn y Cubas aportaron informaci\u00f3n sobre el uso medicinal de ciertos alimentos.<\/p>\n<p>A lo largo de los siglos, la salud de la poblaci\u00f3n canaria estuvo influenciada por la econom\u00eda y el comercio. La entrada y salida de mercanc\u00edas facilit\u00f3 la propagaci\u00f3n de enfermedades como la peste, el tifus y la fiebre amarilla. Tanto los productos alimenticios transportados como las tripulaciones de los barcos pod\u00edan ser portadoras de agentes pat\u00f3genos, lo que provoc\u00f3 el establecimiento de controles sanitarios.<\/p>\n<p>A finales del siglo XVIII y principios del XIX, los avances cient\u00edficos permitieron profundizar en el estudio de la alimentaci\u00f3n. Se identificaron los macronutrientes, se desarrollaron estudios sobre la calorimetr\u00eda de los alimentos y se acu\u00f1\u00f3 el t\u00e9rmino \u00abvitamina\u00bb, asoci\u00e1ndolo con enfermedades carenciales como el escorbuto, el beriberi, el raquitismo y la pelagra.<\/p>\n<p>Durante los siglos XIX y XX, Canarias sufri\u00f3 los efectos de la inestabilidad econ\u00f3mica en Espa\u00f1a y Europa, agravados por guerras mundiales y sequ\u00edas. Esto provoc\u00f3 hambrunas y crisis alimentarias que afectaron a la salud de la poblaci\u00f3n. Para mitigar estos efectos, las administraciones sanitarias locales implementaron medidas y organismos como la Junta Suprema de Sanidad, regularon normas sanitarias, ordenaron la construcci\u00f3n de hospitales y lazaretos, y promovieron leyes para garantizar la alimentaci\u00f3n de los m\u00e1s necesitados. Las \u00f3rdenes religiosas desempe\u00f1aron un papel clave en la atenci\u00f3n a los enfermos.<\/p>\n<p>M\u00e9dicos, cirujanos y boticarios empleaban remedios naturales como miel, vinagre, cacao, hierbas arom\u00e1ticas, leche, manteca y minerales como el azufre y el caol\u00edn. De esta manera, la alimentaci\u00f3n se convirti\u00f3 en un pilar de la prevenci\u00f3n sanitaria.<\/p>\n<p>A partir de 1950, Canarias experiment\u00f3 un cambio significativo en su alimentaci\u00f3n debido al desarrollo industrial y tecnol\u00f3gico. Se implementaron sistemas de tratamientos de agua, como plantas desalinizadoras, y se mejoraron las comunicaciones. La llegada de productos manufacturados impuls\u00f3 el sector tur\u00edstico. Paralelamente, la nutrici\u00f3n avanz\u00f3 como ciencia, permitiendo comprender la importancia de las vitaminas, las prote\u00ednas y los minerales en la prevenci\u00f3n de las enfermedades.<\/p>\n<p>En las \u00faltimas d\u00e9cadas del siglo XX, la industria alimentaria increment\u00f3 el uso de az\u00facares refinados, sal y aditivos qu\u00edmicos en los alimentos procesados. Las investigaciones comenzaron a vincular estos cambios con las enfermedades metab\u00f3licas y con los efectos negativos de los productos fitosanitarios y contaminantes en la alimentaci\u00f3n.<\/p>\n<p>Actualmente, la dieta en Canarias es un factor clave en la salud p\u00fablica. La diabetes, la obesidad y las enfermedades cardiovasculares est\u00e1n en aumento debido al consumo de comida r\u00e1pida y ultraprocesada, la reducci\u00f3n del consumo de pescado, frutas y verduras, y la disminuci\u00f3n de la actividad f\u00edsica. Mientras algunos consideran la alimentaci\u00f3n como una fuente de placer y socializaci\u00f3n, otros la perciben como un problema de salud influenciado por los est\u00e1ndares est\u00e9ticos promovidos en los medios y redes sociales.<\/p>\n<p>Las instituciones sanitarias han planificado estrategias de prevenci\u00f3n y educaci\u00f3n sobre la relaci\u00f3n entre alimentaci\u00f3n y salud, estableciendo regulaciones para la producci\u00f3n y consumo de alimentos. La investigaci\u00f3n sobre la microbiota intestinal ha revelado su impacto en enfermedades mentales e inmunol\u00f3gicas, reforzando la importancia de una dieta equilibrada.<\/p>\n<p>En el siglo XXI, la legislaci\u00f3n regula el contenido, etiquetado y conservaci\u00f3n de los alimentos. Se realizan campa\u00f1as de educaci\u00f3n nutricional, existen sistemas de etiquetado como <i>NutriScore<\/i>. La nutrici\u00f3n sigue evolucionando como una disciplina clave en la salud p\u00fablica, con el reto de equilibrar avances tecnol\u00f3gicos, h\u00e1bitos alimentarios y sostenibilidad. Sin embargo, el acceso a una alimentaci\u00f3n saludable sigue siendo un desaf\u00edo, especialmente debido al encarecimiento de los alimentos y la creciente pobreza alimentaria.[\/vc_column_text][vc_empty_space height=\u00bb64px\u00bb][\/vc_column][\/vc_row][vc_row gap=\u00bb30&#8243; css=\u00bb.vc_custom_1727697933407{padding-right: 90px !important;padding-left: 90px !important;background-color: #ffffff !important;}\u00bb][vc_column width=\u00bb1\/3&#8243;][vc_separator color=\u00bbcustom\u00bb accent_color=\u00bb#8e8e8e\u00bb][\/vc_column][vc_column width=\u00bb2\/3&#8243;][vc_separator color=\u00bbcustom\u00bb accent_color=\u00bb#8e8e8e\u00bb][vc_row_inner][vc_column_inner][vc_single_image image=\u00bb1316&#8243; alignment=\u00bbcenter\u00bb onclick=\u00bbcustom_link\u00bb img_link_target=\u00bb_blank\u00bb link=\u00bbhttps:\/\/www.ull.es\u00bb][\/vc_column_inner][\/vc_row_inner][vc_row_inner][vc_column_inner width=\u00bb1\/3&#8243;][vc_single_image image=\u00bb1332&#8243; alignment=\u00bbcenter\u00bb onclick=\u00bbcustom_link\u00bb img_link_target=\u00bb_blank\u00bb link=\u00bbhttps:\/\/www.museosdetenerife.org\/mha-museo-de-historia-y-antropologia\/museo\/presentacion\/\u00bb][\/vc_column_inner][vc_column_inner width=\u00bb1\/3&#8243;][vc_single_image image=\u00bb1320&#8243; alignment=\u00bbcenter\u00bb onclick=\u00bbcustom_link\u00bb img_link_target=\u00bb_blank\u00bb link=\u00bbhttps:\/\/www.casadelamiel.org\/es\u00bb][\/vc_column_inner][vc_column_inner width=\u00bb1\/3&#8243;][vc_single_image image=\u00bb1344&#8243; alignment=\u00bbcenter\u00bb onclick=\u00bbcustom_link\u00bb img_link_target=\u00bb_blank\u00bb link=\u00bbhttp:\/\/gastronomiatlantica.com\/\u00bb][\/vc_column_inner][\/vc_row_inner][\/vc_column][\/vc_row]<\/p>\n","protected":false},"excerpt":{"rendered":"<p>[vc_row gap=\u00bb35&#8243; equal_height=\u00bbyes\u00bb content_placement=\u00bbbottom\u00bb css=\u00bb.vc_custom_1727692271162{background-position: center !important;background-repeat: no-repeat !important;background-size: cover !important;}\u00bb][vc_column width=\u00bb1\/3&#8243;][vc_single_image image=\u00bb1312&#8243; img_size=\u00bbmedium\u00bb][\/vc_column][vc_column width=\u00bb2\/3&#8243;][\/vc_column][\/vc_row][vc_row gap=\u00bb35&#8243; content_placement=\u00bbtop\u00bb css=\u00bb.vc_custom_1727692820016{padding-right: 90px !important;padding-left: 90px !important;background-color: #ffffff !important;}\u00bb][vc_column width=\u00bb1\/3&#8243;][vc_separator][vc_custom_heading source=\u00bbpost_title\u00bb font_container=\u00bbtag:h1|font_size:1.8em|text_align:left|color:%23000000|line_height:100%25&#8243; google_fonts=\u00bbfont_family:Roboto%3A100%2C100italic%2C300%2C300italic%2Cregular%2Citalic%2C500%2C500italic%2C700%2C700italic%2C900%2C900italic|font_style:300%20light%20regular%3A300%3Anormal\u00bb][vc_column_text]Mar\u00eda Magdalena Echezarreta L\u00f3pez[\/vc_column_text][\/vc_column][vc_column width=\u00bb2\/3&#8243;][vc_separator][vc_column_text]En la \u00e9poca prehisp\u00e1nica de Canarias, la dieta se basaba principalmente en vegetales, carnes y pescados que contribuyeron a la buena salud de la&#8230;<\/p>\n","protected":false},"author":14,"featured_media":0,"parent":0,"menu_order":0,"comment_status":"closed","ping_status":"closed","template":"templates\/template-no-title.php","meta":{"footnotes":""},"class_list":["post-1562","page","type-page","status-publish","hentry"],"_links":{"self":[{"href":"https:\/\/www.ull.es\/eventos\/de-cocina-a-libros\/wp-json\/wp\/v2\/pages\/1562"}],"collection":[{"href":"https:\/\/www.ull.es\/eventos\/de-cocina-a-libros\/wp-json\/wp\/v2\/pages"}],"about":[{"href":"https:\/\/www.ull.es\/eventos\/de-cocina-a-libros\/wp-json\/wp\/v2\/types\/page"}],"author":[{"embeddable":true,"href":"https:\/\/www.ull.es\/eventos\/de-cocina-a-libros\/wp-json\/wp\/v2\/users\/14"}],"replies":[{"embeddable":true,"href":"https:\/\/www.ull.es\/eventos\/de-cocina-a-libros\/wp-json\/wp\/v2\/comments?post=1562"}],"version-history":[{"count":4,"href":"https:\/\/www.ull.es\/eventos\/de-cocina-a-libros\/wp-json\/wp\/v2\/pages\/1562\/revisions"}],"predecessor-version":[{"id":1566,"href":"https:\/\/www.ull.es\/eventos\/de-cocina-a-libros\/wp-json\/wp\/v2\/pages\/1562\/revisions\/1566"}],"wp:attachment":[{"href":"https:\/\/www.ull.es\/eventos\/de-cocina-a-libros\/wp-json\/wp\/v2\/media?parent=1562"}],"curies":[{"name":"wp","href":"https:\/\/api.w.org\/{rel}","templated":true}]}}