{"id":128,"date":"2023-04-19T07:32:51","date_gmt":"2023-04-19T07:32:51","guid":{"rendered":"https:\/\/www.ull.es\/eventos\/de-libros-y-otras-hierbas\/?page_id=128"},"modified":"2023-04-27T12:30:48","modified_gmt":"2023-04-27T12:30:48","slug":"investigaciones-sobre-botanica-en-la-universidad-de-la-laguna","status":"publish","type":"page","link":"https:\/\/www.ull.es\/eventos\/de-libros-y-otras-hierbas\/investigaciones-sobre-botanica-en-la-universidad-de-la-laguna\/","title":{"rendered":"Investigaciones sobre bot\u00e1nica en la Universidad de La Laguna"},"content":{"rendered":"<p>[vc_row gap=\u00bb35&#8243;][vc_column width=\u00bb1\/3&#8243;][\/vc_column][vc_column width=\u00bb2\/3&#8243;][vc_single_image image=\u00bb254&#8243; img_size=\u00bbmedium\u00bb css=\u00bb.vc_custom_1682598353733{padding-top: 30px !important;}\u00bb][\/vc_column][\/vc_row][vc_row][vc_column][vc_separator][\/vc_column][\/vc_row][vc_row gap=\u00bb35&#8243;][vc_column width=\u00bb1\/3&#8243;][vc_custom_heading text=\u00bbInvestigaciones sobre bot\u00e1nica en la Universidad de La Laguna\u00bb font_container=\u00bbtag:h1|font_size:1.2%20em|text_align:right\u00bb google_fonts=\u00bbfont_family:Inconsolata%3Aregular%2C700|font_style:400%20regular%3A400%3Anormal\u00bb][vc_separator][vc_row_inner css=\u00bb.vc_custom_1682598440224{background-image: url(http:\/\/www.ull.es\/eventos\/de-libros-y-otras-hierbas\/wp-content\/uploads\/sites\/53\/2023\/04\/8-scaled.jpg?id=44) !important;background-position: center !important;background-repeat: no-repeat !important;background-size: cover !important;border-radius: 10px !important;}\u00bb][vc_column_inner][vc_empty_space height=\u00bb700px\u00bb][\/vc_column_inner][\/vc_row_inner][\/vc_column][vc_column width=\u00bb2\/3&#8243;][vc_row_inner][vc_column_inner width=\u00bb3\/4&#8243;][vc_empty_space height=\u00bb64px\u00bb][vc_column_text]Desde el punto de vista de la qu\u00edmica, Antonio Gonz\u00e1lez Gonz\u00e1lez desarroll\u00f3 una amplia investigaci\u00f3n sobre la qu\u00edmica de las plantas canarias. Posteriormente ampli\u00f3 sus estudios a plantas de Latinoam\u00e9rica, donde sus disc\u00edpulos fundaron l\u00edneas de investigaci\u00f3n sobre fitoqu\u00edmica en sus respectivas universidades y establecieron una red de colaboraci\u00f3n con el Instituto Universitario de Bio-Org\u00e1nica que lleva su nombre.<\/p>\n<p>Con la fundaci\u00f3n de la Facultad de Ciencias, en 1966, la bot\u00e1nica, especialmente la taxonom\u00eda, da un paso cualitativo en la ULL. Los estudios de bot\u00e1nica se van diversificando progresivamente, y se crean las l\u00edneas de investigaci\u00f3n de flora y vegetaci\u00f3n canaria, ficolog\u00eda (estudio de las algas), micolog\u00eda (estudio de los hongos), liquenolog\u00eda (estudio de los l\u00edquenes), briolog\u00eda (estudio de los bri\u00f3fitos), palinolog\u00eda (estudio del polen y las esporas), etnobot\u00e1nica (estudio de los usos de las plantas por el ser humano) y conservaci\u00f3n.<\/p>\n<p>Desde entonces, el conocimiento de la biodiversidad vegetal se ha ampliado notablemente, con m\u00e1s de 1500 art\u00edculos cient\u00edficos publicados, y m\u00e1s de 120 especies, subespecies, variedades e h\u00edbridos de algas, hongos, l\u00edquenes, bri\u00f3fitos y plantas vasculares nuevas para la ciencia.<\/p>\n<p>Como consecuencia de estos trabajos taxon\u00f3micos, el Herbario TFC alberga m\u00e1s de 130 000 muestras (53 000 de plantas vasculares, 24 000 de hongos, 22 000 de bri\u00f3fitos, 17 000 de l\u00edquenes y 15 000 de algas), entre los que tambi\u00e9n se encuentran muestras testigo de trabajos gen\u00e9ticos y fitoqu\u00edmicos desarrollados por investigadores locales e internacionales.<\/p>\n<p>Otras \u00e1reas de la Universidad realizan investigaciones punteras en agricultura, arqueolog\u00eda, bioqu\u00edmica, citolog\u00eda e histolog\u00eda vegetal, ecolog\u00eda, farmacolog\u00eda, fisiolog\u00eda vegetal, fitopatolog\u00eda, fitoqu\u00edmica, gen\u00e9tica, geograf\u00eda, geolog\u00eda, historia, microbiolog\u00eda y paleontolog\u00eda, siendo estas disciplinas cient\u00edficas claves para el estudio de la bot\u00e1nica canaria, del mismo modo que la bot\u00e1nica taxon\u00f3mica es un pilar para la investigaci\u00f3n cient\u00edfica de muchas de estas disciplinas.[\/vc_column_text][vc_empty_space][vc_btn title=\u00bbEnlace a las obras expuestas\u00bb style=\u00bbflat\u00bb color=\u00bbchino\u00bb align=\u00bbleft\u00bb button_block=\u00bbtrue\u00bb link=\u00bburl:https%3A%2F%2Fabsysnetweb.bbtk.ull.es%2Fcgi-bin%2Fabnetopac%3FACC%3DDOSEARCH%26xsqf99%3D(2023EXPIBOTANICA%20Investigacion).t950.\u00bb][vc_empty_space][\/vc_column_inner][vc_column_inner width=\u00bb1\/4&#8243;][\/vc_column_inner][\/vc_row_inner][vc_separator][vc_row_inner gap=\u00bb35&#8243;][vc_column_inner width=\u00bb1\/2&#8243;][vc_btn title=\u00bbDisciplinas en red\u00bb style=\u00bbflat\u00bb i_icon_fontawesome=\u00bbfas fa-arrow-left\u00bb add_icon=\u00bbtrue\u00bb link=\u00bburl:https%3A%2F%2Fwww.ull.es%2Feventos%2Fde-libros-y-otras-hierbas%2F124-2%2F|title:Red%20esquema\u00bb][\/vc_column_inner][vc_column_inner width=\u00bb1\/2&#8243;][vc_btn title=\u00bbAntonio Gonz\u00e1lez y Wolfredo Wildpret: pioneros en los estudios de la flora canaria\u00bb style=\u00bbflat\u00bb i_align=\u00bbright\u00bb i_icon_fontawesome=\u00bbfas fa-arrow-right\u00bb add_icon=\u00bbtrue\u00bb link=\u00bburl:https%3A%2F%2Fwww.ull.es%2Feventos%2Fde-libros-y-otras-hierbas%2Fantonio-gonzalez-y-wolfredo-wildpret-pioneros-en-los-estudios-de-la-flora-canaria%2F|title:Antonio%20Gonz%C3%A1lez%20y%20Wolfredo%20Wildpret%3A%20pioneros%20en%20los%20estudios%20de%20la%20flora%20canaria\u00bb][\/vc_column_inner][\/vc_row_inner][\/vc_column][\/vc_row]<\/p>\n","protected":false},"excerpt":{"rendered":"<p>[vc_row gap=\u00bb35&#8243;][vc_column width=\u00bb1\/3&#8243;][\/vc_column][vc_column width=\u00bb2\/3&#8243;][vc_single_image image=\u00bb254&#8243; img_size=\u00bbmedium\u00bb css=\u00bb.vc_custom_1682598353733{padding-top: 30px !important;}\u00bb][\/vc_column][\/vc_row][vc_row][vc_column][vc_separator][\/vc_column][\/vc_row][vc_row gap=\u00bb35&#8243;][vc_column width=\u00bb1\/3&#8243;][vc_custom_heading text=\u00bbInvestigaciones sobre bot\u00e1nica en la Universidad de La Laguna\u00bb font_container=\u00bbtag:h1|font_size:1.2%20em|text_align:right\u00bb google_fonts=\u00bbfont_family:Inconsolata%3Aregular%2C700|font_style:400%20regular%3A400%3Anormal\u00bb][vc_separator][vc_row_inner css=\u00bb.vc_custom_1682598440224{background-image: url(http:\/\/www.ull.es\/eventos\/de-libros-y-otras-hierbas\/wp-content\/uploads\/sites\/53\/2023\/04\/8-scaled.jpg?id=44) !important;background-position: center !important;background-repeat: no-repeat !important;background-size: cover !important;border-radius: 10px !important;}\u00bb][vc_column_inner][vc_empty_space height=\u00bb700px\u00bb][\/vc_column_inner][\/vc_row_inner][\/vc_column][vc_column width=\u00bb2\/3&#8243;][vc_row_inner][vc_column_inner width=\u00bb3\/4&#8243;][vc_empty_space height=\u00bb64px\u00bb][vc_column_text]Desde el punto de vista de la qu\u00edmica, Antonio Gonz\u00e1lez Gonz\u00e1lez desarroll\u00f3 una amplia investigaci\u00f3n sobre la qu\u00edmica de&#8230;<\/p>\n","protected":false},"author":14,"featured_media":0,"parent":0,"menu_order":0,"comment_status":"closed","ping_status":"closed","template":"templates\/template-no-title.php","meta":{"footnotes":""},"class_list":["post-128","page","type-page","status-publish","hentry"],"_links":{"self":[{"href":"https:\/\/www.ull.es\/eventos\/de-libros-y-otras-hierbas\/wp-json\/wp\/v2\/pages\/128"}],"collection":[{"href":"https:\/\/www.ull.es\/eventos\/de-libros-y-otras-hierbas\/wp-json\/wp\/v2\/pages"}],"about":[{"href":"https:\/\/www.ull.es\/eventos\/de-libros-y-otras-hierbas\/wp-json\/wp\/v2\/types\/page"}],"author":[{"embeddable":true,"href":"https:\/\/www.ull.es\/eventos\/de-libros-y-otras-hierbas\/wp-json\/wp\/v2\/users\/14"}],"replies":[{"embeddable":true,"href":"https:\/\/www.ull.es\/eventos\/de-libros-y-otras-hierbas\/wp-json\/wp\/v2\/comments?post=128"}],"version-history":[{"count":8,"href":"https:\/\/www.ull.es\/eventos\/de-libros-y-otras-hierbas\/wp-json\/wp\/v2\/pages\/128\/revisions"}],"predecessor-version":[{"id":304,"href":"https:\/\/www.ull.es\/eventos\/de-libros-y-otras-hierbas\/wp-json\/wp\/v2\/pages\/128\/revisions\/304"}],"wp:attachment":[{"href":"https:\/\/www.ull.es\/eventos\/de-libros-y-otras-hierbas\/wp-json\/wp\/v2\/media?parent=128"}],"curies":[{"name":"wp","href":"https:\/\/api.w.org\/{rel}","templated":true}]}}