{"id":139,"date":"2023-04-19T10:19:21","date_gmt":"2023-04-19T10:19:21","guid":{"rendered":"https:\/\/www.ull.es\/eventos\/de-libros-y-otras-hierbas\/?page_id=139"},"modified":"2023-04-27T12:57:18","modified_gmt":"2023-04-27T12:57:18","slug":"la-otra-vida-de-las-plantas","status":"publish","type":"page","link":"https:\/\/www.ull.es\/eventos\/de-libros-y-otras-hierbas\/la-otra-vida-de-las-plantas\/","title":{"rendered":"La otra vida de las plantas"},"content":{"rendered":"<p>[vc_row gap=\u00bb35&#8243;][vc_column width=\u00bb1\/3&#8243;][\/vc_column][vc_column width=\u00bb2\/3&#8243;][vc_single_image image=\u00bb254&#8243; img_size=\u00bbmedium\u00bb css=\u00bb.vc_custom_1682600141495{padding-top: 30px !important;}\u00bb][\/vc_column][\/vc_row][vc_row][vc_column][vc_separator][\/vc_column][\/vc_row][vc_row gap=\u00bb35&#8243;][vc_column width=\u00bb1\/3&#8243;][vc_custom_heading text=\u00bbLa otra vida de las plantas\u00bb font_container=\u00bbtag:h1|font_size:1.2%20em|text_align:right\u00bb google_fonts=\u00bbfont_family:Inconsolata%3Aregular%2C700|font_style:400%20regular%3A400%3Anormal\u00bb][vc_separator][vc_row_inner css=\u00bb.vc_custom_1682600182856{background-image: url(http:\/\/www.ull.es\/eventos\/de-libros-y-otras-hierbas\/wp-content\/uploads\/sites\/53\/2023\/04\/10-scaled.jpg?id=46) !important;background-position: center !important;background-repeat: no-repeat !important;background-size: cover !important;border-radius: 10px !important;}\u00bb][vc_column_inner][vc_empty_space height=\u00bb700px\u00bb][\/vc_column_inner][\/vc_row_inner][\/vc_column][vc_column width=\u00bb2\/3&#8243;][vc_row_inner][vc_column_inner width=\u00bb3\/4&#8243;][vc_empty_space height=\u00bb64px\u00bb][vc_column_text]El potencial farmacol\u00f3gico de plantas y hongos es desconocido por parte de la poblaci\u00f3n de los pa\u00edses desarrollados. Acostumbrados a obtener productos farmac\u00e9uticos para tratar pr\u00e1cticamente cualquier dolencia, no somos conscientes de que la mayor parte de los compuestos activos de los medicamentos han sido extra\u00eddos directamente o extra\u00eddos y posteriormente modificados a partir de plantas y hongos. Uno de los mayores avances m\u00e9dicos fue el empleo de la penicilina, antibi\u00f3tico aislado del hongo <i>Penicillium notatum<\/i>, que se estima ha salvado 200 millones de vidas desde los a\u00f1os 40 del siglo pasado.<\/p>\n<p>Por otro lado, las personas trasplantadas y algunos enfermos de psoriasis y dermatitis at\u00f3pica conocen bien la importancia de las ciclosporinas, aisladas del hongo <i>Tolypocladium inflatum<\/i>. Otra droga de uso com\u00fan es el \u00e1cido salic\u00edlico, modificado a \u00e1cido acetilsalic\u00edlico por la industria farmac\u00e9utica y empleado para el tratamiento sintom\u00e1tico del dolor y la fiebre, entre otras dolencias. Esta sustancia activa se estudi\u00f3 qu\u00edmicamente por primera vez de un extracto de corteza del sauce blanco (<i>Salix alba<\/i>).<\/p>\n<p>El conocimiento ancestral que muchas poblaciones aisladas en el planeta tienen de su biodiversidad vegetal ha sido empleado en el desarrollo industrial para la s\u00edntesis de nuevos productos farmacol\u00f3gicos. Con el fin de que exista la participaci\u00f3n justa y equitativa de los beneficios que se deriven de la utilizaci\u00f3n de los recursos (plantas) y del conocimiento de los mismos (para qu\u00e9 se usa la planta y c\u00f3mo), muchos pa\u00edses han firmado el Protocolo de Nagoya. Este protocolo internacional, derivado del Convenio de la Diversidad Biol\u00f3gica, contribuye a la conservaci\u00f3n de la biodiversidad y la utilizaci\u00f3n sostenible de sus componentes, obligando a las industrias implicadas (farmac\u00e9uticas, madereras, qu\u00edmicas, etc.) a revertir parte de sus beneficios en las poblaciones cuyos integrantes han servido de informantes.[\/vc_column_text][vc_empty_space][vc_media_grid element_width=\u00bb3&#8243; gap=\u00bb3&#8243; grid_id=\u00bbvc_gid:1682600061975-518d50ff-2054-7&#8243; include=\u00bb149,148,147&#8243;][vc_empty_space][\/vc_column_inner][vc_column_inner width=\u00bb1\/4&#8243;][\/vc_column_inner][\/vc_row_inner][vc_tta_accordion style=\u00bbflat\u00bb color=\u00bbchino\u00bb active_section=\u00bb\u00bb collapsible_all=\u00bbtrue\u00bb][vc_tta_section title=\u00bbPlantas medicinales\u00bb tab_id=\u00bb1681899436895-f60aee63-59a8&#8243;][vc_column_text]Uno de los libros sobre las propiedades medicinales de las plantas m\u00e1s conocido es la obra de Diosc\u00f3rides, pero ha habido muchos otros ejemplos a lo largo de la historia. El reconocimiento de las plantas \u00fatiles es tan importante como el de las t\u00f3xicas, algunas de ellas empleadas por algunas civilizaciones para quitar la vida a enemigos y reos, como es el caso de la cicuta, una planta mortal que comparte familia bot\u00e1nica con otras tan pr\u00f3ximas a nosotros como el perejil, el cilantro, la zanahoria o el hinojo. La fitoterapia sigue siendo el \u00fanico recurso que utilizan numerosos pueblos actualmente para la curaci\u00f3n de las enfermedades. \u00a1Qui\u00e9n sabe si a\u00fan desconocemos la planta que guarde el remedio de una enfermedad actualmente incurable o de enfermedades emergentes![\/vc_column_text][vc_btn title=\u00bbEnlace a las obras expuestas\u00bb style=\u00bbflat\u00bb color=\u00bbchino\u00bb align=\u00bbleft\u00bb button_block=\u00bbtrue\u00bb link=\u00bburl:https%3A%2F%2Fabsysnetweb.bbtk.ull.es%2Fcgi-bin%2Fabnetopac%3FACC%3DDOSEARCH%26xsqf99%3D(2023EXPIBOTANICA%20PMedicinales).t950.|title:Enlace%20a%20las%20obras%20expuestas\u00bb][vc_empty_space][\/vc_tta_section][vc_tta_section title=\u00bbEtnobot\u00e1nica\u00bb tab_id=\u00bb1681899436914-5291da1e-d308&#8243;][vc_column_text]La etnobot\u00e1nica es entendida como el estudio de las relaciones que existieron entre las plantas y los primeros habitantes canarios, c\u00f3mo se relacionaron y c\u00f3mo influyeron las plantas en el desarrollo de estas culturas.[\/vc_column_text][vc_btn title=\u00bbEnlace a las obras expuestas\u00bb style=\u00bbflat\u00bb color=\u00bbchino\u00bb align=\u00bbleft\u00bb button_block=\u00bbtrue\u00bb link=\u00bburl:https%3A%2F%2Fabsysnetweb.bbtk.ull.es%2Fcgi-bin%2Fabnetopac%3FACC%3DDOSEARCH%26xsqf99%3D(2023EXPIBOTANICA%20Etnobotanica).t950.|title:Enlace%20a%20las%20obras%20expuestas\u00bb][vc_empty_space][\/vc_tta_section][\/vc_tta_accordion][vc_empty_space][vc_separator][vc_row_inner gap=\u00bb35&#8243;][vc_column_inner width=\u00bb1\/2&#8243;][vc_btn title=\u00bbAntonio Gonz\u00e1lez y Wolfredo Wildpret: pioneros en los estudios de la flora canaria\u00bb style=\u00bbflat\u00bb i_icon_fontawesome=\u00bbfas fa-arrow-left\u00bb add_icon=\u00bbtrue\u00bb link=\u00bburl:https%3A%2F%2Fwww.ull.es%2Feventos%2Fde-libros-y-otras-hierbas%2Fantonio-gonzalez-y-wolfredo-wildpret-pioneros-en-los-estudios-de-la-flora-canaria%2F|title:Antonio%20Gonz%C3%A1lez%20y%20Wolfredo%20Wildpret%3A%20pioneros%20en%20los%20estudios%20de%20la%20flora%20canaria\u00bb][\/vc_column_inner][vc_column_inner width=\u00bb1\/2&#8243;][vc_btn title=\u00bbEl futuro de la bot\u00e1nica\u00bb style=\u00bbflat\u00bb i_align=\u00bbright\u00bb i_icon_fontawesome=\u00bbfas fa-arrow-right\u00bb add_icon=\u00bbtrue\u00bb link=\u00bburl:https%3A%2F%2Fwww.ull.es%2Feventos%2Fde-libros-y-otras-hierbas%2F145-2%2F|title:El%20futuro%20de%20la%20bot%C3%A1nica\u00bb][\/vc_column_inner][\/vc_row_inner][\/vc_column][\/vc_row]<\/p>\n","protected":false},"excerpt":{"rendered":"<p>[vc_row gap=\u00bb35&#8243;][vc_column width=\u00bb1\/3&#8243;][\/vc_column][vc_column width=\u00bb2\/3&#8243;][vc_single_image image=\u00bb254&#8243; img_size=\u00bbmedium\u00bb css=\u00bb.vc_custom_1682600141495{padding-top: 30px !important;}\u00bb][\/vc_column][\/vc_row][vc_row][vc_column][vc_separator][\/vc_column][\/vc_row][vc_row gap=\u00bb35&#8243;][vc_column width=\u00bb1\/3&#8243;][vc_custom_heading text=\u00bbLa otra vida de las plantas\u00bb font_container=\u00bbtag:h1|font_size:1.2%20em|text_align:right\u00bb google_fonts=\u00bbfont_family:Inconsolata%3Aregular%2C700|font_style:400%20regular%3A400%3Anormal\u00bb][vc_separator][vc_row_inner css=\u00bb.vc_custom_1682600182856{background-image: url(http:\/\/www.ull.es\/eventos\/de-libros-y-otras-hierbas\/wp-content\/uploads\/sites\/53\/2023\/04\/10-scaled.jpg?id=46) !important;background-position: center !important;background-repeat: no-repeat !important;background-size: cover !important;border-radius: 10px !important;}\u00bb][vc_column_inner][vc_empty_space height=\u00bb700px\u00bb][\/vc_column_inner][\/vc_row_inner][\/vc_column][vc_column width=\u00bb2\/3&#8243;][vc_row_inner][vc_column_inner width=\u00bb3\/4&#8243;][vc_empty_space height=\u00bb64px\u00bb][vc_column_text]El potencial farmacol\u00f3gico de plantas y hongos es desconocido por parte de la poblaci\u00f3n de los pa\u00edses desarrollados. Acostumbrados a obtener productos&#8230;<\/p>\n","protected":false},"author":14,"featured_media":0,"parent":0,"menu_order":0,"comment_status":"closed","ping_status":"closed","template":"templates\/template-no-title.php","meta":{"footnotes":""},"class_list":["post-139","page","type-page","status-publish","hentry"],"_links":{"self":[{"href":"https:\/\/www.ull.es\/eventos\/de-libros-y-otras-hierbas\/wp-json\/wp\/v2\/pages\/139"}],"collection":[{"href":"https:\/\/www.ull.es\/eventos\/de-libros-y-otras-hierbas\/wp-json\/wp\/v2\/pages"}],"about":[{"href":"https:\/\/www.ull.es\/eventos\/de-libros-y-otras-hierbas\/wp-json\/wp\/v2\/types\/page"}],"author":[{"embeddable":true,"href":"https:\/\/www.ull.es\/eventos\/de-libros-y-otras-hierbas\/wp-json\/wp\/v2\/users\/14"}],"replies":[{"embeddable":true,"href":"https:\/\/www.ull.es\/eventos\/de-libros-y-otras-hierbas\/wp-json\/wp\/v2\/comments?post=139"}],"version-history":[{"count":9,"href":"https:\/\/www.ull.es\/eventos\/de-libros-y-otras-hierbas\/wp-json\/wp\/v2\/pages\/139\/revisions"}],"predecessor-version":[{"id":239,"href":"https:\/\/www.ull.es\/eventos\/de-libros-y-otras-hierbas\/wp-json\/wp\/v2\/pages\/139\/revisions\/239"}],"wp:attachment":[{"href":"https:\/\/www.ull.es\/eventos\/de-libros-y-otras-hierbas\/wp-json\/wp\/v2\/media?parent=139"}],"curies":[{"name":"wp","href":"https:\/\/api.w.org\/{rel}","templated":true}]}}