{"id":34,"date":"2023-04-17T07:34:05","date_gmt":"2023-04-17T07:34:05","guid":{"rendered":"https:\/\/www.ull.es\/eventos\/de-libros-y-otras-hierbas\/?page_id=34"},"modified":"2023-04-28T13:17:09","modified_gmt":"2023-04-28T13:17:09","slug":"inicio","status":"publish","type":"page","link":"https:\/\/www.ull.es\/eventos\/de-libros-y-otras-hierbas\/inicio\/","title":{"rendered":"Inicio"},"content":{"rendered":"<p>[vc_row][vc_column width=\u00bb1\/3&#8243;][\/vc_column][vc_column width=\u00bb2\/3&#8243; css=\u00bb.vc_custom_1682590791053{padding-top: 20px !important;}\u00bb][vc_single_image image=\u00bb254&#8243; img_size=\u00bbmedium\u00bb css=\u00bb.vc_custom_1682595177861{padding-top: 30px !important;}\u00bb][\/vc_column][\/vc_row][vc_row gap=\u00bb35&#8243;][vc_column width=\u00bb1\/3&#8243;][vc_empty_space height=\u00bb64px\u00bb][vc_row_inner css=\u00bb.vc_custom_1682686254434{background-image: url(http:\/\/www.ull.es\/eventos\/de-libros-y-otras-hierbas\/wp-content\/uploads\/sites\/53\/2023\/04\/2-scaled.jpg?id=38) !important;background-position: center !important;background-repeat: no-repeat !important;background-size: cover !important;border-radius: 10px !important;}\u00bb][vc_column_inner][vc_empty_space height=\u00bb700px\u00bb][\/vc_column_inner][\/vc_row_inner][\/vc_column][vc_column width=\u00bb2\/3&#8243;][vc_row_inner][vc_column_inner width=\u00bb3\/4&#8243;][vc_empty_space height=\u00bb64px\u00bb][vc_column_text]El ser humano siempre ha estado estrechamente vinculado a las plantas de las que ha obtenido alimentos, fibras para la fabricaci\u00f3n de tejidos, materiales para la construcci\u00f3n de herramientas o drogas para el tratamiento de diversas dolencias; \u00a0ya en el s. I d.C. Diosc\u00f3rides describi\u00f3 en su obra <i>De Materia Medica<\/i> el uso de unas 600 plantas medicinales.<\/p>\n<p>A medida que se iban acumulando conocimientos, se hac\u00eda cada vez m\u00e1s necesario organizar y clasificar los vegetales, y establecer unos criterios de ordenaci\u00f3n y nominaci\u00f3n de las especies, finalidad a la que contribuyeron de forma decisiva los trabajos de Linneo en el s. XVIII, que sentaron las bases de la nomenclatura y taxonom\u00eda bot\u00e1nica.<\/p>\n<p>La bot\u00e1nica, como rama de la biolog\u00eda, estudia numerosos organismos entre los que se encuentran algas, hongos, l\u00edquenes, bri\u00f3fitos y plantas vasculares, y se apoya y a la vez nutre a otras disciplinas cient\u00edficas tan diversas como la qu\u00edmica, la farmacolog\u00eda, la gen\u00e9tica, la historia, la geograf\u00eda, las ingenier\u00edas agr\u00edcola y forestal, la antropolog\u00eda, etc.[\/vc_column_text][vc_separator][vc_empty_space][vc_media_grid element_width=\u00bb3&#8243; gap=\u00bb3&#8243; grid_id=\u00bbvc_gid:1682686257134-0ad62a05-8a49-9&#8243; include=\u00bb67,66&#8243;][vc_separator][vc_empty_space][vc_raw_html]JTNDZGl2JTIwY2xhc3MlM0QlMjJib3Rvbi1wb3J0YWRhJTIyJTNFJTNDYSUyMGhyZWYlM0QlMjJodHRwcyUzQSUyRiUyRnd3dy51bGwuZXMlMkZldmVudG9zJTJGZGUtbGlicm9zLXktb3RyYXMtaGllcmJhcyUyRmRlLWxpYnJvcy15LW90cmFzLWhpZXJiYXMtdW4tYnJldmUtcmVjb3JyaWRvLXBvci1sYS1leHBvc2ljaW9uJTJGJTIyJTNFJTNDcCUzRSUzQ2VtJTNFRGUlMjBsaWJyb3MlMjB5JTIwb3RyYXMlMjBoaWVyYmFzJTNBJTIwdW4lMjBicmV2ZSUyMHJlY29ycmlkbyUyMHBvciUyMGxhJTIwZXhwb3NpY2klQzMlQjNuJTNDJTJGZW0lM0UlM0MlMkZwJTNFJTNDcCUzRSUzQ3N0cm9uZyUzRUNyaXN0aW5hJTIwR29ueiVDMyVBMWxleiUyME1vbnRlbG9uZ28lM0MlMkZzdHJvbmclM0UlM0MlMkZwJTNFJTNDJTJGYSUzRSUzQyUyRmRpdiUzRQ==[\/vc_raw_html][vc_separator][\/vc_column_inner][vc_column_inner width=\u00bb1\/4&#8243;][\/vc_column_inner][\/vc_row_inner][\/vc_column][\/vc_row]<\/p>\n","protected":false},"excerpt":{"rendered":"<p>[vc_row][vc_column width=\u00bb1\/3&#8243;][\/vc_column][vc_column width=\u00bb2\/3&#8243; css=\u00bb.vc_custom_1682590791053{padding-top: 20px !important;}\u00bb][vc_single_image image=\u00bb254&#8243; img_size=\u00bbmedium\u00bb css=\u00bb.vc_custom_1682595177861{padding-top: 30px !important;}\u00bb][\/vc_column][\/vc_row][vc_row gap=\u00bb35&#8243;][vc_column width=\u00bb1\/3&#8243;][vc_empty_space height=\u00bb64px\u00bb][vc_row_inner css=\u00bb.vc_custom_1682686254434{background-image: url(http:\/\/www.ull.es\/eventos\/de-libros-y-otras-hierbas\/wp-content\/uploads\/sites\/53\/2023\/04\/2-scaled.jpg?id=38) !important;background-position: center !important;background-repeat: no-repeat !important;background-size: cover !important;border-radius: 10px !important;}\u00bb][vc_column_inner][vc_empty_space height=\u00bb700px\u00bb][\/vc_column_inner][\/vc_row_inner][\/vc_column][vc_column width=\u00bb2\/3&#8243;][vc_row_inner][vc_column_inner width=\u00bb3\/4&#8243;][vc_empty_space height=\u00bb64px\u00bb][vc_column_text]El ser humano siempre ha estado estrechamente vinculado a las plantas de las que ha obtenido alimentos, fibras para la fabricaci\u00f3n de tejidos, materiales para la construcci\u00f3n&#8230;<\/p>\n","protected":false},"author":14,"featured_media":0,"parent":0,"menu_order":0,"comment_status":"closed","ping_status":"closed","template":"templates\/template-no-title.php","meta":{"footnotes":""},"class_list":["post-34","page","type-page","status-publish","hentry"],"_links":{"self":[{"href":"https:\/\/www.ull.es\/eventos\/de-libros-y-otras-hierbas\/wp-json\/wp\/v2\/pages\/34"}],"collection":[{"href":"https:\/\/www.ull.es\/eventos\/de-libros-y-otras-hierbas\/wp-json\/wp\/v2\/pages"}],"about":[{"href":"https:\/\/www.ull.es\/eventos\/de-libros-y-otras-hierbas\/wp-json\/wp\/v2\/types\/page"}],"author":[{"embeddable":true,"href":"https:\/\/www.ull.es\/eventos\/de-libros-y-otras-hierbas\/wp-json\/wp\/v2\/users\/14"}],"replies":[{"embeddable":true,"href":"https:\/\/www.ull.es\/eventos\/de-libros-y-otras-hierbas\/wp-json\/wp\/v2\/comments?post=34"}],"version-history":[{"count":21,"href":"https:\/\/www.ull.es\/eventos\/de-libros-y-otras-hierbas\/wp-json\/wp\/v2\/pages\/34\/revisions"}],"predecessor-version":[{"id":339,"href":"https:\/\/www.ull.es\/eventos\/de-libros-y-otras-hierbas\/wp-json\/wp\/v2\/pages\/34\/revisions\/339"}],"wp:attachment":[{"href":"https:\/\/www.ull.es\/eventos\/de-libros-y-otras-hierbas\/wp-json\/wp\/v2\/media?parent=34"}],"curies":[{"name":"wp","href":"https:\/\/api.w.org\/{rel}","templated":true}]}}