{"id":68,"date":"2015-10-26T10:05:24","date_gmt":"2015-10-26T10:05:24","guid":{"rendered":"http:\/\/bbtk.exposicion.ull.es\/emiliolledo\/?page_id=68"},"modified":"2021-05-11T09:39:49","modified_gmt":"2021-05-11T07:39:49","slug":"actos-paralelos","status":"publish","type":"page","link":"https:\/\/www.ull.es\/eventos\/emilio-lledo\/actos-paralelos\/","title":{"rendered":"Actos"},"content":{"rendered":"<p>[vc_row][vc_column width=\u00bb1\/6&#8243;][\/vc_column][vc_column width=\u00bb2\/3&#8243;][vc_column_text]<\/p>\n<h1>Actos<\/h1>\n<p>[\/vc_column_text][vc_column_text]La ULL celebra\u00a0los d\u00edas 19 y 20 de noviembre el <a href=\"https:\/\/es.wikipedia.org\/wiki\/D%C3%ADa_Mundial_de_la_Filosof%C3%ADa\" target=\"_blank\" rel=\"noopener noreferrer\" target=\"_blank\" rel=\"noopener\">D\u00eda Mundial de la Filosof\u00eda<\/a> con los siguientes actos:<\/p>\n<p><strong>19 de noviembre<\/strong><\/p>\n<ul>\n<li>11.00 h. Inauguraci\u00f3n de la exposici\u00f3n bibliogr\u00e1fica en homenaje a Emilio Lled\u00f3, presentada por el profesor Antonio P\u00e9rez, en el hall de la Biblioteca General y de Humanidades.<\/li>\n<li>12.00 h.\u00a0Conferencia <em>Emilio Lled\u00f3: memoria e im\u00e1genes<\/em> por la profesora \u00c1ngela Sierra, en la Sala de Conferencias de la la Biblioteca General y de Humanidades.<\/li>\n<\/ul>\n<p><strong>20 de noviembre<\/strong><\/p>\n<ul>\n<li>Pensar con Foucault: seminario sobre la actualidad del pensamiento de Michel Foucault, en el\u00a0Sal\u00f3n de Grados de la Secci\u00f3n Filosof\u00eda (Campus de Guajara), coordinado por el profesor Domingo Fern\u00e1ndez Agis.\u00a0<a href=\"http:\/\/www.ull.es\/viewcontent\/centros\/filosofia\/2696562\/es\" target=\"_blank\" rel=\"noopener noreferrer\" target=\"_blank\" rel=\"noopener\">Programa<\/a><\/li>\n<\/ul>\n<p><strong>27 de noviembre<\/strong><\/p>\n<ul>\n<li>18.00 h. Sesi\u00f3n extraordinaria del Club de Lectura, presentado por el profesor Carlos Marz\u00e1n. Se debatir\u00e1 sobre el texto de Emilio Lled\u00f3\u00a0<em><a href=\"http:\/\/elpais.com\/diario\/1987\/12\/20\/opinion\/566953210_850215.html\" target=\"_blank\" rel=\"noopener noreferrer\" target=\"_blank\" rel=\"noopener\">El \u00e1nfora y el ordenador<\/a>\u00a0.<\/em><\/li>\n<\/ul>\n<p>&nbsp;<\/p>\n<p>Entrada libre a todos los actos.<\/p>\n<p>&nbsp;<\/p>\n<p><a href=\"http:\/\/creativecommons.org\/licenses\/by-nc-sa\/3.0\/es\/deed.es_CO\" target=\"_blank\" rel=\"license noopener noreferrer\" target=\"_blank\" rel=\"noopener\"><img decoding=\"async\" src=\"http:\/\/i.creativecommons.org\/l\/by-nc-sa\/3.0\/es\/88x31.png\" alt=\"Licencia Creative Commons\" \/><\/a><br \/>\nEste sitio est\u00e1 bajo <a href=\"http:\/\/creativecommons.org\/licenses\/by-nc-sa\/3.0\/es\/deed.es_CO\" target=\"_blank\" rel=\"license noopener noreferrer\" target=\"_blank\" rel=\"noopener\">Licencia Creative Commons<\/a>.[\/vc_column_text][\/vc_column][vc_column width=\u00bb1\/6&#8243;][\/vc_column][\/vc_row]<\/p>\n","protected":false},"excerpt":{"rendered":"<p>[vc_row][vc_column width=\u00bb1\/6&#8243;][\/vc_column][vc_column width=\u00bb2\/3&#8243;][vc_column_text] Actos [\/vc_column_text][vc_column_text]La ULL celebra\u00a0los d\u00edas 19 y 20 de noviembre el D\u00eda Mundial de la Filosof\u00eda con los siguientes actos: 19 de noviembre 11.00 h. Inauguraci\u00f3n de la exposici\u00f3n bibliogr\u00e1fica en homenaje a Emilio Lled\u00f3, presentada por el profesor Antonio P\u00e9rez, en el hall de la Biblioteca General y de Humanidades. 12.00&#8230;<\/p>\n","protected":false},"author":14,"featured_media":94,"parent":0,"menu_order":0,"comment_status":"closed","ping_status":"closed","template":"","meta":{"footnotes":""},"class_list":["post-68","page","type-page","status-publish","has-post-thumbnail","hentry"],"_links":{"self":[{"href":"https:\/\/www.ull.es\/eventos\/emilio-lledo\/wp-json\/wp\/v2\/pages\/68"}],"collection":[{"href":"https:\/\/www.ull.es\/eventos\/emilio-lledo\/wp-json\/wp\/v2\/pages"}],"about":[{"href":"https:\/\/www.ull.es\/eventos\/emilio-lledo\/wp-json\/wp\/v2\/types\/page"}],"author":[{"embeddable":true,"href":"https:\/\/www.ull.es\/eventos\/emilio-lledo\/wp-json\/wp\/v2\/users\/14"}],"replies":[{"embeddable":true,"href":"https:\/\/www.ull.es\/eventos\/emilio-lledo\/wp-json\/wp\/v2\/comments?post=68"}],"version-history":[{"count":3,"href":"https:\/\/www.ull.es\/eventos\/emilio-lledo\/wp-json\/wp\/v2\/pages\/68\/revisions"}],"predecessor-version":[{"id":673,"href":"https:\/\/www.ull.es\/eventos\/emilio-lledo\/wp-json\/wp\/v2\/pages\/68\/revisions\/673"}],"wp:featuredmedia":[{"embeddable":true,"href":"https:\/\/www.ull.es\/eventos\/emilio-lledo\/wp-json\/"}],"wp:attachment":[{"href":"https:\/\/www.ull.es\/eventos\/emilio-lledo\/wp-json\/wp\/v2\/media?parent=68"}],"curies":[{"name":"wp","href":"https:\/\/api.w.org\/{rel}","templated":true}]}}