{"id":34,"date":"2021-04-13T11:43:24","date_gmt":"2021-04-13T11:43:24","guid":{"rendered":"https:\/\/www.ull.es\/eventos\/enrique-rumeu-armas\/?page_id=34"},"modified":"2021-04-23T10:29:50","modified_gmt":"2021-04-23T10:29:50","slug":"biografia","status":"publish","type":"page","link":"https:\/\/www.ull.es\/eventos\/enrique-rumeu-armas\/biografia\/","title":{"rendered":"Biograf\u00eda"},"content":{"rendered":"<p>[vc_row gap=\u00bb30&#8243; equal_height=\u00bbyes\u00bb content_placement=\u00bbbottom\u00bb css=\u00bb.vc_custom_1618314271122{background-position: center !important;background-repeat: no-repeat !important;background-size: cover !important;}\u00bb][vc_column width=\u00bb1\/4&#8243;][vc_column_text css=\u00bb.vc_custom_1617607603484{margin-bottom: 0px !important;padding-bottom: 0px !important;}\u00bb]Archivo[\/vc_column_text][vc_custom_heading text=\u00bbEnrique Rumeu de Armas\u00bb font_container=\u00bbtag:h1|font_size:3em|text_align:left|color:%23020202|line_height:100%25&#8243; google_fonts=\u00bbfont_family:Playfair%20Display%3Aregular%2Citalic%2C700%2C700italic%2C900%2C900italic|font_style:700%20bold%20italic%3A700%3Aitalic\u00bb link=\u00bburl:https%3A%2F%2Fwww.ull.es%2Feventos%2Fenrique-rumeu-armas%2F\u00bb][vc_empty_space][\/vc_column][vc_column width=\u00bb3\/4&#8243;][\/vc_column][\/vc_row][vc_row gap=\u00bb30&#8243;][vc_column width=\u00bb1\/4&#8243;][vc_separator color=\u00bbcustom\u00bb accent_color=\u00bb#8e8e8e\u00bb][vc_empty_space][vc_custom_heading source=\u00bbpost_title\u00bb font_container=\u00bbtag:h2|text_align:left|color:%23020202&#8243; google_fonts=\u00bbfont_family:Playfair%20Display%3Aregular%2Citalic%2C700%2C700italic%2C900%2C900italic|font_style:400%20italic%3A400%3Aitalic\u00bb][\/vc_column][vc_column width=\u00bb3\/4&#8243;][vc_separator color=\u00bbcustom\u00bb accent_color=\u00bb#8e8e8e\u00bb][vc_empty_space][vc_tta_accordion active_section=\u00bb0&#8243; no_fill=\u00bbtrue\u00bb collapsible_all=\u00bbtrue\u00bb][vc_tta_section title=\u00bbFormaci\u00f3n y primeros a\u00f1os\u00bb tab_id=\u00bb1618315109867-3a141fa1-0eef\u00bb][vc_column_text]Enrique Rumeu de Armas naci\u00f3 el 25 de septiembre de 1907 en la ciudad de San Crist\u00f3bal de La Laguna de Tenerife. Realiz\u00f3 sus estudios primarios en las Escuelas Cristianas y posteriormente el bachillerato en el Instituto de La Laguna.<\/p>\n<p>En 1924 se traslada a Madrid para iniciar sus estudios de Arquitectura, terminando la carrera en el a\u00f1o 1934. Tras diplomarse regresa a Tenerife donde abre su estudio profesional en la capital.<\/p>\n<p>Durante su breve estancia en la isla antes de ser movilizado en la guerra civil, realiz\u00f3 algunos proyectos racionalistas entre los que destaca el edificio Hardisson ubicado en la confluencia de la Rambla General Franco con la calle San Mart\u00edn. En estos a\u00f1os Rumeu construye sobre todo algunas viviendas particulares. Son proyectos bastantes modestos tanto por el tipo de encargo como por los lugares de la ciudad donde se ubican.[\/vc_column_text][\/vc_tta_section][vc_tta_section title=\u00bbGuerra civil (1937-1939)\u00bb tab_id=\u00bb1618315154382-87aa28c4-9d04&#8243;][vc_media_grid element_width=\u00bb6&#8243; grid_id=\u00bbvc_gid:1619173683874-1165c3b0-8a28-6&#8243; include=\u00bb96,92&#8243;][vc_column_text]En 1937 es movilizado y destinado a Zaragoza. Posteriormente pasar\u00e1 a la Escuela Militar de Cuevas Blancas en la Provincia de Burgos, obteniendo el grado de Teniente y con dicha graduaci\u00f3n pasa a las islas Chafarinas hasta el fin de la guerra.<\/p>\n<p>En 1939 gana por oposici\u00f3n la plaza de Delegado Comarcal para Canarias del Instituto Nacional de la Vivienda, cargo que desempe\u00f1ar\u00e1 hasta 1956, en que cesa por renuncia. Ese mismo a\u00f1o de 1939, fue nombrado Arquitecto Municipal siendo alcalde Eusebio Ramos, pasando a ser Arquitecto Jefe en 1942.[\/vc_column_text][\/vc_tta_section][vc_tta_section title=\u00bbMando econ\u00f3mico (1941-1950)\u00bb tab_id=\u00bb1618315195115-504b42d0-0433&#8243;][vc_media_grid element_width=\u00bb6&#8243; grid_id=\u00bbvc_gid:1619173683875-66bb013d-e933-1&#8243; include=\u00bb93,94&#8243;][vc_column_text]De regreso del frente Rumeu se puso al servicio de los intereses del nuevo r\u00e9gimen realizando varios proyectos promocionados por el Mando Econ\u00f3mico del Archipi\u00e9lago. Sus trabajos m\u00e1s sobresalientes de la d\u00e9cada de los a\u00f1os 40 ser\u00e1n:<\/p>\n<ul>\n<li>Barriada Garc\u00eda-Esc\u00e1mez<\/li>\n<li>Barriada Somosierra<\/li>\n<li>Barriada de Santo Domingo<\/li>\n<li>Hotel Mencey<\/li>\n<li>Direcci\u00f3n de obras del Puente Galcer\u00e1n<\/li>\n<\/ul>\n<p>En 1946 el Banco Espa\u00f1ol de Cr\u00e9dito adquiere el Palacio de Carta de Santa Cruz de Tenerife y decide demolerlo para levantar un edificio nuevo. Esta amenaza de destrucci\u00f3n motiv\u00f3 que el Cabildo Insular de Tenerife, con el asesoramiento de Rumeu, iniciara un expediente de declaraci\u00f3n de Monumento Hist\u00f3rico-Art\u00edstico, logr\u00e1ndose en marzo de 1947 y convirti\u00e9ndose en el primer Bien de Inter\u00e9s Cultural de la Provincia. Las obras de restauraci\u00f3n se le encargaron a Rumeu de Armas que le valieron para la obtenci\u00f3n del t\u00edtulo de Doctor Arquitecto. Adem\u00e1s del Palacio de Carta, en esta d\u00e9cada de los 50 destacan entre otros proyectos:<\/p>\n<ul>\n<li>Cl\u00ednica Infantil San Juan de Dios<\/li>\n<li>Viviendas protegidas y sociales (Barrio de la Salud)<\/li>\n<li>Edificios escolares<\/li>\n<li>Edificios industriales<\/li>\n<li>Remodelaci\u00f3n de parques y plazas (Garc\u00eda Sanabria, Weyler, Pr\u00edncipe)<\/li>\n<li>Plan General y Parcial de Santa Cruz de Tenerife<\/li>\n<\/ul>\n<p>[\/vc_column_text][\/vc_tta_section][vc_tta_section title=\u00bbPlan General de Ordenaci\u00f3n Urbana (1952-1972)\u00bb tab_id=\u00bb1618315367202-86c81647-c9aa\u00bb][vc_media_grid element_width=\u00bb12&#8243; grid_id=\u00bbvc_gid:1619173760356-a4f3335a-c9ff-1&#8243; include=\u00bb95&#8243;][vc_single_image image=\u00bb95&#8243; img_size=\u00bblarge\u00bb][vc_column_text]Se puede considerar a Rumeu de Armas como el padre de la actual Santa Cruz. A partir de 1952 junto con el arquitecto Luis Cabrera realiz\u00f3 el Plan General de Ordenaci\u00f3n Urbana de la capital y con el equipo t\u00e9cnico dirigido por ambos, trazaron las directrices de una expansi\u00f3n clara de la ciudad, que hasta ese momento hab\u00eda crecido de forma desordenada. Se crearon nuevos ejes que articularon los espacios que hoy conocemos, tales como la calle Imeldo Ser\u00eds, \u00c1ngel Guimer\u00e1, San Clemente, Villalba Herv\u00e1s etc. El plan tambi\u00e9n conten\u00eda otro tipo de visiones de futuro como la inserci\u00f3n del Barranco de Santos en la trama urbana. Asimismo, se comenz\u00f3 a pensar en las Teresitas como posible zona de expansi\u00f3n de la ciudad, donde se pod\u00edan crear todo tipo de servicios.[\/vc_column_text][\/vc_tta_section][vc_tta_section title=\u00bbSanta Cruz: \u00faltimos a\u00f1os\u00bb tab_id=\u00bb1618315395363-9db74f28-5f95&#8243;][vc_column_text]La obra de Rumeu es muy amplia. Realiz\u00f3 m\u00e1s de 200 <span style=\"color: #333333\">viviendas<\/span> y casas residenciales, edificios industriales y estaciones de servicio, restauraci\u00f3n y ampliaci\u00f3n de las iglesias del Pilar y de San Francisco y un largo etc\u00e9tera adem\u00e1s de los proyectos ya citados.<\/p>\n<p>Entre otras innovaciones, una de las facetas en las que brill\u00f3 este arquitecto fue en la aplicaci\u00f3n de nuevos materiales en la resoluci\u00f3n del exterior de los edificios, es decir, sus fachadas, as\u00ed como en los dise\u00f1os geom\u00e9tricos.<\/p>\n<p>A lo largo de su vida desempe\u00f1\u00f3 m\u00faltiples cargos y recibi\u00f3 varios premios y nombramientos, entre los que destaca el de Acad\u00e9mico de la Real Academia de Bellas Artes de San Fernando (1957) por su proyecto de restauraci\u00f3n del Palacio de Carta.<br \/>\nFalleci\u00f3 en Barcelona el d\u00eda 15 de enero de 1978.[\/vc_column_text][\/vc_tta_section][\/vc_tta_accordion][vc_separator color=\u00bbcustom\u00bb accent_color=\u00bb#8e8e8e\u00bb][\/vc_column][\/vc_row]<\/p>\n","protected":false},"excerpt":{"rendered":"<p>[vc_row gap=\u00bb30&#8243; equal_height=\u00bbyes\u00bb content_placement=\u00bbbottom\u00bb css=\u00bb.vc_custom_1618314271122{background-position: center !important;background-repeat: no-repeat !important;background-size: cover !important;}\u00bb][vc_column width=\u00bb1\/4&#8243;][vc_column_text css=\u00bb.vc_custom_1617607603484{margin-bottom: 0px !important;padding-bottom: 0px !important;}\u00bb]Archivo[\/vc_column_text][vc_custom_heading text=\u00bbEnrique Rumeu de Armas\u00bb font_container=\u00bbtag:h1|font_size:3em|text_align:left|color:%23020202|line_height:100%25&#8243; google_fonts=\u00bbfont_family:Playfair%20Display%3Aregular%2Citalic%2C700%2C700italic%2C900%2C900italic|font_style:700%20bold%20italic%3A700%3Aitalic\u00bb link=\u00bburl:https%3A%2F%2Fwww.ull.es%2Feventos%2Fenrique-rumeu-armas%2F\u00bb][vc_empty_space][\/vc_column][vc_column width=\u00bb3\/4&#8243;][\/vc_column][\/vc_row][vc_row gap=\u00bb30&#8243;][vc_column width=\u00bb1\/4&#8243;][vc_separator color=\u00bbcustom\u00bb accent_color=\u00bb#8e8e8e\u00bb][vc_empty_space][vc_custom_heading source=\u00bbpost_title\u00bb font_container=\u00bbtag:h2|text_align:left|color:%23020202&#8243; google_fonts=\u00bbfont_family:Playfair%20Display%3Aregular%2Citalic%2C700%2C700italic%2C900%2C900italic|font_style:400%20italic%3A400%3Aitalic\u00bb][\/vc_column][vc_column width=\u00bb3\/4&#8243;][vc_separator color=\u00bbcustom\u00bb accent_color=\u00bb#8e8e8e\u00bb][vc_empty_space][vc_tta_accordion active_section=\u00bb0&#8243; no_fill=\u00bbtrue\u00bb collapsible_all=\u00bbtrue\u00bb][vc_tta_section title=\u00bbFormaci\u00f3n y primeros a\u00f1os\u00bb tab_id=\u00bb1618315109867-3a141fa1-0eef\u00bb][vc_column_text]Enrique Rumeu de Armas naci\u00f3 el 25 de septiembre de 1907 en la&#8230;<\/p>\n","protected":false},"author":14,"featured_media":0,"parent":0,"menu_order":0,"comment_status":"closed","ping_status":"closed","template":"templates\/template-no-title.php","meta":{"footnotes":""},"class_list":["post-34","page","type-page","status-publish","hentry"],"_links":{"self":[{"href":"https:\/\/www.ull.es\/eventos\/enrique-rumeu-armas\/wp-json\/wp\/v2\/pages\/34"}],"collection":[{"href":"https:\/\/www.ull.es\/eventos\/enrique-rumeu-armas\/wp-json\/wp\/v2\/pages"}],"about":[{"href":"https:\/\/www.ull.es\/eventos\/enrique-rumeu-armas\/wp-json\/wp\/v2\/types\/page"}],"author":[{"embeddable":true,"href":"https:\/\/www.ull.es\/eventos\/enrique-rumeu-armas\/wp-json\/wp\/v2\/users\/14"}],"replies":[{"embeddable":true,"href":"https:\/\/www.ull.es\/eventos\/enrique-rumeu-armas\/wp-json\/wp\/v2\/comments?post=34"}],"version-history":[{"count":13,"href":"https:\/\/www.ull.es\/eventos\/enrique-rumeu-armas\/wp-json\/wp\/v2\/pages\/34\/revisions"}],"predecessor-version":[{"id":97,"href":"https:\/\/www.ull.es\/eventos\/enrique-rumeu-armas\/wp-json\/wp\/v2\/pages\/34\/revisions\/97"}],"wp:attachment":[{"href":"https:\/\/www.ull.es\/eventos\/enrique-rumeu-armas\/wp-json\/wp\/v2\/media?parent=34"}],"curies":[{"name":"wp","href":"https:\/\/api.w.org\/{rel}","templated":true}]}}