{"id":70,"date":"2021-04-22T09:23:12","date_gmt":"2021-04-22T09:23:12","guid":{"rendered":"https:\/\/www.ull.es\/eventos\/enrique-rumeu-armas\/?page_id=70"},"modified":"2021-04-22T09:25:39","modified_gmt":"2021-04-22T09:25:39","slug":"archivo","status":"publish","type":"page","link":"https:\/\/www.ull.es\/eventos\/enrique-rumeu-armas\/archivo\/","title":{"rendered":"Archivo"},"content":{"rendered":"<p>[vc_row gap=\u00bb30&#8243; equal_height=\u00bbyes\u00bb content_placement=\u00bbbottom\u00bb css=\u00bb.vc_custom_1618314232996{background-position: center !important;background-repeat: no-repeat !important;background-size: cover !important;}\u00bb][vc_column width=\u00bb1\/4&#8243;][vc_column_text css=\u00bb.vc_custom_1617607603484{margin-bottom: 0px !important;padding-bottom: 0px !important;}\u00bb]Archivo[\/vc_column_text][vc_custom_heading text=\u00bbEnrique Rumeu de Armas\u00bb font_container=\u00bbtag:h1|font_size:3em|text_align:left|color:%23020202|line_height:100%25&#8243; google_fonts=\u00bbfont_family:Playfair%20Display%3Aregular%2Citalic%2C700%2C700italic%2C900%2C900italic|font_style:700%20bold%20italic%3A700%3Aitalic\u00bb link=\u00bburl:https%3A%2F%2Fwww.ull.es%2Feventos%2Fenrique-rumeu-armas%2F\u00bb][vc_empty_space][\/vc_column][vc_column width=\u00bb3\/4&#8243;][\/vc_column][\/vc_row][vc_row gap=\u00bb30&#8243;][vc_column width=\u00bb1\/4&#8243;][vc_separator color=\u00bbcustom\u00bb accent_color=\u00bb#8e8e8e\u00bb][vc_custom_heading source=\u00bbpost_title\u00bb font_container=\u00bbtag:h2|text_align:left|color:%23020202&#8243; google_fonts=\u00bbfont_family:Playfair%20Display%3Aregular%2Citalic%2C700%2C700italic%2C900%2C900italic|font_style:400%20italic%3A400%3Aitalic\u00bb][\/vc_column][vc_column width=\u00bb3\/4&#8243;][vc_separator color=\u00bbcustom\u00bb accent_color=\u00bb#8e8e8e\u00bb][vc_column_text]<span style=\"color: #333333\">El Archivo Personal Enrique Rumeu de Armas fue donado por la viuda del arquitecto, Mar\u00eda Jos\u00e9 Fern\u00e1ndez Villalta y Garc\u00eda Pallasar, al Departamento de Arte de la Universidad de La Laguna en 1979. En el a\u00f1o 2001 se traslad\u00f3 a la Biblioteca y unos a\u00f1os m\u00e1s tarde, el Departamento hizo entrega de un resto de documentaci\u00f3n, referente en su totalidad al Palacio de Carta, con el fin de incluirlo en la colecci\u00f3n.<\/span><\/p>\n<p>Est\u00e1 organizado en cinco series:<\/p>\n<ol type=\"1\">\n<li><span style=\"color: #333333\">Urbanismo.<br \/>\n<\/span><\/li>\n<li><span style=\"color: #333333\">Intervenciones.<br \/>\n<\/span><\/li>\n<li><span style=\"color: #333333\">Arquitectura civil.<br \/>\n<\/span><\/li>\n<li><span style=\"color: #333333\">Arquitectura religiosa.<br \/>\n<\/span><\/li>\n<li><span style=\"color: #333333\">Varios<\/span><\/li>\n<\/ol>\n<p><span style=\"color: #333333\">Contiene un total de 40 proyectos (1.132 planos y dibujos).<\/span><\/p>\n<p><a href=\"http:\/\/absysnetweb.bbtk.ull.es\/cgi-bin\/abnetopac?TITN=480276\" target=\"_blank\" rel=\"noopener\" target=\"_blank\" rel=\"noopener\"><span style=\"color: #0563c1\">Acceso al registro general del Archivo<\/span><\/a><span style=\"color: #333333\"><br \/>\n<\/span><a href=\"https:\/\/absysnet.bbtk.ull.es\/cgi-bin\/abnetopac?FORM=15\" target=\"_blank\" rel=\"noopener\" target=\"_blank\" rel=\"noopener\"><span style=\"color: #0563c1\">Acceso al cat\u00e1logo<\/span><\/a>[\/vc_column_text][vc_separator color=\u00bbcustom\u00bb accent_color=\u00bb#8e8e8e\u00bb][\/vc_column][\/vc_row]<\/p>\n","protected":false},"excerpt":{"rendered":"<p>[vc_row gap=\u00bb30&#8243; equal_height=\u00bbyes\u00bb content_placement=\u00bbbottom\u00bb css=\u00bb.vc_custom_1618314232996{background-position: center !important;background-repeat: no-repeat !important;background-size: cover !important;}\u00bb][vc_column width=\u00bb1\/4&#8243;][vc_column_text css=\u00bb.vc_custom_1617607603484{margin-bottom: 0px !important;padding-bottom: 0px !important;}\u00bb]Archivo[\/vc_column_text][vc_custom_heading text=\u00bbEnrique Rumeu de Armas\u00bb font_container=\u00bbtag:h1|font_size:3em|text_align:left|color:%23020202|line_height:100%25&#8243; google_fonts=\u00bbfont_family:Playfair%20Display%3Aregular%2Citalic%2C700%2C700italic%2C900%2C900italic|font_style:700%20bold%20italic%3A700%3Aitalic\u00bb link=\u00bburl:https%3A%2F%2Fwww.ull.es%2Feventos%2Fenrique-rumeu-armas%2F\u00bb][vc_empty_space][\/vc_column][vc_column width=\u00bb3\/4&#8243;][\/vc_column][\/vc_row][vc_row gap=\u00bb30&#8243;][vc_column width=\u00bb1\/4&#8243;][vc_separator color=\u00bbcustom\u00bb accent_color=\u00bb#8e8e8e\u00bb][vc_custom_heading source=\u00bbpost_title\u00bb font_container=\u00bbtag:h2|text_align:left|color:%23020202&#8243; google_fonts=\u00bbfont_family:Playfair%20Display%3Aregular%2Citalic%2C700%2C700italic%2C900%2C900italic|font_style:400%20italic%3A400%3Aitalic\u00bb][\/vc_column][vc_column width=\u00bb3\/4&#8243;][vc_separator color=\u00bbcustom\u00bb accent_color=\u00bb#8e8e8e\u00bb][vc_column_text]El Archivo Personal Enrique Rumeu de Armas fue donado por la viuda del arquitecto, Mar\u00eda Jos\u00e9 Fern\u00e1ndez Villalta y Garc\u00eda Pallasar,&#8230;<\/p>\n","protected":false},"author":14,"featured_media":0,"parent":0,"menu_order":0,"comment_status":"closed","ping_status":"closed","template":"templates\/template-no-title.php","meta":{"footnotes":""},"class_list":["post-70","page","type-page","status-publish","hentry"],"_links":{"self":[{"href":"https:\/\/www.ull.es\/eventos\/enrique-rumeu-armas\/wp-json\/wp\/v2\/pages\/70"}],"collection":[{"href":"https:\/\/www.ull.es\/eventos\/enrique-rumeu-armas\/wp-json\/wp\/v2\/pages"}],"about":[{"href":"https:\/\/www.ull.es\/eventos\/enrique-rumeu-armas\/wp-json\/wp\/v2\/types\/page"}],"author":[{"embeddable":true,"href":"https:\/\/www.ull.es\/eventos\/enrique-rumeu-armas\/wp-json\/wp\/v2\/users\/14"}],"replies":[{"embeddable":true,"href":"https:\/\/www.ull.es\/eventos\/enrique-rumeu-armas\/wp-json\/wp\/v2\/comments?post=70"}],"version-history":[{"count":4,"href":"https:\/\/www.ull.es\/eventos\/enrique-rumeu-armas\/wp-json\/wp\/v2\/pages\/70\/revisions"}],"predecessor-version":[{"id":72,"href":"https:\/\/www.ull.es\/eventos\/enrique-rumeu-armas\/wp-json\/wp\/v2\/pages\/70\/revisions\/72"}],"wp:attachment":[{"href":"https:\/\/www.ull.es\/eventos\/enrique-rumeu-armas\/wp-json\/wp\/v2\/media?parent=70"}],"curies":[{"name":"wp","href":"https:\/\/api.w.org\/{rel}","templated":true}]}}