{"id":18,"date":"2019-05-07T15:35:22","date_gmt":"2019-05-07T13:35:22","guid":{"rendered":"http:\/\/www.ull.es\/eventos\/fondo-antiguo\/?page_id=18"},"modified":"2023-06-26T12:12:52","modified_gmt":"2023-06-26T10:12:52","slug":"bibliografia","status":"publish","type":"page","link":"https:\/\/www.ull.es\/eventos\/fondo-antiguo\/bibliografia\/","title":{"rendered":"Bibliograf\u00eda"},"content":{"rendered":"<p>[vc_row][vc_column][vc_empty_space][vc_single_image image=\u00bb791&#8243; img_size=\u00bbfull\u00bb onclick=\u00bbcustom_link\u00bb link=\u00bbhttps:\/\/www.ull.es\/eventos\/fondo-antiguo\u00bb][vc_custom_heading source=\u00bbpost_title\u00bb font_container=\u00bbtag:h1|text_align:left\u00bb use_theme_fonts=\u00bbyes\u00bb][\/vc_column][\/vc_row][vc_row][vc_column width=\u00bb2\/3&#8243;][vc_column_text]Se recogen aqu\u00ed una selecci\u00f3n de los cat\u00e1logos, art\u00edculos y monograf\u00edas publicados sobre el Fondo Antiguo de la Universidad de La Laguna, se ha organizado por temas para facilitar su consulta[\/vc_column_text][vc_empty_space][\/vc_column][vc_column width=\u00bb1\/3&#8243;][\/vc_column][\/vc_row][vc_row][vc_column width=\u00bb1\/2&#8243;][vc_raw_html]JTNDYSUyMHRhcmdldCUzRCUyMl9ibGFuayUyMiUyMGhyZWYlM0QlMjJodHRwJTNBJTJGJTJGd3d3LnVsbC5lcyUyRmV2ZW50b3MlMkZmb25kby1hbnRpZ3VvJTJGYmlibGlvZ3JhZmlhLXNvYnJlLWxhLWNvbGVjY2lvbiUyRiUyMiUzRSUzQ2RpdiUyMGNsYXNzJTNEJTIyc2VydmljaW9zLWluaWNpbyUyMiUzRSUwQSUzQ2g2JTNFQmlibGlvZ3JhZiVDMyVBRGElMjBzb2JyZSUyMGxhJTIwY29sZWNjaSVDMyVCM24lM0MlMkZoNiUzRSUwQSUzQyUyRmRpdiUzRSUzQyUyRmElM0UlMEE=[\/vc_raw_html][vc_raw_html]JTNDYSUyMHRhcmdldCUzRCUyMl9ibGFuayUyMiUyMGhyZWYlM0QlMjJodHRwJTNBJTJGJTJGd3d3LnVsbC5lcyUyRmV2ZW50b3MlMkZmb25kby1hbnRpZ3VvJTJGYmlibGlvZ3JhZmlhLXNvYnJlLW1hbnVzY3JpdG9zJTJGJTIyJTNFJTNDZGl2JTIwY2xhc3MlM0QlMjJzZXJ2aWNpb3MtaW5pY2lvJTIyJTNFJTBBJTNDaDYlM0VCaWJsaW9ncmFmJUMzJUFEYSUyMHNvYnJlJTIwbWFudXNjcml0b3MlM0MlMkZoNiUzRSUwQSUzQyUyRmRpdiUzRSUzQyUyRmElM0U=[\/vc_raw_html][vc_raw_html]JTNDYSUyMHRhcmdldCUzRCUyMl9ibGFuayUyMiUyMGhyZWYlM0QlMjJodHRwJTNBJTJGJTJGd3d3LnVsbC5lcyUyRmV2ZW50b3MlMkZmb25kby1hbnRpZ3VvJTJGYmlibGlvZ3JhZmlhLXNvYnJlLWltcHJlc29zJTJGJTIyJTNFJTNDZGl2JTIwY2xhc3MlM0QlMjJzZXJ2aWNpb3MtaW5pY2lvJTIyJTNFJTBBJTNDaDYlM0VCaWJsaW9ncmFmJUMzJUFEYSUyMHNvYnJlJTIwaW1wcmVzb3MlM0MlMkZoNiUzRSUwQSUzQyUyRmRpdiUzRSUzQyUyRmElM0U=[\/vc_raw_html][vc_raw_html]JTNDYSUyMHRhcmdldCUzRCUyMl9ibGFuayUyMiUyMGhyZWYlM0QlMjJodHRwJTNBJTJGJTJGd3d3LnVsbC5lcyUyRmV2ZW50b3MlMkZmb25kby1hbnRpZ3VvJTJGYmlibGlvZ3JhZmlhLXNvYnJlLWV4cG9zaWNpb25lcyUyRiUyMiUzRSUzQ2RpdiUyMGNsYXNzJTNEJTIyc2VydmljaW9zLWluaWNpbyUyMiUzRSUwQSUzQ2g2JTNFQmlibGlvZ3JhZiVDMyVBRGElMjBzb2JyZSUyMGV4cG9zaWNpb25lcyUzQyUyRmg2JTNFJTBBJTNDJTJGZGl2JTNFJTNDJTJGYSUzRQ==[\/vc_raw_html][vc_raw_html]JTNDYSUyMHRhcmdldCUzRCUyMl9ibGFuayUyMiUyMGhyZWYlM0QlMjJodHRwcyUzQSUyRiUyRnd3dy51bGwuZXMlMkZldmVudG9zJTJGZm9uZG8tYW50aWd1byUyRmJpYmxpb2dyYWZpYS1zb2JyZS1sb3MtZm9uZG9zLXBlcnNvbmFsZXMlMkYlMjIlM0UlM0NkaXYlMjBjbGFzcyUzRCUyMnNlcnZpY2lvcy1pbmljaW8lMjIlM0UlMEElM0NoNiUzRUJpYmxpb2dyYWYlQzMlQURhJTIwc29icmUlMjBsb3MlMjBGb25kb3MlMjBwZXJzb25hbGVzJTNDJTJGaDYlM0UlMEElM0MlMkZkaXYlM0UlM0MlMkZhJTNF[\/vc_raw_html][\/vc_column][vc_column width=\u00bb1\/2&#8243;][\/vc_column][\/vc_row]<\/p>\n","protected":false},"excerpt":{"rendered":"<p>[vc_row][vc_column][vc_empty_space][vc_single_image image=\u00bb791&#8243; img_size=\u00bbfull\u00bb onclick=\u00bbcustom_link\u00bb link=\u00bbhttps:\/\/www.ull.es\/eventos\/fondo-antiguo\u00bb][vc_custom_heading source=\u00bbpost_title\u00bb font_container=\u00bbtag:h1|text_align:left\u00bb use_theme_fonts=\u00bbyes\u00bb][\/vc_column][\/vc_row][vc_row][vc_column width=\u00bb2\/3&#8243;][vc_column_text]Se recogen aqu\u00ed una selecci\u00f3n de los cat\u00e1logos, art\u00edculos y monograf\u00edas publicados sobre el Fondo Antiguo de la Universidad de La Laguna, se ha organizado por temas para facilitar su consulta[\/vc_column_text][vc_empty_space][\/vc_column][vc_column width=\u00bb1\/3&#8243;][\/vc_column][\/vc_row][vc_row][vc_column width=\u00bb1\/2&#8243;][vc_raw_html]JTNDYSUyMHRhcmdldCUzRCUyMl9ibGFuayUyMiUyMGhyZWYlM0QlMjJodHRwJTNBJTJGJTJGd3d3LnVsbC5lcyUyRmV2ZW50b3MlMkZmb25kby1hbnRpZ3VvJTJGYmlibGlvZ3JhZmlhLXNvYnJlLWxhLWNvbGVjY2lvbiUyRiUyMiUzRSUzQ2RpdiUyMGNsYXNzJTNEJTIyc2VydmljaW9zLWluaWNpbyUyMiUzRSUwQSUzQ2g2JTNFQmlibGlvZ3JhZiVDMyVBRGElMjBzb2JyZSUyMGxhJTIwY29sZWNjaSVDMyVCM24lM0MlMkZoNiUzRSUwQSUzQyUyRmRpdiUzRSUzQyUyRmElM0UlMEE=[\/vc_raw_html][vc_raw_html]JTNDYSUyMHRhcmdldCUzRCUyMl9ibGFuayUyMiUyMGhyZWYlM0QlMjJodHRwJTNBJTJGJTJGd3d3LnVsbC5lcyUyRmV2ZW50b3MlMkZmb25kby1hbnRpZ3VvJTJGYmlibGlvZ3JhZmlhLXNvYnJlLW1hbnVzY3JpdG9zJTJGJTIyJTNFJTNDZGl2JTIwY2xhc3MlM0QlMjJzZXJ2aWNpb3MtaW5pY2lvJTIyJTNFJTBBJTNDaDYlM0VCaWJsaW9ncmFmJUMzJUFEYSUyMHNvYnJlJTIwbWFudXNjcml0b3MlM0MlMkZoNiUzRSUwQSUzQyUyRmRpdiUzRSUzQyUyRmElM0U=[\/vc_raw_html][vc_raw_html]JTNDYSUyMHRhcmdldCUzRCUyMl9ibGFuayUyMiUyMGhyZWYlM0QlMjJodHRwJTNBJTJGJTJGd3d3LnVsbC5lcyUyRmV2ZW50b3MlMkZmb25kby1hbnRpZ3VvJTJGYmlibGlvZ3JhZmlhLXNvYnJlLWltcHJlc29zJTJGJTIyJTNFJTNDZGl2JTIwY2xhc3MlM0QlMjJzZXJ2aWNpb3MtaW5pY2lvJTIyJTNFJTBBJTNDaDYlM0VCaWJsaW9ncmFmJUMzJUFEYSUyMHNvYnJlJTIwaW1wcmVzb3MlM0MlMkZoNiUzRSUwQSUzQyUyRmRpdiUzRSUzQyUyRmElM0U=[\/vc_raw_html][vc_raw_html]JTNDYSUyMHRhcmdldCUzRCUyMl9ibGFuayUyMiUyMGhyZWYlM0QlMjJodHRwJTNBJTJGJTJGd3d3LnVsbC5lcyUyRmV2ZW50b3MlMkZmb25kby1hbnRpZ3VvJTJGYmlibGlvZ3JhZmlhLXNvYnJlLWV4cG9zaWNpb25lcyUyRiUyMiUzRSUzQ2RpdiUyMGNsYXNzJTNEJTIyc2VydmljaW9zLWluaWNpbyUyMiUzRSUwQSUzQ2g2JTNFQmlibGlvZ3JhZiVDMyVBRGElMjBzb2JyZSUyMGV4cG9zaWNpb25lcyUzQyUyRmg2JTNFJTBBJTNDJTJGZGl2JTNFJTNDJTJGYSUzRQ==[\/vc_raw_html][vc_raw_html]JTNDYSUyMHRhcmdldCUzRCUyMl9ibGFuayUyMiUyMGhyZWYlM0QlMjJodHRwcyUzQSUyRiUyRnd3dy51bGwuZXMlMkZldmVudG9zJTJGZm9uZG8tYW50aWd1byUyRmJpYmxpb2dyYWZpYS1zb2JyZS1sb3MtZm9uZG9zLXBlcnNvbmFsZXMlMkYlMjIlM0UlM0NkaXYlMjBjbGFzcyUzRCUyMnNlcnZpY2lvcy1pbmljaW8lMjIlM0UlMEElM0NoNiUzRUJpYmxpb2dyYWYlQzMlQURhJTIwc29icmUlMjBsb3MlMjBGb25kb3MlMjBwZXJzb25hbGVzJTNDJTJGaDYlM0UlMEElM0MlMkZkaXYlM0UlM0MlMkZhJTNF[\/vc_raw_html][\/vc_column][vc_column width=\u00bb1\/2&#8243;][\/vc_column][\/vc_row]<\/p>\n","protected":false},"author":8,"featured_media":0,"parent":0,"menu_order":0,"comment_status":"closed","ping_status":"closed","template":"templates\/template-no-title.php","meta":{"footnotes":""},"class_list":["post-18","page","type-page","status-publish","hentry"],"_links":{"self":[{"href":"https:\/\/www.ull.es\/eventos\/fondo-antiguo\/wp-json\/wp\/v2\/pages\/18"}],"collection":[{"href":"https:\/\/www.ull.es\/eventos\/fondo-antiguo\/wp-json\/wp\/v2\/pages"}],"about":[{"href":"https:\/\/www.ull.es\/eventos\/fondo-antiguo\/wp-json\/wp\/v2\/types\/page"}],"author":[{"embeddable":true,"href":"https:\/\/www.ull.es\/eventos\/fondo-antiguo\/wp-json\/wp\/v2\/users\/8"}],"replies":[{"embeddable":true,"href":"https:\/\/www.ull.es\/eventos\/fondo-antiguo\/wp-json\/wp\/v2\/comments?post=18"}],"version-history":[{"count":25,"href":"https:\/\/www.ull.es\/eventos\/fondo-antiguo\/wp-json\/wp\/v2\/pages\/18\/revisions"}],"predecessor-version":[{"id":788,"href":"https:\/\/www.ull.es\/eventos\/fondo-antiguo\/wp-json\/wp\/v2\/pages\/18\/revisions\/788"}],"wp:attachment":[{"href":"https:\/\/www.ull.es\/eventos\/fondo-antiguo\/wp-json\/wp\/v2\/media?parent=18"}],"curies":[{"name":"wp","href":"https:\/\/api.w.org\/{rel}","templated":true}]}}