{"id":28,"date":"2019-05-07T15:37:27","date_gmt":"2019-05-07T13:37:27","guid":{"rendered":"http:\/\/www.ull.es\/eventos\/fondo-antiguo\/?page_id=28"},"modified":"2025-06-12T15:38:31","modified_gmt":"2025-06-12T13:38:31","slug":"manuscritos","status":"publish","type":"page","link":"https:\/\/www.ull.es\/eventos\/fondo-antiguo\/manuscritos\/","title":{"rendered":"Manuscritos"},"content":{"rendered":"<p>[vc_row][vc_column][vc_empty_space][vc_single_image image=\u00bb791&#8243; img_size=\u00bbfull\u00bb onclick=\u00bbcustom_link\u00bb link=\u00bbhttps:\/\/www.ull.es\/eventos\/fondo-antiguo\u00bb][vc_empty_space height=\u00bb64px\u00bb][vc_raw_html]JTNDaDElMjBjbGFzcyUzRCUyMnRpdHVsby1wYWdpbmElMjIlM0VNYW51c2NyaXRvcyUzQyUyRmgxJTNF[\/vc_raw_html][\/vc_column][\/vc_row][vc_row][vc_column width=\u00bb2\/3&#8243;][vc_column_text]<\/p>\n<div class=\"entry-content\">\n<p>La colecci\u00f3n consta de 195 vol\u00famenes de manuscritos que abarcan desde el siglo XV hasta el XX. Destaca por su valor y antig\u00fcedad el<a href=\"http:\/\/absysnet.bbtk.ull.es\/cgi-bin\/abnetopac?TITN=255122\" target=\"_blank\" rel=\"noopener\" target=\"_blank\" rel=\"noopener\">\u00a0<\/a><em><a href=\"http:\/\/absysnet.bbtk.ull.es\/cgi-bin\/abnetopac?TITN=255122\" target=\"_blank\" rel=\"noopener\" target=\"_blank\" rel=\"noopener\">Officium parvum Beate Maria et Officium Defunctorum<\/a>,<\/em> Libro de Horas de finales del S. XV o \u00a0principios del S. XVI, compuesto de 155 hojas sin numerar, en vitela, a una sola columna por plana, en escritura g\u00f3tica y lengua latina, excepto algunos fragmentos en franc\u00e9s y en cursiva, con una rica ornamentaci\u00f3n franco-flamenca.<a href=\"http:\/\/www.ull.es\/eventos\/fondo-antiguo\/wp-content\/uploads\/sites\/9\/2023\/06\/jaar_3_8_13_3r.jpg\" target=\"_blank\" rel=\"noopener\"><img loading=\"lazy\" decoding=\"async\" class=\"alignright wp-image-755 size-half\" src=\"http:\/\/www.ull.es\/eventos\/fondo-antiguo\/wp-content\/uploads\/sites\/9\/2023\/06\/jaar_3_8_13_3r-375x539.jpg\" alt=\"\" width=\"375\" height=\"539\" srcset=\"https:\/\/www.ull.es\/eventos\/fondo-antiguo\/wp-content\/uploads\/sites\/9\/2023\/06\/jaar_3_8_13_3r-375x539.jpg 375w, https:\/\/www.ull.es\/eventos\/fondo-antiguo\/wp-content\/uploads\/sites\/9\/2023\/06\/jaar_3_8_13_3r-209x300.jpg 209w, https:\/\/www.ull.es\/eventos\/fondo-antiguo\/wp-content\/uploads\/sites\/9\/2023\/06\/jaar_3_8_13_3r-712x1024.jpg 712w, https:\/\/www.ull.es\/eventos\/fondo-antiguo\/wp-content\/uploads\/sites\/9\/2023\/06\/jaar_3_8_13_3r-768x1104.jpg 768w, https:\/\/www.ull.es\/eventos\/fondo-antiguo\/wp-content\/uploads\/sites\/9\/2023\/06\/jaar_3_8_13_3r-750x1079.jpg 750w, https:\/\/www.ull.es\/eventos\/fondo-antiguo\/wp-content\/uploads\/sites\/9\/2023\/06\/jaar_3_8_13_3r.jpg 1000w\" sizes=\"(max-width: 375px) 100vw, 375px\" \/><\/a>Aunque la tem\u00e1tica de los manuscritos es variada: derecho, medicina, poes\u00eda, etc., son m\u00e1s numerosos los relativos a Canarias, como por ejemplo la <a href=\"https:\/\/bibliotecadecanarias.blogspot.com\/2014\/05\/cronicas-de-la-conquista-de-canarias.html\" target=\"_blank\" rel=\"noopener\" target=\"_blank\" rel=\"noopener\"><em>Cr\u00f3nica Lacunense<\/em><\/a>, una de las tres copias manuscritas en el S. XVII que se conservan sobre la conquista de Canarias; otro ejemplo es la obra de Jos\u00e9 de Viera y Clavijo el<i>\u00a0<\/i><a href=\"http:\/\/absysnet.bbtk.ull.es\/cgi-bin\/abnetopac?TITN=389347\" target=\"_blank\" rel=\"noopener\" target=\"_blank\" rel=\"noopener\"><em>Can Mayor<\/em><\/a>, llamado tambi\u00e9n\u00a0<em>Constelaci\u00f3n Canaria<\/em>, \u00a0copia manuscrita por Antonio Pereira Pacheco y Ruiz, con retratos de relevantes personajes del periodo ilustrado. Tambi\u00e9n cabe destacar <a href=\"http:\/\/absysnet.bbtk.ull.es\/cgi-bin\/abnetopac?TITN=383261\" target=\"_blank\" rel=\"noopener\"><i>L<\/i><\/a><em><a href=\"http:\/\/absysnet.bbtk.ull.es\/cgi-bin\/abnetopac?TITN=383261\" target=\"_blank\" rel=\"noopener\" target=\"_blank\" rel=\"noopener\">as Ordenanzas de la isla de Tenerife<\/a>,<\/em> recopiladas por Juan N\u00fa\u00f1ez de la Pe\u00f1a, en 1670;\u00a0 las obras de Fray Andr\u00e9s de Abreu <a href=\"http:\/\/absysnet.bbtk.ull.es\/cgi-bin\/abnetopac?TITN=372981\" target=\"_blank\" rel=\"noopener\" target=\"_blank\" rel=\"noopener\"><em>Stadium Solis<\/em><\/a><i> y <\/i><a href=\"http:\/\/absysnet.bbtk.ull.es\/cgi-bin\/abnetopac?TITN=384507\" target=\"_blank\" rel=\"noopener\" target=\"_blank\" rel=\"noopener\"><em>Las Novedades Antiguas<\/em> <\/a>o el <a href=\"http:\/\/absysnet.bbtk.ull.es\/cgi-bin\/abnetopac?TITN=385454\" target=\"_blank\" rel=\"noopener\" target=\"_blank\" rel=\"noopener\"><em>Diario del Regidor Anchieta<\/em><\/a>, manuscrito de 1731-1764.<\/p>\n<p>La \u00faltima incorporaci\u00f3n a la colecci\u00f3n de manuscritos ha sido, en el a\u00f1o 2022 la obra de Arthur Jean-Philibert Grasset titulada <a href=\"https:\/\/www.ull.es\/portal\/noticias\/2022\/manuel-de-paz-dona-biblioteca-manuscrito-viajero-frances-xix\/\" target=\"_blank\" rel=\"noopener\" target=\"_blank\" rel=\"noopener\"><i>Notes de voyage. Excursions sur les c\u00f4tes du Maroc et aux \u00eeles Canaries, pendant les anne\u00e8s 1877, 1878 et 1879.<\/i><\/a><\/p>\n<p>Todos ellos se pueden consultar en el cat\u00e1logo automatizado y los que son de dominio p\u00fablico est\u00e1n digitalizados y accesible libremente a trav\u00e9s de <a href=\"https:\/\/hermes.bbtk.ull.es\/index.vm?view=biblioteca&amp;lang=es\" target=\"_blank\" rel=\"noopener\" target=\"_blank\" rel=\"noopener\">Mares\u00eda<\/a>.<\/p>\n<\/div>\n<p>[\/vc_column_text][vc_empty_space][\/vc_column][vc_column width=\u00bb1\/3&#8243;][\/vc_column][\/vc_row]<\/p>\n","protected":false},"excerpt":{"rendered":"<p>[vc_row][vc_column][vc_empty_space][vc_single_image image=\u00bb791&#8243; img_size=\u00bbfull\u00bb onclick=\u00bbcustom_link\u00bb link=\u00bbhttps:\/\/www.ull.es\/eventos\/fondo-antiguo\u00bb][vc_empty_space height=\u00bb64px\u00bb][vc_raw_html]JTNDaDElMjBjbGFzcyUzRCUyMnRpdHVsby1wYWdpbmElMjIlM0VNYW51c2NyaXRvcyUzQyUyRmgxJTNF[\/vc_raw_html][\/vc_column][\/vc_row][vc_row][vc_column width=\u00bb2\/3&#8243;][vc_column_text] La colecci\u00f3n consta de 195 vol\u00famenes de manuscritos que abarcan desde el siglo XV hasta el XX. Destaca por su valor y antig\u00fcedad el\u00a0Officium parvum Beate Maria et Officium Defunctorum, Libro de Horas de finales del S. XV o \u00a0principios del S. XVI, compuesto de 155 hojas sin&#8230;<\/p>\n","protected":false},"author":8,"featured_media":0,"parent":0,"menu_order":0,"comment_status":"closed","ping_status":"closed","template":"templates\/template-frontpage.php","meta":{"footnotes":""},"class_list":["post-28","page","type-page","status-publish","hentry"],"_links":{"self":[{"href":"https:\/\/www.ull.es\/eventos\/fondo-antiguo\/wp-json\/wp\/v2\/pages\/28"}],"collection":[{"href":"https:\/\/www.ull.es\/eventos\/fondo-antiguo\/wp-json\/wp\/v2\/pages"}],"about":[{"href":"https:\/\/www.ull.es\/eventos\/fondo-antiguo\/wp-json\/wp\/v2\/types\/page"}],"author":[{"embeddable":true,"href":"https:\/\/www.ull.es\/eventos\/fondo-antiguo\/wp-json\/wp\/v2\/users\/8"}],"replies":[{"embeddable":true,"href":"https:\/\/www.ull.es\/eventos\/fondo-antiguo\/wp-json\/wp\/v2\/comments?post=28"}],"version-history":[{"count":15,"href":"https:\/\/www.ull.es\/eventos\/fondo-antiguo\/wp-json\/wp\/v2\/pages\/28\/revisions"}],"predecessor-version":[{"id":1020,"href":"https:\/\/www.ull.es\/eventos\/fondo-antiguo\/wp-json\/wp\/v2\/pages\/28\/revisions\/1020"}],"wp:attachment":[{"href":"https:\/\/www.ull.es\/eventos\/fondo-antiguo\/wp-json\/wp\/v2\/media?parent=28"}],"curies":[{"name":"wp","href":"https:\/\/api.w.org\/{rel}","templated":true}]}}

<p>[vc_row][vc_column][vc_empty_space][vc_single_image image=»791&#8243; img_size=»full» onclick=»custom_link» link=»https://www.ull.es/eventos/fondo-antiguo»][vc_empty_space height=»64px»][vc_raw_html]JTNDaDElMjBjbGFzcyUzRCUyMnRpdHVsby1wYWdpbmElMjIlM0VNYW51c2NyaXRvcyUzQyUyRmgxJTNF[/vc_raw_html][/vc_column][/vc_row][vc_row][vc_column width=»2/3&#8243;][vc_column_text]</p>
<div class="entry-content">
<p>La colección consta de 195 volúmenes de manuscritos que abarcan desde el siglo XV hasta el XX. Destaca por su valor y antigüedad el<a href="http://absysnet.bbtk.ull.es/cgi-bin/abnetopac?TITN=255122" target="_blank" rel="noopener" target="_blank" rel="noopener"> </a><em><a href="http://absysnet.bbtk.ull.es/cgi-bin/abnetopac?TITN=255122" target="_blank" rel="noopener" target="_blank" rel="noopener">Officium parvum Beate Maria et Officium Defunctorum</a>,</em> Libro de Horas de finales del S. XV o  principios del S. XVI, compuesto de 155 hojas sin numerar, en vitela, a una sola columna por plana, en escritura gótica y lengua latina, excepto algunos fragmentos en francés y en cursiva, con una rica ornamentación franco-flamenca.<a href="http://www.ull.es/eventos/fondo-antiguo/wp-content/uploads/sites/9/2023/06/jaar_3_8_13_3r.jpg" target="_blank" rel="noopener"><img loading="lazy" decoding="async" class="alignright wp-image-755 size-half" src="http://www.ull.es/eventos/fondo-antiguo/wp-content/uploads/sites/9/2023/06/jaar_3_8_13_3r-375x539.jpg" alt="" width="375" height="539" srcset="https://www.ull.es/eventos/fondo-antiguo/wp-content/uploads/sites/9/2023/06/jaar_3_8_13_3r-375x539.jpg 375w, https://www.ull.es/eventos/fondo-antiguo/wp-content/uploads/sites/9/2023/06/jaar_3_8_13_3r-209x300.jpg 209w, https://www.ull.es/eventos/fondo-antiguo/wp-content/uploads/sites/9/2023/06/jaar_3_8_13_3r-712x1024.jpg 712w, https://www.ull.es/eventos/fondo-antiguo/wp-content/uploads/sites/9/2023/06/jaar_3_8_13_3r-768x1104.jpg 768w, https://www.ull.es/eventos/fondo-antiguo/wp-content/uploads/sites/9/2023/06/jaar_3_8_13_3r-750x1079.jpg 750w, https://www.ull.es/eventos/fondo-antiguo/wp-content/uploads/sites/9/2023/06/jaar_3_8_13_3r.jpg 1000w" sizes="(max-width: 375px) 100vw, 375px" /></a>Aunque la temática de los manuscritos es variada: derecho, medicina, poesía, etc., son más numerosos los relativos a Canarias, como por ejemplo la <a href="https://bibliotecadecanarias.blogspot.com/2014/05/cronicas-de-la-conquista-de-canarias.html" target="_blank" rel="noopener" target="_blank" rel="noopener"><em>Crónica Lacunense</em></a>, una de las tres copias manuscritas en el S. XVII que se conservan sobre la conquista de Canarias; otro ejemplo es la obra de José de Viera y Clavijo el<i> </i><a href="http://absysnet.bbtk.ull.es/cgi-bin/abnetopac?TITN=389347" target="_blank" rel="noopener" target="_blank" rel="noopener"><em>Can Mayor</em></a>, llamado también <em>Constelación Canaria</em>,  copia manuscrita por Antonio Pereira Pacheco y Ruiz, con retratos de relevantes personajes del periodo ilustrado. También cabe destacar <a href="http://absysnet.bbtk.ull.es/cgi-bin/abnetopac?TITN=383261" target="_blank" rel="noopener"><i>L</i></a><em><a href="http://absysnet.bbtk.ull.es/cgi-bin/abnetopac?TITN=383261" target="_blank" rel="noopener" target="_blank" rel="noopener">as Ordenanzas de la isla de Tenerife</a>,</em> recopiladas por Juan Núñez de la Peña, en 1670;  las obras de Fray Andrés de Abreu <a href="http://absysnet.bbtk.ull.es/cgi-bin/abnetopac?TITN=372981" target="_blank" rel="noopener" target="_blank" rel="noopener"><em>Stadium Solis</em></a><i> y </i><a href="http://absysnet.bbtk.ull.es/cgi-bin/abnetopac?TITN=384507" target="_blank" rel="noopener" target="_blank" rel="noopener"><em>Las Novedades Antiguas</em> </a>o el <a href="http://absysnet.bbtk.ull.es/cgi-bin/abnetopac?TITN=385454" target="_blank" rel="noopener" target="_blank" rel="noopener"><em>Diario del Regidor Anchieta</em></a>, manuscrito de 1731-1764.</p>
<p>La última incorporación a la colección de manuscritos ha sido, en el año 2022 la obra de Arthur Jean-Philibert Grasset titulada <a href="https://www.ull.es/portal/noticias/2022/manuel-de-paz-dona-biblioteca-manuscrito-viajero-frances-xix/" target="_blank" rel="noopener" target="_blank" rel="noopener"><i>Notes de voyage. Excursions sur les côtes du Maroc et aux îles Canaries, pendant les anneès 1877, 1878 et 1879.</i></a></p>
<p>Todos ellos se pueden consultar en el catálogo automatizado y los que son de dominio público están digitalizados y accesible libremente a través de <a href="https://hermes.bbtk.ull.es/index.vm?view=biblioteca&amp;lang=es" target="_blank" rel="noopener" target="_blank" rel="noopener">Maresía</a>.</p>
</div>
<p>[/vc_column_text][vc_empty_space][/vc_column][vc_column width=»1/3&#8243;][/vc_column][/vc_row]</p>

<p>[vc_row][vc_column][vc_empty_space][vc_single_image image=»791&#8243; img_size=»full» onclick=»custom_link» link=»https://www.ull.es/eventos/fondo-antiguo»][vc_empty_space height=»64px»][vc_raw_html]JTNDaDElMjBjbGFzcyUzRCUyMnRpdHVsby1wYWdpbmElMjIlM0VNYW51c2NyaXRvcyUzQyUyRmgxJTNF[/vc_raw_html][/vc_column][/vc_row][vc_row][vc_column width=»2/3&#8243;][vc_column_text] La colección consta de 195 volúmenes de manuscritos que abarcan desde el siglo XV hasta el XX. Destaca por su valor y antigüedad el Officium parvum Beate Maria et Officium Defunctorum, Libro de Horas de finales del S. XV o  principios del S. XVI, compuesto de 155 hojas sin&#8230;</p>
