{"id":34,"date":"2019-05-07T15:39:10","date_gmt":"2019-05-07T13:39:10","guid":{"rendered":"http:\/\/www.ull.es\/eventos\/fondo-antiguo\/?page_id=34"},"modified":"2025-06-12T15:40:48","modified_gmt":"2025-06-12T13:40:48","slug":"impresos-del-s-xvi","status":"publish","type":"page","link":"https:\/\/www.ull.es\/eventos\/fondo-antiguo\/impresos-del-s-xvi\/","title":{"rendered":"Impresos del siglo XVI"},"content":{"rendered":"<p>[vc_row full_width=\u00bbstretch_row\u00bb css=\u00bb.vc_custom_1651236325229{background-position: center !important;background-repeat: no-repeat !important;background-size: cover !important;}\u00bb][vc_column][vc_empty_space][vc_single_image image=\u00bb791&#8243; img_size=\u00bbfull\u00bb][vc_empty_space height=\u00bb64px\u00bb][vc_raw_html]JTNDaDElMjBjbGFzcyUzRCUyMnRpdHVsby1wYWdpbmElMjIlM0VJbXByZXNvcyUyMGRlbCUyMHNpZ2xvJTIwWFZJJTNDJTJGaDElM0U=[\/vc_raw_html][\/vc_column][\/vc_row][vc_row equal_height=\u00bbyes\u00bb][vc_column width=\u00bb2\/3&#8243;][vc_column_text]<\/p>\n<div id=\"content\" class=\"site-content\">\n<div id=\"primary\" class=\"content-area\">\n<article id=\"post-26\" class=\"post-26 page type-page status-publish hentry\" target=\"_blank\" rel=\"noopener\">\n<div class=\"entry-content\">\n<p>La colecci\u00f3n de impresos del S.XVI est\u00e1 compuesta por \u00a0aproximadamente ochocientos vol\u00famenes de las m\u00e1s variadas materias, aunque predominan la religi\u00f3n, la filosof\u00eda y el derecho, tambi\u00e9n est\u00e1n representadas la medicina, la geograf\u00eda, las matem\u00e1ticas, la historia natural o la farmacopea.<\/p>\n<p><img loading=\"lazy\" decoding=\"async\" class=\"alignright wp-image-693 size-half\" src=\"http:\/\/www.ull.es\/eventos\/fondo-antiguo\/wp-content\/uploads\/sites\/9\/2023\/06\/30-sXVI-243-Magnus-Ekla-detalle-375x264.png\" alt=\"\" width=\"375\" height=\"264\" srcset=\"https:\/\/www.ull.es\/eventos\/fondo-antiguo\/wp-content\/uploads\/sites\/9\/2023\/06\/30-sXVI-243-Magnus-Ekla-detalle-375x264.png 375w, https:\/\/www.ull.es\/eventos\/fondo-antiguo\/wp-content\/uploads\/sites\/9\/2023\/06\/30-sXVI-243-Magnus-Ekla-detalle-300x211.png 300w, https:\/\/www.ull.es\/eventos\/fondo-antiguo\/wp-content\/uploads\/sites\/9\/2023\/06\/30-sXVI-243-Magnus-Ekla-detalle.png 600w\" sizes=\"(max-width: 375px) 100vw, 375px\" \/>Entre las obras religiosas se conservan ocho Biblias: un ejemplar impreso en Lyon en <a href=\"https:\/\/absysnet.bbtk.ull.es\/cgi-bin\/abnetopac?TITN=222495\" target=\"_blank\" rel=\"noopener\">1599<\/a> bajo los auspicios de Benito Arias Montano ; una hebrea impresa en Basilea en <a href=\"https:\/\/absysnet.bbtk.ull.es\/cgi-bin\/abnetopac?TITN=566725\" target=\"_blank\" rel=\"noopener\">1539<\/a> ; entre las griegas destacan la impresa en Basilea, Par\u00eds y Roma en , en <a href=\"https:\/\/absysnet.bbtk.ull.es\/cgi-bin\/abnetopac?TITN=286960\" target=\"_blank\" rel=\"noopener\">1545<\/a>, <a href=\"https:\/\/absysnet.bbtk.ull.es\/cgi-bin\/abnetopac?TITN=286895\" target=\"_blank\" rel=\"noopener\">1546 <\/a>y <a href=\"https:\/\/absysnet.bbtk.ull.es\/cgi-bin\/abnetopac?TITN=236689\" target=\"_blank\" rel=\"noopener\">1587 <\/a>respectivamente, y las cinco restantes latinas impresas en Frankfurt, Amberes, Lyon, Roma y Colonia entre 1566 y 1592. Adem\u00e1s entre estos los libros custodiamos un peque\u00f1o impreso titulado \u00a0<a href=\"https:\/\/www.ull.es\/eventos\/fondo-antiguo\/bajo-el-signo-del-unicornio-un-libro-de-horas-impreso-en-paris-en-1547\/\" target=\"_blank\" rel=\"noopener\"><i>Horae in laudem beatissimae virginis Mariae secundum consuetudinem Romanae Curiae<\/i> <\/a>impreso por Thielmann Kerver II, en Par\u00eds en 1547.<\/p>\n<p>Cabe destacar entre los textos cient\u00edficos el notable ejemplar\u00a0\u00a0<em><a href=\"http:\/\/absysnet.bbtk.ull.es\/cgi-bin\/abnetopac?TITN=223972\" target=\"_blank\" rel=\"noopener\" target=\"_blank\" rel=\"noopener\">Egidius de urinis [et] pulsibus. Petrus Leo de urinis<\/a><\/em>, impreso en Venecia en 1514; el<a href=\"http:\/\/absysnet.bbtk.ull.es\/cgi-bin\/abnetopac?TITN=320503\" target=\"_blank\" rel=\"noopener\" target=\"_blank\" rel=\"noopener\">\u00a0<em>Theatrum Orbis<\/em><\/a>\u00a0de Abraham Ortelio impreso en Amberes en 1595; o la \u00a0traducci\u00f3n de la obra \u00a0de Diosc\u00f3rides\u00a0<a href=\"http:\/\/absysnet.bbtk.ull.es\/cgi-bin\/abnetopac?TITN=224260\" target=\"_blank\" rel=\"noopener\" target=\"_blank\" rel=\"noopener\">\u00a0<em>Acerca de la materia medicinal<\/em><\/a>,\u00a0por Andr\u00e9s de Laguna, impresa en Salamanca en 1586.<\/p>\n<p>La digitalizaci\u00f3n de gran parte de la colecci\u00f3n puede consultarse a trav\u00e9s de <a href=\"https:\/\/hermes.bbtk.ull.es\/index.vm?view=biblioteca&amp;lang=es\" target=\"_blank\" rel=\"noopener\" target=\"_blank\" rel=\"noopener\">Mares\u00eda<\/a>\u00a0o en enlaces a otras instituciones<\/p>\n<\/div>\n<\/article>\n<\/div>\n<\/div>\n<footer id=\"colophon\" class=\"site-footer\" role=\"contentinfo\">\n<section class=\"pie footer-left-widget\"><\/section>\n<section class=\"pie footer-center-widget\"><\/section>\n<section class=\"pie footer-right-widget\"><\/section>\n<\/footer>\n<p>[\/vc_column_text][\/vc_column][vc_column width=\u00bb1\/3&#8243;][\/vc_column][\/vc_row]<\/p>\n","protected":false},"excerpt":{"rendered":"<p>[vc_row full_width=\u00bbstretch_row\u00bb css=\u00bb.vc_custom_1651236325229{background-position: center !important;background-repeat: no-repeat !important;background-size: cover !important;}\u00bb][vc_column][vc_empty_space][vc_single_image image=\u00bb791&#8243; img_size=\u00bbfull\u00bb][vc_empty_space height=\u00bb64px\u00bb][vc_raw_html]JTNDaDElMjBjbGFzcyUzRCUyMnRpdHVsby1wYWdpbmElMjIlM0VJbXByZXNvcyUyMGRlbCUyMHNpZ2xvJTIwWFZJJTNDJTJGaDElM0U=[\/vc_raw_html][\/vc_column][\/vc_row][vc_row equal_height=\u00bbyes\u00bb][vc_column width=\u00bb2\/3&#8243;][vc_column_text] La colecci\u00f3n de impresos del S.XVI est\u00e1 compuesta por \u00a0aproximadamente ochocientos vol\u00famenes de las m\u00e1s variadas materias, aunque predominan la religi\u00f3n, la filosof\u00eda y el derecho, tambi\u00e9n est\u00e1n representadas la medicina, la geograf\u00eda, las matem\u00e1ticas, la historia natural o la farmacopea&#8230;.<\/p>\n","protected":false},"author":8,"featured_media":0,"parent":0,"menu_order":0,"comment_status":"closed","ping_status":"closed","template":"templates\/template-frontpage.php","meta":{"footnotes":""},"class_list":["post-34","page","type-page","status-publish","hentry"],"_links":{"self":[{"href":"https:\/\/www.ull.es\/eventos\/fondo-antiguo\/wp-json\/wp\/v2\/pages\/34"}],"collection":[{"href":"https:\/\/www.ull.es\/eventos\/fondo-antiguo\/wp-json\/wp\/v2\/pages"}],"about":[{"href":"https:\/\/www.ull.es\/eventos\/fondo-antiguo\/wp-json\/wp\/v2\/types\/page"}],"author":[{"embeddable":true,"href":"https:\/\/www.ull.es\/eventos\/fondo-antiguo\/wp-json\/wp\/v2\/users\/8"}],"replies":[{"embeddable":true,"href":"https:\/\/www.ull.es\/eventos\/fondo-antiguo\/wp-json\/wp\/v2\/comments?post=34"}],"version-history":[{"count":11,"href":"https:\/\/www.ull.es\/eventos\/fondo-antiguo\/wp-json\/wp\/v2\/pages\/34\/revisions"}],"predecessor-version":[{"id":1022,"href":"https:\/\/www.ull.es\/eventos\/fondo-antiguo\/wp-json\/wp\/v2\/pages\/34\/revisions\/1022"}],"wp:attachment":[{"href":"https:\/\/www.ull.es\/eventos\/fondo-antiguo\/wp-json\/wp\/v2\/media?parent=34"}],"curies":[{"name":"wp","href":"https:\/\/api.w.org\/{rel}","templated":true}]}}