{"id":40,"date":"2019-05-07T15:41:03","date_gmt":"2019-05-07T13:41:03","guid":{"rendered":"http:\/\/www.ull.es\/eventos\/fondo-antiguo\/?page_id=40"},"modified":"2023-06-26T13:17:04","modified_gmt":"2023-06-26T11:17:04","slug":"otras-colecciones","status":"publish","type":"page","link":"https:\/\/www.ull.es\/eventos\/fondo-antiguo\/otras-colecciones\/","title":{"rendered":"Otras colecciones"},"content":{"rendered":"<p>[vc_row][vc_column][vc_empty_space][vc_single_image image=\u00bb791&#8243; img_size=\u00bbfull\u00bb onclick=\u00bbcustom_link\u00bb link=\u00bbhttps:\/\/www.ull.es\/eventos\/fondo-antiguo\u00bb][vc_empty_space height=\u00bb64px\u00bb][vc_raw_html]JTNDaDElMjBjbGFzcyUzRCUyMnRpdHVsby1wYWdpbmElMjIlM0VPdHJhcyUyMGNvbGVjY2lvbmVzJTNDJTJGaDElM0U=[\/vc_raw_html][\/vc_column][\/vc_row][vc_row][vc_column width=\u00bb2\/3&#8243;][vc_column_text]<\/p>\n<div class=\"entry-content\">\n<p>Dentro del Fondo Antiguo se conservan adem\u00e1s otro tipo de documentos como dibujos, grabados y mapas. Entre los primeros hay que se\u00f1alar los proyectos de <em><a href=\"http:\/\/absysnet.bbtk.ull.es\/cgi-bin\/abnetopac?TITN=391766\" target=\"_blank\" rel=\"noopener\" target=\"_blank\" rel=\"noopener\">fachada<\/a><\/em> y<em><a href=\"http:\/\/absysnet.bbtk.ull.es\/cgi-bin\/abnetopac?TITN=391777\" target=\"_blank\" rel=\"noopener\" target=\"_blank\" rel=\"noopener\"> tabern\u00e1culo<\/a><\/em> de la Catedral de La Laguna; entre los grabados destacan los de <a href=\"http:\/\/absysnet.bbtk.ull.es\/cgi-bin\/abnetopac?TITN=465736\" target=\"_blank\" rel=\"noopener\" target=\"_blank\" rel=\"noopener\">Palombo<\/a>, impresos en Roma en 1573,\u00a0\u00a0la s\u00e9ptima edici\u00f3n de\u00a0<a href=\"http:\/\/absysnet.bbtk.ull.es\/cgi-bin\/abnetopac?TITN=476798\" target=\"_blank\" rel=\"noopener\" target=\"_blank\" rel=\"noopener\"><em>Los Caprichos<\/em>\u00a0<\/a>de Goya o<a href=\"http:\/\/absysnet.bbtk.ull.es\/cgi-bin\/abnetopac?TITN=242271\" target=\"_blank\" rel=\"noopener\" target=\"_blank\" rel=\"noopener\"><em>\u00a0Les Miscellan\u00e9es canariennes<\/em>\u00a0<\/a>de Sabin Berthelot.<\/p>\n<p><a href=\"http:\/\/www.ull.es\/eventos\/fondo-antiguo\/wp-content\/uploads\/sites\/9\/2023\/06\/Fondo-BULL-02-1.jpg\" target=\"_blank\" rel=\"noopener\"><img loading=\"lazy\" decoding=\"async\" class=\"alignright wp-image-760 size-full\" src=\"http:\/\/www.ull.es\/eventos\/fondo-antiguo\/wp-content\/uploads\/sites\/9\/2023\/06\/Fondo-BULL-02-1.jpg\" alt=\"\" width=\"214\" height=\"320\" srcset=\"https:\/\/www.ull.es\/eventos\/fondo-antiguo\/wp-content\/uploads\/sites\/9\/2023\/06\/Fondo-BULL-02-1.jpg 214w, https:\/\/www.ull.es\/eventos\/fondo-antiguo\/wp-content\/uploads\/sites\/9\/2023\/06\/Fondo-BULL-02-1-201x300.jpg 201w\" sizes=\"(max-width: 214px) 100vw, 214px\" \/><\/a>La biblioteca custodia adem\u00e1s, dos esferas, una celeste y otra terr\u00e1quea, realizadas en los talleres londinenses de John Senex en 1740.<\/p>\n<p>A partir de la segunda mitad del siglo XX, la Biblioteca ha ido recibiendo numerosos archivos personales que ofrecen a la Universidad de La Laguna nuevas v\u00edas de investigaci\u00f3n para el estudio de la historia, la literatura y el arte de la comunidad canaria.<\/p>\n<p>Importantes personalidades e investigadores han donado sus <a href=\"https:\/\/www.ull.es\/servicios\/biblioteca\/archivos-personales\/\" target=\"_blank\" rel=\"noopener\">archivos personales<\/a>: el pol\u00edgrafo <a href=\"https:\/\/www.ull.es\/eventos\/jose-agustin-alvarez-rixo\/\" target=\"_blank\" rel=\"noopener\">Jos\u00e9 Agust\u00edn \u00c1lvarez Rixo<\/a>,, el fil\u00f3sofo <a href=\"https:\/\/www.ull.es\/eventos\/gonzalezvicen\/\" target=\"_blank\" rel=\"noopener\">Felipe Gonz\u00e1lez Vic\u00e9n<\/a>, el arquitecto<a href=\"https:\/\/www.ull.es\/eventos\/enrique-rumeu-armas\/\" target=\"_blank\" rel=\"noopener\"> Enrique Rumeu de Armas<\/a>, el periodista <a href=\"https:\/\/www.ull.es\/eventos\/padronalbornoz\/\" target=\"_blank\" rel=\"noopener\">Juan Antonio Padr\u00f3n Albornoz<\/a>. Estamos trabajando para dar el mismo formato informativo a otros archivos personales como el del historiador <a href=\"https:\/\/docs.google.com\/document\/d\/1Zcz-vvwEXxrHFP8xKPXXh1syMOXVoTv7MB82LaeTzC4\/edit\" target=\"_blank\" rel=\"noopener\">Dacio Darias Padr\u00f3n<\/a>, los cr\u00edticos literarios <a href=\"https:\/\/docs.google.com\/document\/d\/1o4MQB-U3hCLXLDeBH_t1UjK2ejJCka3i3YJ1p_sR3Dc\/edit\" target=\"_blank\" rel=\"noopener\">Ventura Doreste<\/a> y<a href=\"https:\/\/docs.google.com\/document\/d\/1F9F_3WNNhQU59PO4HqVUKGdngaOkXbN3blvuNAYVA4g\/edit\" target=\"_blank\" rel=\"noopener\"> Antonio Dorta<\/a> y la poeta <a href=\"https:\/\/docs.google.com\/document\/d\/1DVjV1il98LGnFKhxQLZyQZwrai326JwV5UeV0BvyD6Q\/edit\" target=\"_blank\" rel=\"noopener\">Ana Mar\u00eda Fagundo<\/a>.<\/p>\n<\/div>\n<p>[\/vc_column_text][vc_empty_space][\/vc_column][vc_column width=\u00bb1\/3&#8243;][\/vc_column][\/vc_row]<\/p>\n","protected":false},"excerpt":{"rendered":"<p>[vc_row][vc_column][vc_empty_space][vc_single_image image=\u00bb791&#8243; img_size=\u00bbfull\u00bb onclick=\u00bbcustom_link\u00bb link=\u00bbhttps:\/\/www.ull.es\/eventos\/fondo-antiguo\u00bb][vc_empty_space height=\u00bb64px\u00bb][vc_raw_html]JTNDaDElMjBjbGFzcyUzRCUyMnRpdHVsby1wYWdpbmElMjIlM0VPdHJhcyUyMGNvbGVjY2lvbmVzJTNDJTJGaDElM0U=[\/vc_raw_html][\/vc_column][\/vc_row][vc_row][vc_column width=\u00bb2\/3&#8243;][vc_column_text] Dentro del Fondo Antiguo se conservan adem\u00e1s otro tipo de documentos como dibujos, grabados y mapas. Entre los primeros hay que se\u00f1alar los proyectos de fachada y tabern\u00e1culo de la Catedral de La Laguna; entre los grabados destacan los de Palombo, impresos en Roma en 1573,\u00a0\u00a0la s\u00e9ptima edici\u00f3n&#8230;<\/p>\n","protected":false},"author":8,"featured_media":0,"parent":0,"menu_order":0,"comment_status":"closed","ping_status":"closed","template":"templates\/template-frontpage.php","meta":{"footnotes":""},"class_list":["post-40","page","type-page","status-publish","hentry"],"_links":{"self":[{"href":"https:\/\/www.ull.es\/eventos\/fondo-antiguo\/wp-json\/wp\/v2\/pages\/40"}],"collection":[{"href":"https:\/\/www.ull.es\/eventos\/fondo-antiguo\/wp-json\/wp\/v2\/pages"}],"about":[{"href":"https:\/\/www.ull.es\/eventos\/fondo-antiguo\/wp-json\/wp\/v2\/types\/page"}],"author":[{"embeddable":true,"href":"https:\/\/www.ull.es\/eventos\/fondo-antiguo\/wp-json\/wp\/v2\/users\/8"}],"replies":[{"embeddable":true,"href":"https:\/\/www.ull.es\/eventos\/fondo-antiguo\/wp-json\/wp\/v2\/comments?post=40"}],"version-history":[{"count":11,"href":"https:\/\/www.ull.es\/eventos\/fondo-antiguo\/wp-json\/wp\/v2\/pages\/40\/revisions"}],"predecessor-version":[{"id":638,"href":"https:\/\/www.ull.es\/eventos\/fondo-antiguo\/wp-json\/wp\/v2\/pages\/40\/revisions\/638"}],"wp:attachment":[{"href":"https:\/\/www.ull.es\/eventos\/fondo-antiguo\/wp-json\/wp\/v2\/media?parent=40"}],"curies":[{"name":"wp","href":"https:\/\/api.w.org\/{rel}","templated":true}]}}