{"id":666,"date":"2023-06-02T11:46:15","date_gmt":"2023-06-02T09:46:15","guid":{"rendered":"https:\/\/www.ull.es\/eventos\/fondo-antiguo\/?page_id=666"},"modified":"2023-06-26T12:24:11","modified_gmt":"2023-06-26T10:24:11","slug":"bibliotecas-nacionales","status":"publish","type":"page","link":"https:\/\/www.ull.es\/eventos\/fondo-antiguo\/bibliotecas-nacionales\/","title":{"rendered":"Bibliotecas nacionales"},"content":{"rendered":"<p>[vc_row][vc_column][vc_empty_space][vc_single_image image=\u00bb791&#8243; img_size=\u00bbfull\u00bb onclick=\u00bbcustom_link\u00bb link=\u00bbhttps:\/\/www.ull.es\/eventos\/fondo-antiguo\u00bb][vc_empty_space height=\u00bb64px\u00bb][vc_raw_html]JTNDaDElMjBjbGFzcyUzRCUyMnRpdHVsby1wYWdpbmElMjIlM0VCaWJsaW90ZWNhcyUyMG5hY2lvbmFsZXMlM0MlMkZoMSUzRQ==[\/vc_raw_html][\/vc_column][\/vc_row][vc_row][vc_column width=\u00bb2\/3&#8243;][vc_column_text]<\/p>\n<div class=\"entry-content\">\n<ul>\n<li><a href=\"http:\/\/www.dnb.de\/DE\/Home\/home_node.html\" target=\"_blank\" rel=\"noopener\" target=\"_blank\" rel=\"noopener\">Alemania<\/a><\/li>\n<li><a href=\"https:\/\/www.onb.ac.at\/\" target=\"_blank\" rel=\"noopener\" target=\"_blank\" rel=\"noopener\">Austria<\/a><\/li>\n<li><a href=\"https:\/\/www.kbr.be\/en\/collections\" target=\"_blank\" rel=\"noopener\" target=\"_blank\" rel=\"noopener\">B\u00e9lgica<\/a><\/li>\n<li><a href=\"http:\/\/www.bac-lac.gc.ca\/eng\/Pages\/home.aspx\" target=\"_blank\" rel=\"noopener\" target=\"_blank\" rel=\"noopener\">Canad\u00e1<\/a><\/li>\n<li><a href=\"http:\/\/www.kb.dk\/da\/index.html\" target=\"_blank\" rel=\"noopener\" target=\"_blank\" rel=\"noopener\">Dinamarca<\/a><\/li>\n<li><a href=\"http:\/\/www.bne.es\/es\/Inicio\/index.html\" target=\"_blank\" rel=\"noopener\" target=\"_blank\" rel=\"noopener\">Espa\u00f1a<\/a><\/li>\n<li>Estados Unidos\n<ul>\n<li><a href=\"https:\/\/www.nlm.nih.gov\/\" target=\"_blank\" rel=\"noopener\">Bethesda<\/a><\/li>\n<li><a href=\"http:\/\/www.loc.gov\/\" target=\"_blank\" rel=\"noopener\" target=\"_blank\" rel=\"noopener\">Library of Congress<\/a><\/li>\n<\/ul>\n<\/li>\n<li><a href=\"http:\/\/www.bnf.fr\/fr\/acc\/x.accueil.html\" target=\"_blank\" rel=\"noopener\" target=\"_blank\" rel=\"noopener\">Francia<\/a><\/li>\n<li><a href=\"http:\/\/www.kb.nl\/\" target=\"_blank\" rel=\"noopener\" target=\"_blank\" rel=\"noopener\">Holanda<\/a><\/li>\n<li>Italia\n<ul>\n<li><a href=\"https:\/\/ambrosiana.comperio.it\/\" target=\"_blank\" rel=\"noopener\">Ambrosiana (Mil\u00e1n)<\/a><\/li>\n<li><a href=\"http:\/\/www.braidense.it\/index\/index.php\" target=\"_blank\" rel=\"noopener\" target=\"_blank\" rel=\"noopener\">Braidense<\/a><\/li>\n<li><a href=\"http:\/\/www.bncrm.beniculturali.it\/\" target=\"_blank\" rel=\"noopener\" target=\"_blank\" rel=\"noopener\">Centrale di Roma<\/a><\/li>\n<li><a href=\"https:\/\/www.bncf.firenze.sbn.it\/\" target=\"_blank\" rel=\"noopener\">Nazionale Centrale di Firenze<\/a><\/li>\n<\/ul>\n<\/li>\n<li><a href=\"http:\/\/bnm.unam.mx\/index.php\/hnm-fondo-reservado\" target=\"_blank\" rel=\"noopener\" target=\"_blank\" rel=\"noopener\">M\u00e9xico<\/a><\/li>\n<li><a href=\"http:\/\/www.bnportugal.pt\/\" target=\"_blank\" rel=\"noopener\" target=\"_blank\" rel=\"noopener\">Portugal<\/a><\/li>\n<li>Reino Unido\n<ul>\n<li><a href=\"http:\/\/www.bl.uk\/\" target=\"_blank\" rel=\"noopener\" target=\"_blank\" rel=\"noopener\">British Library<\/a><\/li>\n<li><a href=\"http:\/\/www.bodleian.ox.ac.uk\/bodley\" target=\"_blank\" rel=\"noopener\" target=\"_blank\" rel=\"noopener\">Bodleian Library<\/a><\/li>\n<\/ul>\n<\/li>\n<li><a href=\"http:\/\/www.vatlib.it\/home.php?ling=it&amp;res=1024x768\" target=\"_blank\" rel=\"noopener\" target=\"_blank\" rel=\"noopener\">Vaticana<\/a><\/li>\n<\/ul>\n<\/div>\n<p>[\/vc_column_text][vc_empty_space][vc_empty_space][vc_btn title=\u00bbVolver a Recursos en l\u00ednea\u00bb link=\u00bburl:https%3A%2F%2Fwww.ull.es%2Feventos%2Ffondo-antiguo%2Frecursos-online%2F\u00bb][\/vc_column][vc_column width=\u00bb1\/3&#8243;][\/vc_column][\/vc_row]<\/p>\n","protected":false},"excerpt":{"rendered":"<p>[vc_row][vc_column][vc_empty_space][vc_single_image image=\u00bb791&#8243; img_size=\u00bbfull\u00bb onclick=\u00bbcustom_link\u00bb link=\u00bbhttps:\/\/www.ull.es\/eventos\/fondo-antiguo\u00bb][vc_empty_space height=\u00bb64px\u00bb][vc_raw_html]JTNDaDElMjBjbGFzcyUzRCUyMnRpdHVsby1wYWdpbmElMjIlM0VCaWJsaW90ZWNhcyUyMG5hY2lvbmFsZXMlM0MlMkZoMSUzRQ==[\/vc_raw_html][\/vc_column][\/vc_row][vc_row][vc_column width=\u00bb2\/3&#8243;][vc_column_text] Alemania Austria B\u00e9lgica Canad\u00e1 Dinamarca Espa\u00f1a Estados Unidos Bethesda Library of Congress Francia Holanda Italia Ambrosiana (Mil\u00e1n) Braidense Centrale di Roma Nazionale Centrale di Firenze M\u00e9xico Portugal Reino Unido British Library Bodleian Library Vaticana [\/vc_column_text][vc_empty_space][vc_empty_space][vc_btn title=\u00bbVolver a Recursos en l\u00ednea\u00bb link=\u00bburl:https%3A%2F%2Fwww.ull.es%2Feventos%2Ffondo-antiguo%2Frecursos-online%2F\u00bb][\/vc_column][vc_column width=\u00bb1\/3&#8243;][\/vc_column][\/vc_row]<\/p>\n","protected":false},"author":14,"featured_media":0,"parent":0,"menu_order":0,"comment_status":"closed","ping_status":"closed","template":"templates\/template-frontpage.php","meta":{"footnotes":""},"class_list":["post-666","page","type-page","status-publish","hentry"],"_links":{"self":[{"href":"https:\/\/www.ull.es\/eventos\/fondo-antiguo\/wp-json\/wp\/v2\/pages\/666"}],"collection":[{"href":"https:\/\/www.ull.es\/eventos\/fondo-antiguo\/wp-json\/wp\/v2\/pages"}],"about":[{"href":"https:\/\/www.ull.es\/eventos\/fondo-antiguo\/wp-json\/wp\/v2\/types\/page"}],"author":[{"embeddable":true,"href":"https:\/\/www.ull.es\/eventos\/fondo-antiguo\/wp-json\/wp\/v2\/users\/14"}],"replies":[{"embeddable":true,"href":"https:\/\/www.ull.es\/eventos\/fondo-antiguo\/wp-json\/wp\/v2\/comments?post=666"}],"version-history":[{"count":5,"href":"https:\/\/www.ull.es\/eventos\/fondo-antiguo\/wp-json\/wp\/v2\/pages\/666\/revisions"}],"predecessor-version":[{"id":668,"href":"https:\/\/www.ull.es\/eventos\/fondo-antiguo\/wp-json\/wp\/v2\/pages\/666\/revisions\/668"}],"wp:attachment":[{"href":"https:\/\/www.ull.es\/eventos\/fondo-antiguo\/wp-json\/wp\/v2\/media?parent=666"}],"curies":[{"name":"wp","href":"https:\/\/api.w.org\/{rel}","templated":true}]}}