{"id":95,"date":"2019-05-09T12:37:38","date_gmt":"2019-05-09T10:37:38","guid":{"rendered":"http:\/\/www.ull.es\/eventos\/fondo-antiguo\/?page_id=95"},"modified":"2023-06-26T12:16:21","modified_gmt":"2023-06-26T10:16:21","slug":"bibliografia-sobre-la-coleccion","status":"publish","type":"page","link":"https:\/\/www.ull.es\/eventos\/fondo-antiguo\/bibliografia-sobre-la-coleccion\/","title":{"rendered":"Bibliograf\u00eda sobre la colecci\u00f3n"},"content":{"rendered":"<p>[vc_row][vc_column][vc_empty_space][vc_single_image image=\u00bb791&#8243; img_size=\u00bbfull\u00bb onclick=\u00bbcustom_link\u00bb link=\u00bbhttps:\/\/www.ull.es\/eventos\/fondo-antiguo\u00bb][vc_empty_space height=\u00bb64px\u00bb][vc_raw_html]JTNDaDElMjBjbGFzcyUzRCUyMnRpdHVsby1wYWdpbmElMjIlM0VCaWJsaW9ncmFmJUMzJUFEYSUyMHNvYnJlJTIwbGElMjBjb2xlY2NpJUMzJUIzbiUzQyUyRmgxJTNF[\/vc_raw_html][vc_empty_space][\/vc_column][\/vc_row][vc_row][vc_column width=\u00bb2\/3&#8243;][vc_column_text]FERN\u00c1NDEZ PALOMEQUE, Paz y MORALES AYALA, M\u00aa Luisa. El Fondo Antiguo de la Biblioteca Universitaria de La Laguna.\u00a0<em>Canales de Comunicaci\u00f3n: Revista de la Asociaci\u00f3n de Antiguos Alumnos y Amigos de la Universidad de La Laguna<\/em>, 2004, n\u00ba 2.<\/p>\n<hr \/>\n<p>FERN\u00c1NDEZ PALOMEQUE, Paz y MORALES AYALA, M\u00aa Luisa.\u00a0<a href=\"http:\/\/dialnet.unirioja.es\/servlet\/articulo?codigo=1410540\" target=\"_blank\" rel=\"noopener\" target=\"_blank\" rel=\"noopener\">Los incunables y los libros del S.XVI se incorporan al cat\u00e1logo automatizado de la Biblioteca de la Universidad de La Laguna<\/a>.\u00a0<em>Cartas Diferentes<\/em>, 2005, n\u00ba 1, p. 181-188.<\/p>\n<hr \/>\n<p>FERN\u00c1NDEZ PALOMEQUE, Paz y MORALES AYALA, M\u00aa Luisa.\u00a0<a href=\"http:\/\/dialnet.unirioja.es\/servlet\/articulo?codigo=3402330\" target=\"_blank\" rel=\"noopener\" target=\"_blank\" rel=\"noopener\">Patrimonio Bibliogr\u00e1fico Lacunense: Proyecto de digitalizaci\u00f3n del Patrimonio Bibliogr\u00e1fico de la Universidad de La Laguna<\/a>.\u00a0<em>Cartas Diferentes<\/em>, 2010, n\u00ba 6, p. 131-136.<\/p>\n<hr \/>\n<p>FERN\u00c1NDEZ PALOMEQUE, Paz y MORALES AYALA, M\u00aa Luisa. Tesoros para el esp\u00edritu: el Patrimonio Bibliogr\u00e1fico de la Universidad de La Laguna. En\u00a0<em>Enigmas y tesoros en Canarias<\/em>. [Santa Cruz de Tenerife] : Herques, 2014.<\/p>\n<hr \/>\n<p>GONZ\u00c1LEZ ANT\u00d3N, Javier.\u00a0<em>La biblioteca universitaria de La Laguna: historia, organizaci\u00f3n y colecciones<\/em>.\u00a0La Laguna: Universidad de La Laguna, Servicio de Publicaciones, 2000.<\/p>\n<hr \/>\n<p>GONZ\u00c1LEZ ANT\u00d3N, Javier.\u00a0<a href=\"\/Users\/Usuario\/Downloads\/Dialnet-LaNuevaBibliotecaGeneralYDeHumanidadesDeLaUniversi-50873.pdf\" target=\"_blank\" rel=\"noopener\" target=\"_blank\" rel=\"noopener\">La nueva Biblioteca General y de Humanidades de La Universidad de La Laguna.\u00a0<\/a><em>Bolet\u00edn de ANABAD<\/em><i>,\u00a0<\/i>1994, t. 44, n\u00ba 1, p. 107-122.<\/p>\n<hr \/>\n<p>GONZ\u00c1LEZ ANT\u00d3N, Javier.\u00a0<a href=\"http:\/\/www.bbtk.ull.es\/Private\/folder\/institucional\/bbtk\/ftp\/Informacion\/documentacion\/ResHistorica.pdf\" target=\"_blank\" rel=\"noopener\" target=\"_blank\" rel=\"noopener\">El servicio de Bibliotecas y Documentaci\u00f3n de la Universidad de La Laguna<\/a>.\u00a0<em>Bolet\u00edn de ANABAD,<\/em>\u00a01996, t. 46, n\u00ba 3-4, p. 283-292.<\/p>\n<hr \/>\n<p>MART\u00cdNEZ, Marcos G.\u00a0<em><a href=\"http:\/\/www.bbtk.ull.es\/Private\/folder\/institucional\/bbtk\/ftp\/Informacion\/documentacion\/Marcos.pdf\" target=\"_blank\" rel=\"noopener\" target=\"_blank\" rel=\"noopener\">La Biblioteca de la Universidad de La Laguna<\/a><\/em>. Tenerife: Cabildo Insular, Aula de Cultura, 1969.<\/p>\n<hr \/>\n<p>Universidad de La Laguna. Biblioteca.\u00a0<em>La Biblioteca de la Universidad de La Laguna<\/em>[V\u00eddeo]. La Laguna: Universidad, cop. 2000.[\/vc_column_text][\/vc_column][vc_column width=\u00bb1\/3&#8243;][\/vc_column][\/vc_row]<\/p>\n","protected":false},"excerpt":{"rendered":"<p>[vc_row][vc_column][vc_empty_space][vc_single_image image=\u00bb791&#8243; img_size=\u00bbfull\u00bb onclick=\u00bbcustom_link\u00bb link=\u00bbhttps:\/\/www.ull.es\/eventos\/fondo-antiguo\u00bb][vc_empty_space height=\u00bb64px\u00bb][vc_raw_html]JTNDaDElMjBjbGFzcyUzRCUyMnRpdHVsby1wYWdpbmElMjIlM0VCaWJsaW9ncmFmJUMzJUFEYSUyMHNvYnJlJTIwbGElMjBjb2xlY2NpJUMzJUIzbiUzQyUyRmgxJTNF[\/vc_raw_html][vc_empty_space][\/vc_column][\/vc_row][vc_row][vc_column width=\u00bb2\/3&#8243;][vc_column_text]FERN\u00c1NDEZ PALOMEQUE, Paz y MORALES AYALA, M\u00aa Luisa. El Fondo Antiguo de la Biblioteca Universitaria de La Laguna.\u00a0Canales de Comunicaci\u00f3n: Revista de la Asociaci\u00f3n de Antiguos Alumnos y Amigos de la Universidad de La Laguna, 2004, n\u00ba 2. FERN\u00c1NDEZ PALOMEQUE, Paz y MORALES AYALA, M\u00aa Luisa.\u00a0Los incunables y los&#8230;<\/p>\n","protected":false},"author":8,"featured_media":0,"parent":0,"menu_order":0,"comment_status":"closed","ping_status":"closed","template":"templates\/template-no-title.php","meta":{"footnotes":""},"class_list":["post-95","page","type-page","status-publish","hentry"],"_links":{"self":[{"href":"https:\/\/www.ull.es\/eventos\/fondo-antiguo\/wp-json\/wp\/v2\/pages\/95"}],"collection":[{"href":"https:\/\/www.ull.es\/eventos\/fondo-antiguo\/wp-json\/wp\/v2\/pages"}],"about":[{"href":"https:\/\/www.ull.es\/eventos\/fondo-antiguo\/wp-json\/wp\/v2\/types\/page"}],"author":[{"embeddable":true,"href":"https:\/\/www.ull.es\/eventos\/fondo-antiguo\/wp-json\/wp\/v2\/users\/8"}],"replies":[{"embeddable":true,"href":"https:\/\/www.ull.es\/eventos\/fondo-antiguo\/wp-json\/wp\/v2\/comments?post=95"}],"version-history":[{"count":8,"href":"https:\/\/www.ull.es\/eventos\/fondo-antiguo\/wp-json\/wp\/v2\/pages\/95\/revisions"}],"predecessor-version":[{"id":797,"href":"https:\/\/www.ull.es\/eventos\/fondo-antiguo\/wp-json\/wp\/v2\/pages\/95\/revisions\/797"}],"wp:attachment":[{"href":"https:\/\/www.ull.es\/eventos\/fondo-antiguo\/wp-json\/wp\/v2\/media?parent=95"}],"curies":[{"name":"wp","href":"https:\/\/api.w.org\/{rel}","templated":true}]}}