{"id":61,"date":"2023-09-28T11:36:33","date_gmt":"2023-09-28T11:36:33","guid":{"rendered":"https:\/\/www.ull.es\/eventos\/fondo-transicion-democratica\/?page_id=61"},"modified":"2025-02-07T08:17:26","modified_gmt":"2025-02-07T08:17:26","slug":"horario-localizacion-y-consulta","status":"publish","type":"page","link":"https:\/\/www.ull.es\/eventos\/fondo-transicion-democratica\/horario-localizacion-y-consulta\/","title":{"rendered":"Acceso y contacto"},"content":{"rendered":"<p>[vc_row el_class=\u00bbcabecera\u00bb][vc_column width=\u00bb1\/4&#8243;][vc_empty_space height=\u00bb48px\u00bb][vc_single_image image=\u00bb26&#8243; img_size=\u00bbfull\u00bb el_class=\u00bblogo-atdc\u00bb][vc_empty_space height=\u00bb72px\u00bb][\/vc_column][vc_column width=\u00bb3\/4&#8243;][\/vc_column][\/vc_row][vc_row][vc_column width=\u00bb1\/4&#8243;][vc_separator][vc_empty_space][\/vc_column][vc_column width=\u00bb3\/4&#8243;][vc_row_inner equal_height=\u00bbyes\u00bb][vc_column_inner][vc_separator][vc_empty_space][vc_column_text]<\/p>\n<h2><b>HORARIO, LOCALIZACI\u00d3N Y CONSULTA<\/b><\/h2>\n<p>El Archivo se localiza en\u00a0 la planta 1\u00aa de la Biblioteca General y de Humanidades del Campus de Guajara. El horario es de lunes a viernes de 9.00 a 14.00 horas. El ATDC dispone de servicio y condiciones de consulta especiales.<\/p>\n<p>El\/la investigador\/a, antes de iniciar su trabajo, deber\u00e1 cumplimentar <a href=\"https:\/\/docs.google.com\/forms\/d\/e\/1FAIpQLSf8qYJPjUNA0eKDw1DGRymQCPIX5tABMDWlGJefJWRx3fgLzg\/viewform\" target=\"_blank\" rel=\"noopener\" target=\"_blank\" rel=\"noopener\">un formulario<\/a> en el que haga constar, adem\u00e1s de sus datos personales, el objeto y la materia de investigaci\u00f3n.<\/p>\n<p>El\/la investigador\/a rellenar\u00e1 <a href=\"https:\/\/docs.google.com\/forms\/d\/e\/1FAIpQLSevEeg9sXed_eBU9Qtq0vajN9ERzcUhC_y2JJddHrHxII5DGg\/viewform\" target=\"_blank\" rel=\"noopener\" target=\"_blank\" rel=\"noopener\">una solicitud<\/a> indicando la documentaci\u00f3n que desea consultar.<br \/>\nLas reproducciones se solicitar\u00e1n cumplimentando <a href=\"https:\/\/docs.google.com\/forms\/d\/e\/1FAIpQLSdRWh-vZOn8WqQ9WDyR8IvoMZYOGJyCp8FdX64OS0hm9gMJaQ\/viewform\" target=\"_blank\" rel=\"noopener\" target=\"_blank\" rel=\"noopener\">el formulario<\/a>\u00a0 de reproducciones de obras de Fondo Antiguo y colecciones especiales, en el que se manifiesta el uso que va a darles, de acuerdo siempre con las leyes de derechos de autor vigentes.<\/p>\n<p>Asimismo, se permite la reproducci\u00f3n directa y gratuita por el usuario de determinados tipos de obras con la autorizaci\u00f3n previa del personal bibliotecario, mediante dispositivos m\u00f3viles. Para ello, el investigador cumplimentar\u00e1 el formulario de reproducciones de obras de Fondo Antiguo y colecciones especiales.<\/p>\n<p>En general, no se autorizar\u00e1 la consulta de los originales cuyo texto completo pueda ser consultado en formato digital.<\/p>\n<p>&nbsp;<\/p>\n<h2>CONTACTO<\/h2>\n<p><strong>Sonia Noem\u00ed Le\u00f3n Ad\u00e1n<\/strong><br \/>\nTel. 922 316502 &#8211; Ext. 6938<\/p>\n<p><strong>Paqui Rivero Cabeza<br \/>\n<\/strong>Tel. 922 317 838<br \/>\nCorreo electr\u00f3nico: atdc@ull.edu.es<\/p>\n<p>Universidad de La Laguna<br \/>\nBiblioteca General y de Humanidades<br \/>\nCamino de la Hornera, s\/n<br \/>\n38200 La Laguna[\/vc_column_text][\/vc_column_inner][\/vc_row_inner][vc_row_inner equal_height=\u00bbyes\u00bb][vc_column_inner][vc_separator][\/vc_column_inner][\/vc_row_inner][vc_row_inner disable_element=\u00bbyes\u00bb][vc_column_inner][vc_basic_grid post_type=\u00bblistado-legados\u00bb max_items=\u00bb-1&#8243; item=\u00bb9140&#8243; grid_id=\u00bbvc_gid:1738916149921-00b978b6-c21b-3&#8243;][\/vc_column_inner][\/vc_row_inner][\/vc_column][\/vc_row]<\/p>\n","protected":false},"excerpt":{"rendered":"<p>[vc_row el_class=\u00bbcabecera\u00bb][vc_column width=\u00bb1\/4&#8243;][vc_empty_space height=\u00bb48px\u00bb][vc_single_image image=\u00bb26&#8243; img_size=\u00bbfull\u00bb el_class=\u00bblogo-atdc\u00bb][vc_empty_space height=\u00bb72px\u00bb][\/vc_column][vc_column width=\u00bb3\/4&#8243;][\/vc_column][\/vc_row][vc_row][vc_column width=\u00bb1\/4&#8243;][vc_separator][vc_empty_space][\/vc_column][vc_column width=\u00bb3\/4&#8243;][vc_row_inner equal_height=\u00bbyes\u00bb][vc_column_inner][vc_separator][vc_empty_space][vc_column_text] HORARIO, LOCALIZACI\u00d3N Y CONSULTA El Archivo se localiza en\u00a0 la planta 1\u00aa de la Biblioteca General y de Humanidades del Campus de Guajara. El horario es de lunes a viernes de 9.00 a 14.00 horas. El ATDC dispone de servicio y condiciones de&#8230;<\/p>\n","protected":false},"author":14,"featured_media":0,"parent":0,"menu_order":0,"comment_status":"closed","ping_status":"closed","template":"","meta":{"footnotes":""},"class_list":["post-61","page","type-page","status-publish","hentry"],"_links":{"self":[{"href":"https:\/\/www.ull.es\/eventos\/fondo-transicion-democratica\/wp-json\/wp\/v2\/pages\/61"}],"collection":[{"href":"https:\/\/www.ull.es\/eventos\/fondo-transicion-democratica\/wp-json\/wp\/v2\/pages"}],"about":[{"href":"https:\/\/www.ull.es\/eventos\/fondo-transicion-democratica\/wp-json\/wp\/v2\/types\/page"}],"author":[{"embeddable":true,"href":"https:\/\/www.ull.es\/eventos\/fondo-transicion-democratica\/wp-json\/wp\/v2\/users\/14"}],"replies":[{"embeddable":true,"href":"https:\/\/www.ull.es\/eventos\/fondo-transicion-democratica\/wp-json\/wp\/v2\/comments?post=61"}],"version-history":[{"count":12,"href":"https:\/\/www.ull.es\/eventos\/fondo-transicion-democratica\/wp-json\/wp\/v2\/pages\/61\/revisions"}],"predecessor-version":[{"id":220,"href":"https:\/\/www.ull.es\/eventos\/fondo-transicion-democratica\/wp-json\/wp\/v2\/pages\/61\/revisions\/220"}],"wp:attachment":[{"href":"https:\/\/www.ull.es\/eventos\/fondo-transicion-democratica\/wp-json\/wp\/v2\/media?parent=61"}],"curies":[{"name":"wp","href":"https:\/\/api.w.org\/{rel}","templated":true}]}}