{"id":60,"date":"2018-10-16T11:27:28","date_gmt":"2018-10-16T11:27:28","guid":{"rendered":"http:\/\/bbtk.exposicion.ull.es\/frankenstein200\/?page_id=60"},"modified":"2019-06-12T13:44:46","modified_gmt":"2019-06-12T11:44:46","slug":"frankenstein-o-el-moderno-prometeo","status":"publish","type":"page","link":"https:\/\/www.ull.es\/eventos\/frankenstein200\/frankenstein-o-el-moderno-prometeo\/","title":{"rendered":"Frankenstein o el Moderno Prometeo"},"content":{"rendered":"[vc_row full_width=\u00bbstretch_row_content_no_spaces\u00bb][vc_column][vc_masonry_media_grid gap=\u00bb0&#8243; item=\u00bbmediaGrid_ScaleInWithIcon\u00bb grid_id=\u00bbvc_gid:1560339648726-d378e8f3-060c-1&#8243; include=\u00bb352,338,340&#8243;][\/vc_column][\/vc_row][vc_row][vc_column width=\u00bb1\/6&#8243;][\/vc_column][vc_column width=\u00bb2\/3&#8243;][vc_column_text]\r\n<h1>Frankenstein o el Moderno Prometeo<\/h1>\r\n[\/vc_column_text][\/vc_column][vc_column width=\u00bb1\/6&#8243;][\/vc_column][\/vc_row][vc_row][vc_column width=\u00bb1\/6&#8243;][\/vc_column][vc_column width=\u00bb2\/3&#8243;][vc_column_text]\r\n\r\n<em>Frankenstein o el Moderno Prometeo<\/em> hundi\u00f3 sus principales ra\u00edces tanto en el esp\u00edritu del Romanticismo como en la biograf\u00eda particular de su autora. En una \u00e9poca en la que se sublimaban las emociones y la subjetividad, Mary Shelley proyect\u00f3 en esta novela parte de su joven pero intensa y dram\u00e1tica vida, as\u00ed como algunas de sus preocupaciones. Pero fueron muchas otras las fuentes culturales de esta obra, como la alusi\u00f3n mitol\u00f3gica de su t\u00edtulo que hac\u00eda referencia al tit\u00e1n griego que posibilit\u00f3 el origen del ser humano. Otra determinante influencia consisti\u00f3 en la tradici\u00f3n de la novela g\u00f3tica y su intenci\u00f3n de emocionar a trav\u00e9s de lo grotesco y lo terror\u00edfico. Por su parte, la filosof\u00eda dominante en el momento interpretaba la naturaleza como un gran organismo dominado por fuerzas irracionales que pod\u00edan ser percibidas desde la intuici\u00f3n y la est\u00e9tica. Mientras, la ciencia emergente, deudora de la alquimia, introduc\u00eda espectaculares avances sobre vitalismo, bioelectricidad o creaci\u00f3n de la vida.\r\n\r\nEl nacimiento de este relato fue objeto de varias ediciones, entre las que destacaron la primera, an\u00f3nima, de 1818 y la de 1831 firmada por su autora y con una justificaci\u00f3n tanto art\u00edstica como cient\u00edfica. Los at\u00f3nitos lectores empezaban su lectura, en formato epistolar, con la acomodada y feliz infancia de V\u00edctor Frankenstein. Su vida transcurr\u00eda entre la devoci\u00f3n que sent\u00eda por su familia, la pasi\u00f3n hacia su amada y su profundo inter\u00e9s por la historia natural. En una segunda parte se narraba el proceso de formaci\u00f3n del cient\u00edfico, su obsesivo anhelo por dominar a la muerte y la creaci\u00f3n de su criatura. Esta, inmediatamente rechazada, comenzaba dolorosamente a desarrollar su propio aprendizaje y ciclo vital. A partir de ese momento toda la dicha del protagonista se tornaba en drama y tragedia. Se suced\u00edan entonces los momentos l\u00fagubres y de terror, abundaban el sufrimiento, la venganza y la muerte. Todo se deb\u00eda tanto al ser artificial como a la total incapacidad de su hacedor para asumir las consecuencias de sus actos.\r\n\r\nEsta narraci\u00f3n ha sido interpretada desde incontables disciplinas, \u00e9pocas y perspectivas. Desde la historia se ha explicado, dado el momento en el que surgi\u00f3, como una representaci\u00f3n tanto de la fracasada Revoluci\u00f3n Francesa como de la nueva Revoluci\u00f3n Industrial. La psicolog\u00eda ha visto en este relato un s\u00edmbolo de la personalidad, los traumas y las preocupaciones de su autora. Desde la filosof\u00eda se ha tratado a <em>Frankenstein<\/em> como representaci\u00f3n de las tensiones que pudieran surgir entre ciencia y \u00e9tica. Diferentes medios est\u00e9ticos han utilizado sus personajes, tramas y temas como inspiraci\u00f3n de muy diversas obras de arte. En relaci\u00f3n con todo ello, a esta novela tambi\u00e9n se la ha considerado creadora del g\u00e9nero de ciencia ficci\u00f3n. En este se part\u00eda de los conocimientos cient\u00edficos como inspiraci\u00f3n con el fin de cuestionar y especular sobre sus posibles repercusiones. Problem\u00e1tica que ha llegado hasta la actualidad en los complejos debates sobre ingenier\u00eda gen\u00e9tica, inform\u00e1tica o mejoramiento de la humanidad.\r\n\r\n[\/vc_column_text][\/vc_column][vc_column width=\u00bb1\/6&#8243;][\/vc_column][\/vc_row]","protected":false},"excerpt":{"rendered":"<p>[vc_row full_width=\u00bbstretch_row_content_no_spaces\u00bb][vc_column][vc_masonry_media_grid gap=\u00bb0&#8243; item=\u00bbmediaGrid_ScaleInWithIcon\u00bb grid_id=\u00bbvc_gid:1560339648726-d378e8f3-060c-1&#8243; include=\u00bb352,338,340&#8243;][\/vc_column][\/vc_row][vc_row][vc_column width=\u00bb1\/6&#8243;][\/vc_column][vc_column width=\u00bb2\/3&#8243;][vc_column_text] Frankenstein o el Moderno Prometeo [\/vc_column_text][\/vc_column][vc_column width=\u00bb1\/6&#8243;][\/vc_column][\/vc_row][vc_row][vc_column width=\u00bb1\/6&#8243;][\/vc_column][vc_column width=\u00bb2\/3&#8243;][vc_column_text] Frankenstein o el Moderno Prometeo hundi\u00f3 sus principales ra\u00edces tanto en el esp\u00edritu del Romanticismo como en la biograf\u00eda particular de su autora. En una \u00e9poca en la que se sublimaban las emociones y la subjetividad, Mary Shelley&#8230;<\/p>\n","protected":false},"author":14,"featured_media":338,"parent":0,"menu_order":0,"comment_status":"closed","ping_status":"closed","template":"","meta":{"footnotes":""},"class_list":["post-60","page","type-page","status-publish","has-post-thumbnail","hentry"],"_links":{"self":[{"href":"https:\/\/www.ull.es\/eventos\/frankenstein200\/wp-json\/wp\/v2\/pages\/60"}],"collection":[{"href":"https:\/\/www.ull.es\/eventos\/frankenstein200\/wp-json\/wp\/v2\/pages"}],"about":[{"href":"https:\/\/www.ull.es\/eventos\/frankenstein200\/wp-json\/wp\/v2\/types\/page"}],"author":[{"embeddable":true,"href":"https:\/\/www.ull.es\/eventos\/frankenstein200\/wp-json\/wp\/v2\/users\/14"}],"replies":[{"embeddable":true,"href":"https:\/\/www.ull.es\/eventos\/frankenstein200\/wp-json\/wp\/v2\/comments?post=60"}],"version-history":[{"count":23,"href":"https:\/\/www.ull.es\/eventos\/frankenstein200\/wp-json\/wp\/v2\/pages\/60\/revisions"}],"predecessor-version":[{"id":488,"href":"https:\/\/www.ull.es\/eventos\/frankenstein200\/wp-json\/wp\/v2\/pages\/60\/revisions\/488"}],"wp:featuredmedia":[{"embeddable":true,"href":"https:\/\/www.ull.es\/eventos\/frankenstein200\/wp-json\/wp\/v2\/media\/338"}],"wp:attachment":[{"href":"https:\/\/www.ull.es\/eventos\/frankenstein200\/wp-json\/wp\/v2\/media?parent=60"}],"curies":[{"name":"wp","href":"https:\/\/api.w.org\/{rel}","templated":true}]}}

[vc_row full_width=»stretch_row_content_no_spaces»][vc_column][vc_masonry_media_grid gap=»0&#8243; item=»mediaGrid_ScaleInWithIcon» grid_id=»vc_gid:1560339648726-d378e8f3-060c-1&#8243; include=»352,338,340&#8243;][/vc_column][/vc_row][vc_row][vc_column width=»1/6&#8243;][/vc_column][vc_column width=»2/3&#8243;][vc_column_text]
<h1>Frankenstein o el Moderno Prometeo</h1>
[/vc_column_text][/vc_column][vc_column width=»1/6&#8243;][/vc_column][/vc_row][vc_row][vc_column width=»1/6&#8243;][/vc_column][vc_column width=»2/3&#8243;][vc_column_text]

<em>Frankenstein o el Moderno Prometeo</em> hundió sus principales raíces tanto en el espíritu del Romanticismo como en la biografía particular de su autora. En una época en la que se sublimaban las emociones y la subjetividad, Mary Shelley proyectó en esta novela parte de su joven pero intensa y dramática vida, así como algunas de sus preocupaciones. Pero fueron muchas otras las fuentes culturales de esta obra, como la alusión mitológica de su título que hacía referencia al titán griego que posibilitó el origen del ser humano. Otra determinante influencia consistió en la tradición de la novela gótica y su intención de emocionar a través de lo grotesco y lo terrorífico. Por su parte, la filosofía dominante en el momento interpretaba la naturaleza como un gran organismo dominado por fuerzas irracionales que podían ser percibidas desde la intuición y la estética. Mientras, la ciencia emergente, deudora de la alquimia, introducía espectaculares avances sobre vitalismo, bioelectricidad o creación de la vida.

El nacimiento de este relato fue objeto de varias ediciones, entre las que destacaron la primera, anónima, de 1818 y la de 1831 firmada por su autora y con una justificación tanto artística como científica. Los atónitos lectores empezaban su lectura, en formato epistolar, con la acomodada y feliz infancia de Víctor Frankenstein. Su vida transcurría entre la devoción que sentía por su familia, la pasión hacia su amada y su profundo interés por la historia natural. En una segunda parte se narraba el proceso de formación del científico, su obsesivo anhelo por dominar a la muerte y la creación de su criatura. Esta, inmediatamente rechazada, comenzaba dolorosamente a desarrollar su propio aprendizaje y ciclo vital. A partir de ese momento toda la dicha del protagonista se tornaba en drama y tragedia. Se sucedían entonces los momentos lúgubres y de terror, abundaban el sufrimiento, la venganza y la muerte. Todo se debía tanto al ser artificial como a la total incapacidad de su hacedor para asumir las consecuencias de sus actos.

Esta narración ha sido interpretada desde incontables disciplinas, épocas y perspectivas. Desde la historia se ha explicado, dado el momento en el que surgió, como una representación tanto de la fracasada Revolución Francesa como de la nueva Revolución Industrial. La psicología ha visto en este relato un símbolo de la personalidad, los traumas y las preocupaciones de su autora. Desde la filosofía se ha tratado a <em>Frankenstein</em> como representación de las tensiones que pudieran surgir entre ciencia y ética. Diferentes medios estéticos han utilizado sus personajes, tramas y temas como inspiración de muy diversas obras de arte. En relación con todo ello, a esta novela también se la ha considerado creadora del género de ciencia ficción. En este se partía de los conocimientos científicos como inspiración con el fin de cuestionar y especular sobre sus posibles repercusiones. Problemática que ha llegado hasta la actualidad en los complejos debates sobre ingeniería genética, informática o mejoramiento de la humanidad.

[/vc_column_text][/vc_column][vc_column width=»1/6&#8243;][/vc_column][/vc_row]

<p>[vc_row full_width=»stretch_row_content_no_spaces»][vc_column][vc_masonry_media_grid gap=»0&#8243; item=»mediaGrid_ScaleInWithIcon» grid_id=»vc_gid:1560339648726-d378e8f3-060c-1&#8243; include=»352,338,340&#8243;][/vc_column][/vc_row][vc_row][vc_column width=»1/6&#8243;][/vc_column][vc_column width=»2/3&#8243;][vc_column_text] Frankenstein o el Moderno Prometeo [/vc_column_text][/vc_column][vc_column width=»1/6&#8243;][/vc_column][/vc_row][vc_row][vc_column width=»1/6&#8243;][/vc_column][vc_column width=»2/3&#8243;][vc_column_text] Frankenstein o el Moderno Prometeo hundió sus principales raíces tanto en el espíritu del Romanticismo como en la biografía particular de su autora. En una época en la que se sublimaban las emociones y la subjetividad, Mary Shelley&#8230;</p>
