{"id":2161,"date":"2025-09-16T11:44:22","date_gmt":"2025-09-16T11:44:22","guid":{"rendered":"https:\/\/www.ull.es\/eventos\/genealogia-en-canarias\/?page_id=2161"},"modified":"2025-10-13T08:08:58","modified_gmt":"2025-10-13T08:08:58","slug":"genealogia-de-familias-canarias","status":"publish","type":"page","link":"https:\/\/www.ull.es\/eventos\/genealogia-en-canarias\/genealogia-de-familias-canarias\/","title":{"rendered":"Genealog\u00eda de familias canarias"},"content":{"rendered":"<p>[vc_row gap=\u00bb35&#8243; equal_height=\u00bbyes\u00bb content_placement=\u00bbbottom\u00bb css=\u00bb.vc_custom_1758108799538{background-position: center !important;background-repeat: no-repeat !important;background-size: contain !important;}\u00bb][vc_column width=\u00bb1\/3&#8243;][vc_single_image image=\u00bb2260&#8243; img_size=\u00bbfull\u00bb alignment=\u00bbright\u00bb][\/vc_column][vc_column width=\u00bb2\/3&#8243;][\/vc_column][\/vc_row][vc_row gap=\u00bb35&#8243; content_placement=\u00bbtop\u00bb css=\u00bb.vc_custom_1727692820016{padding-right: 90px !important;padding-left: 90px !important;background-color: #ffffff !important;}\u00bb][vc_column width=\u00bb1\/3&#8243;][vc_separator color=\u00bbcustom\u00bb accent_color=\u00bb#8e8e8e\u00bb][vc_custom_heading source=\u00bbpost_title\u00bb font_container=\u00bbtag:h1|font_size:1.8em|text_align:left|color:%23000000|line_height:100%25&#8243; google_fonts=\u00bbfont_family:Roboto%3A100%2C100italic%2C300%2C300italic%2Cregular%2Citalic%2C500%2C500italic%2C700%2C700italic%2C900%2C900italic|font_style:300%20light%20regular%3A300%3Anormal\u00bb][\/vc_column][vc_column width=\u00bb2\/3&#8243;][vc_separator color=\u00bbcustom\u00bb accent_color=\u00bb#8e8e8e\u00bb][vc_column_text]Los estudios geneal\u00f3gicos de familias canarias en los siglos XIX y XX representan la variedad de archivos personales y fondos documentales de la Biblioteca de la Universidad de Laguna.<\/p>\n<p>Como el \u00e1rbol geneal\u00f3gico manuscrito de \u00c1lvarez Rixo de la descendencia de Juan Fern\u00e1ndez de Chaves con Margarita Yanes, con escudo de armas de la Familia Chaves, en el que aparecen cinco llaves de oro en campo de gules, puestas en sotuer con los ojos hacia abajo, y bordura de gules con ocho aspas de oro. Remata un yelmo simple de acero pulido, de perfil y cerrado, y la cimera representa un le\u00f3n naciente con plumas de avestruz. El escudo est\u00e1 coloreado, recortado y pegado sobre la hoja.<\/p>\n<p>Tambi\u00e9n se quieren resaltar un curioso manuscrito, <em>Noticia hist\u00f3rica y geneal\u00f3gica de los primeros Sres. de las Canarias, formada sobre las que dejaron escritas el Lcdo. Dn. Juan N\u00fanez de la Pe\u00f1a<\/em> (1878) y la <em>Relaci\u00f3n formada por Rosendo Garc\u00eda-Ramos, que contiene noticia hist\u00f3rica y geneal\u00f3gica de los primeros se\u00f1ores de las Islas Canarias, sobre las que dejaron escritas el licenciado Juan N\u00fa\u00f1ez de la Pe\u00f1a y Jos\u00e9 de Viera y Clavijo, y ampliada por Francisco Montes de Oca Garc\u00eda (1878-1928)<\/em>, perteneciente al Archivo Personal de este \u00faltimo.<\/p>\n<p>[\/vc_column_text][vc_separator color=\u00bbcustom\u00bb accent_color=\u00bb#8e8e8e\u00bb][vc_empty_space][vc_gallery type=\u00bbflexslider_slide\u00bb interval=\u00bb0&#8243; images=\u00bb2091,2092,2097,2100,2162,2163,2164,2165&#8243; img_size=\u00bbfull\u00bb][vc_empty_space][vc_column_text]<strong>Imagen 1<br \/>\n<\/strong>\u00c1LVAREZ RIXO, J. A. <em>\u00c1rbol geneal\u00f3gico de la descendencia de Juan Fern\u00e1ndez de Chaves con Margarita Yanes: 1490<\/em> [Manuscrito].[Puerto de la Cruz, 18&#8211;?]<\/p>\n<hr \/>\n<p><strong>Imagen 2<\/strong><br \/>\nPERAZA DE AYALA Y VALLABRIGA, J. <em>Historia de las casas de Machado y Monteverde en las Islas Canarias<\/em>. Madrid: Talleres tipogr\u00e1ficos de Espasa-Calpe, 1930.<\/p>\n<hr \/>\n<p><strong>Imagen 3<\/strong><br \/>\n<em>Genealog\u00eda de la familia noble de Porlier de la qual una rama se halla establecida en Par\u00eds, y la otra en Espa\u00f1a: formada sobre las executorias, papeles y documentos autenticos que en ella se citan<\/em>. Madrid: en la Imprenta de Andres Ramirez, 1779.<\/p>\n<hr \/>\n<p><strong>Imagen 4a<\/strong><br \/>\n<em>Traicte de la navigation et des voyages de descouverte &amp; conqueste modernes &amp; principalement des fran\u00e7ois; avec une exacte et particuliere description de toutes les Isles Canaries, les preuues du temps de la conqueste d&#8217;icelles &amp; la genealogie des Bethencourts &amp; Braquemons. Le tout recuilly de divers autheurs, observations, titres et enseignements<\/em>. A Paris: Ches Iean de Hevqueville&#8230; et Michel Soly&#8230;, 1629.<\/p>\n<hr \/>\n<p><strong>Imagen 4b<\/strong><br \/>\nGenealogie de Bethencourt en: <em>Traicte de la navigation et des voyages de descouverte &amp; conqueste modernes &amp; principalement des fran\u00e7ois; avec une exacte et particuliere description de toutes les Isles Canaries, les preuues du temps de la conqueste d&#8217;icelles &amp; la genealogie des Bethencourts &amp; Braquemons. Le tout recuilly de divers autheurs, observations, titres et enseignements.<\/em> A Paris: Ches Iean de Hevqueville&#8230; et Michel Soly&#8230;, 1629.<\/p>\n<hr \/>\n<p><strong>Imagen 5<\/strong><br \/>\n<em>Relaci\u00f3n formada por Rosendo Garc\u00eda-Ramos, que contiene noticia hist\u00f3rica y geneal\u00f3gica de los primeros se\u00f1ores de las Islas Canarias, sobre las que dejaron escritas el licenciado Juan N\u00fa\u00f1ez de la Pe\u00f1a y Jos\u00e9 de Viera y Clavijo, y ampliada por Francisco Montes de Oca Garc\u00eda.<\/em> [Manuscrito]. 1878.<\/p>\n<hr \/>\n<p><strong>Imagen 6<\/strong><br \/>\nDARIAS PADR\u00d3N, D. V. <em>Noticias geneal\u00f3gicas sobre la familia Espinosa de Ayala se\u00f1ores que fueron de la s\u00e9ptima parte de las islas de Gomera y Hierro\u2026<\/em> La Laguna de Tenerife: [s.n.], 1924. (Imp.de Narciso de Vera).<\/p>\n<hr \/>\n<p><strong>Imagen 7<\/strong><br \/>\nLASSO DE LA VEGA Y L\u00d3PEZ DE TEJADA, M. <em>Historia geneal\u00f3gica de la casa de Tabares<\/em>. Madrid: Est. Tipogr\u00e1fico Sucesores de Rivadeneyra, 1917.[\/vc_column_text][vc_separator color=\u00bbcustom\u00bb accent_color=\u00bb#8e8e8e\u00bb][vc_empty_space][\/vc_column][\/vc_row][vc_row gap=\u00bb30&#8243; css=\u00bb.vc_custom_1727697933407{padding-right: 90px !important;padding-left: 90px !important;background-color: #ffffff !important;}\u00bb][vc_column width=\u00bb1\/3&#8243;][vc_separator color=\u00bbcustom\u00bb accent_color=\u00bb#8e8e8e\u00bb][\/vc_column][vc_column width=\u00bb2\/3&#8243;][vc_separator color=\u00bbcustom\u00bb accent_color=\u00bb#8e8e8e\u00bb][vc_row_inner][vc_column_inner][vc_single_image image=\u00bb2009&#8243;][\/vc_column_inner][\/vc_row_inner][vc_row_inner][vc_column_inner width=\u00bb1\/3&#8243;][vc_single_image image=\u00bb1332&#8243; alignment=\u00bbcenter\u00bb onclick=\u00bbcustom_link\u00bb img_link_target=\u00bb_blank\u00bb link=\u00bbhttps:\/\/www.museosdetenerife.org\/mha-museo-de-historia-y-antropologia\/museo\/presentacion\/\u00bb][\/vc_column_inner][vc_column_inner width=\u00bb1\/3&#8243;][vc_single_image image=\u00bb1320&#8243; alignment=\u00bbcenter\u00bb onclick=\u00bbcustom_link\u00bb img_link_target=\u00bb_blank\u00bb link=\u00bbhttps:\/\/www.casadelamiel.org\/es\u00bb][\/vc_column_inner][vc_column_inner width=\u00bb1\/3&#8243;][vc_single_image image=\u00bb1344&#8243; alignment=\u00bbcenter\u00bb onclick=\u00bbcustom_link\u00bb img_link_target=\u00bb_blank\u00bb link=\u00bbhttp:\/\/gastronomiatlantica.com\/\u00bb][\/vc_column_inner][\/vc_row_inner][\/vc_column][\/vc_row]<\/p>\n","protected":false},"excerpt":{"rendered":"<p>[vc_row gap=\u00bb35&#8243; equal_height=\u00bbyes\u00bb content_placement=\u00bbbottom\u00bb css=\u00bb.vc_custom_1758108799538{background-position: center !important;background-repeat: no-repeat !important;background-size: contain !important;}\u00bb][vc_column width=\u00bb1\/3&#8243;][vc_single_image image=\u00bb2260&#8243; img_size=\u00bbfull\u00bb alignment=\u00bbright\u00bb][\/vc_column][vc_column width=\u00bb2\/3&#8243;][\/vc_column][\/vc_row][vc_row gap=\u00bb35&#8243; content_placement=\u00bbtop\u00bb css=\u00bb.vc_custom_1727692820016{padding-right: 90px !important;padding-left: 90px !important;background-color: #ffffff !important;}\u00bb][vc_column width=\u00bb1\/3&#8243;][vc_separator color=\u00bbcustom\u00bb accent_color=\u00bb#8e8e8e\u00bb][vc_custom_heading source=\u00bbpost_title\u00bb font_container=\u00bbtag:h1|font_size:1.8em|text_align:left|color:%23000000|line_height:100%25&#8243; google_fonts=\u00bbfont_family:Roboto%3A100%2C100italic%2C300%2C300italic%2Cregular%2Citalic%2C500%2C500italic%2C700%2C700italic%2C900%2C900italic|font_style:300%20light%20regular%3A300%3Anormal\u00bb][\/vc_column][vc_column width=\u00bb2\/3&#8243;][vc_separator color=\u00bbcustom\u00bb accent_color=\u00bb#8e8e8e\u00bb][vc_column_text]Los estudios geneal\u00f3gicos de familias canarias en los siglos XIX y XX representan la variedad de archivos personales y fondos documentales de&#8230;<\/p>\n","protected":false},"author":14,"featured_media":0,"parent":0,"menu_order":0,"comment_status":"closed","ping_status":"closed","template":"templates\/template-no-title.php","meta":{"footnotes":""},"class_list":["post-2161","page","type-page","status-publish","hentry"],"_links":{"self":[{"href":"https:\/\/www.ull.es\/eventos\/genealogia-en-canarias\/wp-json\/wp\/v2\/pages\/2161"}],"collection":[{"href":"https:\/\/www.ull.es\/eventos\/genealogia-en-canarias\/wp-json\/wp\/v2\/pages"}],"about":[{"href":"https:\/\/www.ull.es\/eventos\/genealogia-en-canarias\/wp-json\/wp\/v2\/types\/page"}],"author":[{"embeddable":true,"href":"https:\/\/www.ull.es\/eventos\/genealogia-en-canarias\/wp-json\/wp\/v2\/users\/14"}],"replies":[{"embeddable":true,"href":"https:\/\/www.ull.es\/eventos\/genealogia-en-canarias\/wp-json\/wp\/v2\/comments?post=2161"}],"version-history":[{"count":4,"href":"https:\/\/www.ull.es\/eventos\/genealogia-en-canarias\/wp-json\/wp\/v2\/pages\/2161\/revisions"}],"predecessor-version":[{"id":2375,"href":"https:\/\/www.ull.es\/eventos\/genealogia-en-canarias\/wp-json\/wp\/v2\/pages\/2161\/revisions\/2375"}],"wp:attachment":[{"href":"https:\/\/www.ull.es\/eventos\/genealogia-en-canarias\/wp-json\/wp\/v2\/media?parent=2161"}],"curies":[{"name":"wp","href":"https:\/\/api.w.org\/{rel}","templated":true}]}}